Back to Long Tests report for BioC 3.22

This page was generated on 2025-10-11 23:55 -0400 (Sat, 11 Oct 2025).

HostnameOSArch (*)R versionInstalled pkgs
nebbiolo2Linux (Ubuntu 24.04.3 LTS)x86_644.5.1 Patched (2025-08-23 r88802) -- "Great Square Root" 4864
lconwaymacOS 12.7.1 Montereyx86_644.5.1 Patched (2025-09-10 r88807) -- "Great Square Root" 4652
Click on any hostname to see more info about the system (e.g. compilers)      (*) as reported by 'uname -p', except on Windows and Mac OS X

Package 6/30HostnameOS / ArchCHECK
biodbHmdb 1.15.1  (landing page)
Pierrick Roger
Snapshot Date: 2025-10-11 09:55 -0400 (Sat, 11 Oct 2025)
git_url: https://git.bioconductor.org/packages/biodbHmdb
git_branch: devel
git_last_commit: fa89c02
git_last_commit_date: 2025-07-24 10:45:35 -0400 (Thu, 24 Jul 2025)
nebbiolo2Linux (Ubuntu 24.04.3 LTS) / x86_64  ERROR  
lconwaymacOS 12.7.1 Monterey / x86_64  ERROR  


CHECK results for biodbHmdb on nebbiolo2

To the developers/maintainers of the biodbHmdb package:
- Use the following Renviron settings to reproduce errors and warnings.
- If 'R CMD check' started to fail recently on the Linux builder(s) over a missing dependency, add the missing dependency to 'Suggests:' in your DESCRIPTION file. See Renviron.bioc for more information.

raw results


Summary

Package: biodbHmdb
Version: 1.15.1
Command: /home/biocbuild/bbs-3.22-bioc/R/bin/R CMD check --test-dir=longtests --no-stop-on-test-error --no-codoc --no-examples --no-manual --ignore-vignettes --check-subdirs=no biodbHmdb_1.15.1.tar.gz
StartedAt: 2025-10-11 16:01:08 -0400 (Sat, 11 Oct 2025)
EndedAt: 2025-10-11 16:02:16 -0400 (Sat, 11 Oct 2025)
EllapsedTime: 68.0 seconds
RetCode: 1
Status:   ERROR  
CheckDir: biodbHmdb.Rcheck
Warnings: NA

Tests output

biodbHmdb.Rcheck/tests/testthat.Rout.fail


R version 4.5.1 Patched (2025-08-23 r88802) -- "Great Square Root"
Copyright (C) 2025 The R Foundation for Statistical Computing
Platform: x86_64-pc-linux-gnu

R is free software and comes with ABSOLUTELY NO WARRANTY.
You are welcome to redistribute it under certain conditions.
Type 'license()' or 'licence()' for distribution details.

R is a collaborative project with many contributors.
Type 'contributors()' for more information and
'citation()' on how to cite R or R packages in publications.

Type 'demo()' for some demos, 'help()' for on-line help, or
'help.start()' for an HTML browser interface to help.
Type 'q()' to quit R.

> # Script needed to run testthat automatically from ‘R CMD check’. See
> # testthat::test_dir documentation.
> library(testthat)
> library(biodbHmdb)
Warning message:
In fun(libname, pkgname) :
  Package 'biodbHmdb' is deprecated and will be removed from Bioconductor
  version 3.23
> Sys.setenv(TESTTHAT_REPORTER="summary")
> Sys.setenv(BIODB_LOG_DST="console")
> test_check("biodbHmdb")
biodb.INFO [2025-10-11 16:02:12.127][biodb::testContext]
biodb.INFO [2025-10-11 16:02:12.129][biodb::testContext] ********************************************************************************
biodb.INFO [2025-10-11 16:02:12.130][biodb::testContext] Test context - Generic long tests
biodb.INFO [2025-10-11 16:02:12.131][biodb::testContext] ********************************************************************************
biodb.INFO [2025-10-11 16:02:12.132][biodb::testContext]
biodb.INFO [2025-10-11 16:02:12.138][private$loadBiodbPkgsDefinitions] Loading definitions from package biodb version 1.17.2.
biodb.DEBUG[2025-10-11 16:02:12.140][self$loadDefinitions] Load definitions from file "/home/biocbuild/bbs-3.22-bioc/R/site-library/biodb/definitions.yml".
biodb.DEBUG[2025-10-11 16:02:12.147][notifyObservers] Notify observers for notifyNewObservers.
biodb.DEBUG[2025-10-11 16:02:12.148][self$getConfig()$define] Define config key allow.huge.downloads.
biodb.DEBUG[2025-10-11 16:02:12.149][self$set] Set key allow.huge.downloads to TRUE.
biodb.DEBUG[2025-10-11 16:02:12.149][notifyObservers] Notify observers for notifyCfgUpdate.
biodb.DEBUG[2025-10-11 16:02:12.150][FUN] Trying to call function notifyCfgUpdate on observer BiodbConfig.
biodb.DEBUG[2025-10-11 16:02:12.151][FUN] Functions in observer BiodbConfig: [21]: ".__enclos_env__, clone, terminate, notifyNewObservers, define, getAssocEnvVar, listKeys, print, disable, enable, reset, set, get, isEnabled, isDefined, hasKey, getDefaultValue, getDescription, getTitle, getKeys, initialize".
biodb.DEBUG[2025-10-11 16:02:12.152][self$getConfig()$define] Define config key autoload.extra.pkgs.
biodb.DEBUG[2025-10-11 16:02:12.170][self$set] Set key autoload.extra.pkgs to TRUE.
biodb.DEBUG[2025-10-11 16:02:12.171][notifyObservers] Notify observers for notifyCfgUpdate.
biodb.DEBUG[2025-10-11 16:02:12.172][FUN] Trying to call function notifyCfgUpdate on observer BiodbConfig.
biodb.DEBUG[2025-10-11 16:02:12.173][FUN] Functions in observer BiodbConfig: [21]: ".__enclos_env__, clone, terminate, notifyNewObservers, define, getAssocEnvVar, listKeys, print, disable, enable, reset, set, get, isEnabled, isDefined, hasKey, getDefaultValue, getDescription, getTitle, getKeys, initialize".
biodb.DEBUG[2025-10-11 16:02:12.173][self$getConfig()$define] Define config key cache.all.requests.
biodb.DEBUG[2025-10-11 16:02:12.174][self$set] Set key cache.all.requests to TRUE.
biodb.DEBUG[2025-10-11 16:02:12.175][notifyObservers] Notify observers for notifyCfgUpdate.
biodb.DEBUG[2025-10-11 16:02:12.176][FUN] Trying to call function notifyCfgUpdate on observer BiodbConfig.
biodb.DEBUG[2025-10-11 16:02:12.186][FUN] Functions in observer BiodbConfig: [21]: ".__enclos_env__, clone, terminate, notifyNewObservers, define, getAssocEnvVar, listKeys, print, disable, enable, reset, set, get, isEnabled, isDefined, hasKey, getDefaultValue, getDescription, getTitle, getKeys, initialize".
biodb.DEBUG[2025-10-11 16:02:12.187][self$getConfig()$define] Define config key cache.directory.
biodb.DEBUG[2025-10-11 16:02:12.188][self$getConfig()$define] Define config key cache.read.only.
biodb.DEBUG[2025-10-11 16:02:12.189][self$set] Set key cache.read.only to FALSE.
biodb.DEBUG[2025-10-11 16:02:12.189][notifyObservers] Notify observers for notifyCfgUpdate.
biodb.DEBUG[2025-10-11 16:02:12.190][FUN] Trying to call function notifyCfgUpdate on observer BiodbConfig.
biodb.DEBUG[2025-10-11 16:02:12.191][FUN] Functions in observer BiodbConfig: [21]: ".__enclos_env__, clone, terminate, notifyNewObservers, define, getAssocEnvVar, listKeys, print, disable, enable, reset, set, get, isEnabled, isDefined, hasKey, getDefaultValue, getDescription, getTitle, getKeys, initialize".
biodb.DEBUG[2025-10-11 16:02:12.192][self$getConfig()$define] Define config key cache.subfolders.
biodb.DEBUG[2025-10-11 16:02:12.193][self$getConfig()$define] Define config key cache.system.
biodb.DEBUG[2025-10-11 16:02:12.194][self$set] Set key cache.system to TRUE.
biodb.DEBUG[2025-10-11 16:02:12.195][notifyObservers] Notify observers for notifyCfgUpdate.
biodb.DEBUG[2025-10-11 16:02:12.196][FUN] Trying to call function notifyCfgUpdate on observer BiodbConfig.
biodb.DEBUG[2025-10-11 16:02:12.197][FUN] Functions in observer BiodbConfig: [21]: ".__enclos_env__, clone, terminate, notifyNewObservers, define, getAssocEnvVar, listKeys, print, disable, enable, reset, set, get, isEnabled, isDefined, hasKey, getDefaultValue, getDescription, getTitle, getKeys, initialize".
biodb.DEBUG[2025-10-11 16:02:12.197][self$getConfig()$define] Define config key use.cache.for.local.db.
biodb.DEBUG[2025-10-11 16:02:12.198][self$set] Set key use.cache.for.local.db to FALSE.
biodb.DEBUG[2025-10-11 16:02:12.199][notifyObservers] Notify observers for notifyCfgUpdate.
biodb.DEBUG[2025-10-11 16:02:12.200][FUN] Trying to call function notifyCfgUpdate on observer BiodbConfig.
biodb.DEBUG[2025-10-11 16:02:12.201][FUN] Functions in observer BiodbConfig: [21]: ".__enclos_env__, clone, terminate, notifyNewObservers, define, getAssocEnvVar, listKeys, print, disable, enable, reset, set, get, isEnabled, isDefined, hasKey, getDefaultValue, getDescription, getTitle, getKeys, initialize".
biodb.DEBUG[2025-10-11 16:02:12.202][self$getConfig()$define] Define config key dwnld.chunk.size.
biodb.DEBUG[2025-10-11 16:02:12.203][self$getConfig()$define] Define config key dwnld.timeout.
biodb.DEBUG[2025-10-11 16:02:12.204][self$set] Set key dwnld.timeout to 3600.
biodb.DEBUG[2025-10-11 16:02:12.205][notifyObservers] Notify observers for notifyCfgUpdate.
biodb.DEBUG[2025-10-11 16:02:12.206][FUN] Trying to call function notifyCfgUpdate on observer BiodbConfig.
biodb.DEBUG[2025-10-11 16:02:12.207][FUN] Functions in observer BiodbConfig: [21]: ".__enclos_env__, clone, terminate, notifyNewObservers, define, getAssocEnvVar, listKeys, print, disable, enable, reset, set, get, isEnabled, isDefined, hasKey, getDefaultValue, getDescription, getTitle, getKeys, initialize".
biodb.DEBUG[2025-10-11 16:02:12.207][self$getConfig()$define] Define config key compute.fields.
biodb.DEBUG[2025-10-11 16:02:12.208][self$set] Set key compute.fields to TRUE.
biodb.DEBUG[2025-10-11 16:02:12.209][notifyObservers] Notify observers for notifyCfgUpdate.
biodb.DEBUG[2025-10-11 16:02:12.210][FUN] Trying to call function notifyCfgUpdate on observer BiodbConfig.
biodb.DEBUG[2025-10-11 16:02:12.211][FUN] Functions in observer BiodbConfig: [21]: ".__enclos_env__, clone, terminate, notifyNewObservers, define, getAssocEnvVar, listKeys, print, disable, enable, reset, set, get, isEnabled, isDefined, hasKey, getDefaultValue, getDescription, getTitle, getKeys, initialize".
biodb.DEBUG[2025-10-11 16:02:12.212][self$getConfig()$define] Define config key factory.cache.
biodb.DEBUG[2025-10-11 16:02:12.213][self$getConfig()$define] Define config key force.locale.
biodb.DEBUG[2025-10-11 16:02:12.214][self$set] Set key force.locale to TRUE.
biodb.DEBUG[2025-10-11 16:02:12.215][notifyObservers] Notify observers for notifyCfgUpdate.
biodb.DEBUG[2025-10-11 16:02:12.216][FUN] Trying to call function notifyCfgUpdate on observer BiodbConfig.
biodb.DEBUG[2025-10-11 16:02:12.216][FUN] Functions in observer BiodbConfig: [21]: ".__enclos_env__, clone, terminate, notifyNewObservers, define, getAssocEnvVar, listKeys, print, disable, enable, reset, set, get, isEnabled, isDefined, hasKey, getDefaultValue, getDescription, getTitle, getKeys, initialize".
biodb.DEBUG[2025-10-11 16:02:12.217][self$getConfig()$define] Define config key longterm.cache.subfolder.
biodb.DEBUG[2025-10-11 16:02:12.218][self$getConfig()$define] Define config key msg.caution.lvl.
biodb.DEBUG[2025-10-11 16:02:12.219][self$getConfig()$define] Define config key msg.debug.lvl.
biodb.DEBUG[2025-10-11 16:02:12.220][self$getConfig()$define] Define config key msg.info.lvl.
biodb.DEBUG[2025-10-11 16:02:12.221][self$getConfig()$define] Define config key multival.field.sep.
biodb.DEBUG[2025-10-11 16:02:12.222][self$set] Set key multival.field.sep to ";".
biodb.DEBUG[2025-10-11 16:02:12.223][notifyObservers] Notify observers for notifyCfgUpdate.
biodb.DEBUG[2025-10-11 16:02:12.224][FUN] Trying to call function notifyCfgUpdate on observer BiodbConfig.
biodb.DEBUG[2025-10-11 16:02:12.225][FUN] Functions in observer BiodbConfig: [21]: ".__enclos_env__, clone, terminate, notifyNewObservers, define, getAssocEnvVar, listKeys, print, disable, enable, reset, set, get, isEnabled, isDefined, hasKey, getDefaultValue, getDescription, getTitle, getKeys, initialize".
biodb.DEBUG[2025-10-11 16:02:12.226][self$getConfig()$define] Define config key intra.field.name.sep.
biodb.DEBUG[2025-10-11 16:02:12.227][self$set] Set key intra.field.name.sep to ".".
biodb.DEBUG[2025-10-11 16:02:12.227][notifyObservers] Notify observers for notifyCfgUpdate.
biodb.DEBUG[2025-10-11 16:02:12.228][FUN] Trying to call function notifyCfgUpdate on observer BiodbConfig.
biodb.DEBUG[2025-10-11 16:02:12.229][FUN] Functions in observer BiodbConfig: [21]: ".__enclos_env__, clone, terminate, notifyNewObservers, define, getAssocEnvVar, listKeys, print, disable, enable, reset, set, get, isEnabled, isDefined, hasKey, getDefaultValue, getDescription, getTitle, getKeys, initialize".
biodb.DEBUG[2025-10-11 16:02:12.230][self$getConfig()$define] Define config key entries.sep.
biodb.DEBUG[2025-10-11 16:02:12.231][self$set] Set key entries.sep to "|".
biodb.DEBUG[2025-10-11 16:02:12.232][notifyObservers] Notify observers for notifyCfgUpdate.
biodb.DEBUG[2025-10-11 16:02:12.233][FUN] Trying to call function notifyCfgUpdate on observer BiodbConfig.
biodb.DEBUG[2025-10-11 16:02:12.234][FUN] Functions in observer BiodbConfig: [21]: ".__enclos_env__, clone, terminate, notifyNewObservers, define, getAssocEnvVar, listKeys, print, disable, enable, reset, set, get, isEnabled, isDefined, hasKey, getDefaultValue, getDescription, getTitle, getKeys, initialize".
biodb.DEBUG[2025-10-11 16:02:12.235][self$getConfig()$define] Define config key offline.
biodb.DEBUG[2025-10-11 16:02:12.236][self$set] Set key offline to FALSE.
biodb.DEBUG[2025-10-11 16:02:12.236][notifyObservers] Notify observers for notifyCfgUpdate.
biodb.DEBUG[2025-10-11 16:02:12.237][FUN] Trying to call function notifyCfgUpdate on observer BiodbConfig.
biodb.DEBUG[2025-10-11 16:02:12.238][FUN] Functions in observer BiodbConfig: [21]: ".__enclos_env__, clone, terminate, notifyNewObservers, define, getAssocEnvVar, listKeys, print, disable, enable, reset, set, get, isEnabled, isDefined, hasKey, getDefaultValue, getDescription, getTitle, getKeys, initialize".
biodb.DEBUG[2025-10-11 16:02:12.239][self$getConfig()$define] Define config key persistent.cache.impl.
biodb.DEBUG[2025-10-11 16:02:12.240][self$getConfig()$define] Define config key proton.mass.
biodb.DEBUG[2025-10-11 16:02:12.241][self$set] Set key proton.mass to 1.0072765.
biodb.DEBUG[2025-10-11 16:02:12.242][notifyObservers] Notify observers for notifyCfgUpdate.
biodb.DEBUG[2025-10-11 16:02:12.243][FUN] Trying to call function notifyCfgUpdate on observer BiodbConfig.
biodb.DEBUG[2025-10-11 16:02:12.243][FUN] Functions in observer BiodbConfig: [21]: ".__enclos_env__, clone, terminate, notifyNewObservers, define, getAssocEnvVar, listKeys, print, disable, enable, reset, set, get, isEnabled, isDefined, hasKey, getDefaultValue, getDescription, getTitle, getKeys, initialize".
biodb.DEBUG[2025-10-11 16:02:12.244][self$getConfig()$define] Define config key shortterm.cache.subfolder.
biodb.DEBUG[2025-10-11 16:02:12.245][self$getConfig()$define] Define config key svn.binary.path.
biodb.DEBUG[2025-10-11 16:02:12.250][self$set] Set key svn.binary.path to "".
biodb.DEBUG[2025-10-11 16:02:12.251][notifyObservers] Notify observers for notifyCfgUpdate.
biodb.DEBUG[2025-10-11 16:02:12.252][FUN] Trying to call function notifyCfgUpdate on observer BiodbConfig.
biodb.DEBUG[2025-10-11 16:02:12.253][FUN] Functions in observer BiodbConfig: [21]: ".__enclos_env__, clone, terminate, notifyNewObservers, define, getAssocEnvVar, listKeys, print, disable, enable, reset, set, get, isEnabled, isDefined, hasKey, getDefaultValue, getDescription, getTitle, getKeys, initialize".
biodb.DEBUG[2025-10-11 16:02:12.253][self$getConfig()$define] Define config key test.functions.
biodb.DEBUG[2025-10-11 16:02:12.254][self$getConfig()$define] Define config key useragent.
biodb.DEBUG[2025-10-11 16:02:12.255][self$set] Set key useragent to "R Bioconductor biodb library.".
biodb.DEBUG[2025-10-11 16:02:12.256][notifyObservers] Notify observers for notifyCfgUpdate.
biodb.DEBUG[2025-10-11 16:02:12.257][FUN] Trying to call function notifyCfgUpdate on observer BiodbConfig.
biodb.DEBUG[2025-10-11 16:02:12.258][FUN] Functions in observer BiodbConfig: [21]: ".__enclos_env__, clone, terminate, notifyNewObservers, define, getAssocEnvVar, listKeys, print, disable, enable, reset, set, get, isEnabled, isDefined, hasKey, getDefaultValue, getDescription, getTitle, getKeys, initialize".
biodb.DEBUG[2025-10-11 16:02:12.261][self$getDbsInfo()$define] Define connector comp.csv.file.
biodb.DEBUG[2025-10-11 16:02:12.293][self$setPropertyValue] Setting property "compound.db" to "TRUE".
biodb.DEBUG[2025-10-11 16:02:12.308][self$setPropertyValue] Setting property "description" to "A connector to handle a compound database stored inside a CSV file. It is possible to choose the separator for the CSV file, as well as match the column names with the biodb entry fields.".
biodb.DEBUG[2025-10-11 16:02:12.309][self$setPropertyValue] Setting property "disabled" to "FALSE".
biodb.DEBUG[2025-10-11 16:02:12.310][self$setPropertyValue] Setting property "disabling.reason" to "".
biodb.DEBUG[2025-10-11 16:02:12.311][self$setPropertyValue] Setting property "downloadable" to "FALSE".
biodb.DEBUG[2025-10-11 16:02:12.312][self$setPropertyValue] Setting property "dwnld.ext" to "NA".
biodb.DEBUG[2025-10-11 16:02:12.313][self$setPropertyValue] Setting property "editable" to "TRUE".
biodb.DEBUG[2025-10-11 16:02:12.314][self$setPropertyValue] Setting property "entry.content.encoding" to "NA".
biodb.DEBUG[2025-10-11 16:02:12.315][self$setPropertyValue] Setting property "entry.content.type" to "tsv".
biodb.DEBUG[2025-10-11 16:02:12.316][self$setPropertyValue] Setting property "matching.fields" to "c("peak.mztheo", "peak.mzexp")".
biodb.DEBUG[2025-10-11 16:02:12.317][self$setPropertyValue] Setting property "mass.db" to "FALSE".
biodb.DEBUG[2025-10-11 16:02:12.318][self$setPropertyValue] Setting property "name" to "Compound CSV File".
biodb.DEBUG[2025-10-11 16:02:12.319][self$setPropertyValue] Setting property "package" to "biodb".
biodb.DEBUG[2025-10-11 16:02:12.320][self$setPropertyValue] Setting property "parsing.expr" to "<NULL>".
biodb.DEBUG[2025-10-11 16:02:12.321][self$setPropertyValue] Setting property "remote" to "FALSE".
biodb.DEBUG[2025-10-11 16:02:12.322][self$setPropertyValue] Setting property "searchable.fields" to "name".
biodb.DEBUG[2025-10-11 16:02:12.322][self$setPropertyValue] Setting property "searchable.fields" to "monoisotopic.mass".
biodb.DEBUG[2025-10-11 16:02:12.322][self$setPropertyValue] Setting property "searchable.fields" to "molecular.mass".
biodb.DEBUG[2025-10-11 16:02:12.322][self$setPropertyValue] Setting property "searchable.fields" to "average.mass".
biodb.DEBUG[2025-10-11 16:02:12.322][self$setPropertyValue] Setting property "searchable.fields" to "nominal.mass".
biodb.DEBUG[2025-10-11 16:02:12.323][self$setPropertyValue] Setting property "scheduler.n" to "1".
biodb.DEBUG[2025-10-11 16:02:12.324][self$setPropertyValue] Notifying observers about frequency change.
biodb.DEBUG[2025-10-11 16:02:12.325][notifyObservers] Notify observers for notifyConnSchedulerFrequencyUpdated.
biodb.DEBUG[2025-10-11 16:02:12.326][self$setPropertyValue] Setting property "scheduler.t" to "1".
biodb.DEBUG[2025-10-11 16:02:12.327][self$setPropertyValue] Notifying observers about frequency change.
biodb.DEBUG[2025-10-11 16:02:12.328][notifyObservers] Notify observers for notifyConnSchedulerFrequencyUpdated.
biodb.DEBUG[2025-10-11 16:02:12.328][self$setPropertyValue] Setting property "token" to "NA".
biodb.DEBUG[2025-10-11 16:02:12.329][self$setPropertyValue] Setting property "urls" to "<NULL>".
biodb.DEBUG[2025-10-11 16:02:12.330][self$setPropertyValue] Notifying observers about URLs change.
biodb.DEBUG[2025-10-11 16:02:12.331][notifyObservers] Notify observers for notifyConnUrlsUpdated.
biodb.DEBUG[2025-10-11 16:02:12.332][self$setPropertyValue] Setting property "writable" to "TRUE".
biodb.DEBUG[2025-10-11 16:02:12.333][self$setPropertyValue] Setting property "xml.ns" to "<NULL>".
biodb.DEBUG[2025-10-11 16:02:12.334][self$getDbsInfo()$define] Define connector comp.sqlite.
biodb.DEBUG[2025-10-11 16:02:12.336][self$setPropertyValue] Setting property "compound.db" to "TRUE".
biodb.DEBUG[2025-10-11 16:02:12.337][self$setPropertyValue] Setting property "description" to "A connector to handle a compound database stored inside an SQLite file.".
biodb.DEBUG[2025-10-11 16:02:12.338][self$setPropertyValue] Setting property "disabled" to "FALSE".
biodb.DEBUG[2025-10-11 16:02:12.339][self$setPropertyValue] Setting property "disabling.reason" to "".
biodb.DEBUG[2025-10-11 16:02:12.340][self$setPropertyValue] Setting property "downloadable" to "FALSE".
biodb.DEBUG[2025-10-11 16:02:12.341][self$setPropertyValue] Setting property "dwnld.ext" to "NA".
biodb.DEBUG[2025-10-11 16:02:12.346][self$setPropertyValue] Setting property "editable" to "TRUE".
biodb.DEBUG[2025-10-11 16:02:12.347][self$setPropertyValue] Setting property "entry.content.encoding" to "NA".
biodb.DEBUG[2025-10-11 16:02:12.348][self$setPropertyValue] Setting property "entry.content.type" to "list".
biodb.DEBUG[2025-10-11 16:02:12.349][self$setPropertyValue] Setting property "matching.fields" to "c("peak.mztheo", "peak.mzexp")".
biodb.DEBUG[2025-10-11 16:02:12.350][self$setPropertyValue] Setting property "mass.db" to "FALSE".
biodb.DEBUG[2025-10-11 16:02:12.351][self$setPropertyValue] Setting property "name" to "Compound SQLite".
biodb.DEBUG[2025-10-11 16:02:12.352][self$setPropertyValue] Setting property "package" to "biodb".
biodb.DEBUG[2025-10-11 16:02:12.353][self$setPropertyValue] Setting property "parsing.expr" to "<NULL>".
biodb.DEBUG[2025-10-11 16:02:12.354][self$setPropertyValue] Setting property "remote" to "FALSE".
biodb.DEBUG[2025-10-11 16:02:12.355][self$setPropertyValue] Setting property "searchable.fields" to "name".
biodb.DEBUG[2025-10-11 16:02:12.355][self$setPropertyValue] Setting property "searchable.fields" to "monoisotopic.mass".
biodb.DEBUG[2025-10-11 16:02:12.355][self$setPropertyValue] Setting property "searchable.fields" to "molecular.mass".
biodb.DEBUG[2025-10-11 16:02:12.355][self$setPropertyValue] Setting property "searchable.fields" to "average.mass".
biodb.DEBUG[2025-10-11 16:02:12.355][self$setPropertyValue] Setting property "searchable.fields" to "nominal.mass".
biodb.DEBUG[2025-10-11 16:02:12.356][self$setPropertyValue] Setting property "scheduler.n" to "1".
biodb.DEBUG[2025-10-11 16:02:12.357][self$setPropertyValue] Notifying observers about frequency change.
biodb.DEBUG[2025-10-11 16:02:12.358][notifyObservers] Notify observers for notifyConnSchedulerFrequencyUpdated.
biodb.DEBUG[2025-10-11 16:02:12.358][self$setPropertyValue] Setting property "scheduler.t" to "1".
biodb.DEBUG[2025-10-11 16:02:12.359][self$setPropertyValue] Notifying observers about frequency change.
biodb.DEBUG[2025-10-11 16:02:12.360][notifyObservers] Notify observers for notifyConnSchedulerFrequencyUpdated.
biodb.DEBUG[2025-10-11 16:02:12.361][self$setPropertyValue] Setting property "token" to "NA".
biodb.DEBUG[2025-10-11 16:02:12.362][self$setPropertyValue] Setting property "urls" to "<NULL>".
biodb.DEBUG[2025-10-11 16:02:12.363][self$setPropertyValue] Notifying observers about URLs change.
biodb.DEBUG[2025-10-11 16:02:12.364][notifyObservers] Notify observers for notifyConnUrlsUpdated.
biodb.DEBUG[2025-10-11 16:02:12.365][self$setPropertyValue] Setting property "writable" to "TRUE".
biodb.DEBUG[2025-10-11 16:02:12.366][self$setPropertyValue] Setting property "xml.ns" to "<NULL>".
biodb.DEBUG[2025-10-11 16:02:12.367][self$getDbsInfo()$define] Define connector mass.csv.file.
biodb.DEBUG[2025-10-11 16:02:12.369][self$setPropertyValue] Setting property "compound.db" to "FALSE".
biodb.DEBUG[2025-10-11 16:02:12.370][self$setPropertyValue] Setting property "description" to "A connector to handle a mass spectra database stored inside a CSV file. It is possible to choose the separator for the CSV file, as well as match the column names with the biodb entry fields..".
biodb.DEBUG[2025-10-11 16:02:12.371][self$setPropertyValue] Setting property "disabled" to "FALSE".
biodb.DEBUG[2025-10-11 16:02:12.372][self$setPropertyValue] Setting property "disabling.reason" to "".
biodb.DEBUG[2025-10-11 16:02:12.373][self$setPropertyValue] Setting property "downloadable" to "FALSE".
biodb.DEBUG[2025-10-11 16:02:12.374][self$setPropertyValue] Setting property "dwnld.ext" to "NA".
biodb.DEBUG[2025-10-11 16:02:12.375][self$setPropertyValue] Setting property "editable" to "TRUE".
biodb.DEBUG[2025-10-11 16:02:12.376][self$setPropertyValue] Setting property "entry.content.encoding" to "NA".
biodb.DEBUG[2025-10-11 16:02:12.377][self$setPropertyValue] Setting property "entry.content.type" to "tsv".
biodb.DEBUG[2025-10-11 16:02:12.377][self$setPropertyValue] Setting property "matching.fields" to "c("peak.mztheo", "peak.mzexp")".
biodb.DEBUG[2025-10-11 16:02:12.378][self$setPropertyValue] Setting property "mass.db" to "TRUE".
biodb.DEBUG[2025-10-11 16:02:12.379][self$setPropertyValue] Setting property "name" to "Mass spectra CSV File".
biodb.DEBUG[2025-10-11 16:02:12.380][self$setPropertyValue] Setting property "package" to "biodb".
biodb.DEBUG[2025-10-11 16:02:12.381][self$setPropertyValue] Setting property "parsing.expr" to "<NULL>".
biodb.DEBUG[2025-10-11 16:02:12.382][self$setPropertyValue] Setting property "remote" to "FALSE".
biodb.DEBUG[2025-10-11 16:02:12.383][self$setPropertyValue] Setting property "searchable.fields" to "<NULL>".
biodb.DEBUG[2025-10-11 16:02:12.384][self$setPropertyValue] Setting property "scheduler.n" to "1".
biodb.DEBUG[2025-10-11 16:02:12.385][self$setPropertyValue] Notifying observers about frequency change.
biodb.DEBUG[2025-10-11 16:02:12.386][notifyObservers] Notify observers for notifyConnSchedulerFrequencyUpdated.
biodb.DEBUG[2025-10-11 16:02:12.387][self$setPropertyValue] Setting property "scheduler.t" to "1".
biodb.DEBUG[2025-10-11 16:02:12.388][self$setPropertyValue] Notifying observers about frequency change.
biodb.DEBUG[2025-10-11 16:02:12.389][notifyObservers] Notify observers for notifyConnSchedulerFrequencyUpdated.
biodb.DEBUG[2025-10-11 16:02:12.390][self$setPropertyValue] Setting property "token" to "NA".
biodb.DEBUG[2025-10-11 16:02:12.391][self$setPropertyValue] Setting property "urls" to "<NULL>".
biodb.DEBUG[2025-10-11 16:02:12.392][self$setPropertyValue] Notifying observers about URLs change.
biodb.DEBUG[2025-10-11 16:02:12.392][notifyObservers] Notify observers for notifyConnUrlsUpdated.
biodb.DEBUG[2025-10-11 16:02:12.393][self$setPropertyValue] Setting property "writable" to "TRUE".
biodb.DEBUG[2025-10-11 16:02:12.394][self$setPropertyValue] Setting property "xml.ns" to "<NULL>".
biodb.DEBUG[2025-10-11 16:02:12.395][self$getDbsInfo()$define] Define connector mass.sqlite.
biodb.DEBUG[2025-10-11 16:02:12.397][self$setPropertyValue] Setting property "compound.db" to "FALSE".
biodb.DEBUG[2025-10-11 16:02:12.398][self$setPropertyValue] Setting property "description" to "A connector to handle a mass spectra database stored inside an SQLite file.".
biodb.DEBUG[2025-10-11 16:02:12.399][self$setPropertyValue] Setting property "disabled" to "FALSE".
biodb.DEBUG[2025-10-11 16:02:12.400][self$setPropertyValue] Setting property "disabling.reason" to "".
biodb.DEBUG[2025-10-11 16:02:12.401][self$setPropertyValue] Setting property "downloadable" to "FALSE".
biodb.DEBUG[2025-10-11 16:02:12.402][self$setPropertyValue] Setting property "dwnld.ext" to "NA".
biodb.DEBUG[2025-10-11 16:02:12.403][self$setPropertyValue] Setting property "editable" to "TRUE".
biodb.DEBUG[2025-10-11 16:02:12.404][self$setPropertyValue] Setting property "entry.content.encoding" to "NA".
biodb.DEBUG[2025-10-11 16:02:12.405][self$setPropertyValue] Setting property "entry.content.type" to "list".
biodb.DEBUG[2025-10-11 16:02:12.406][self$setPropertyValue] Setting property "matching.fields" to "c("peak.mztheo", "peak.mzexp")".
biodb.DEBUG[2025-10-11 16:02:12.407][self$setPropertyValue] Setting property "mass.db" to "TRUE".
biodb.DEBUG[2025-10-11 16:02:12.408][self$setPropertyValue] Setting property "name" to "Mass spectra SQLite".
biodb.DEBUG[2025-10-11 16:02:12.409][self$setPropertyValue] Setting property "package" to "biodb".
biodb.DEBUG[2025-10-11 16:02:12.410][self$setPropertyValue] Setting property "parsing.expr" to "<NULL>".
biodb.DEBUG[2025-10-11 16:02:12.411][self$setPropertyValue] Setting property "remote" to "FALSE".
biodb.DEBUG[2025-10-11 16:02:12.412][self$setPropertyValue] Setting property "searchable.fields" to "<NULL>".
biodb.DEBUG[2025-10-11 16:02:12.412][self$setPropertyValue] Setting property "scheduler.n" to "1".
biodb.DEBUG[2025-10-11 16:02:12.413][self$setPropertyValue] Notifying observers about frequency change.
biodb.DEBUG[2025-10-11 16:02:12.414][notifyObservers] Notify observers for notifyConnSchedulerFrequencyUpdated.
biodb.DEBUG[2025-10-11 16:02:12.415][self$setPropertyValue] Setting property "scheduler.t" to "1".
biodb.DEBUG[2025-10-11 16:02:12.416][self$setPropertyValue] Notifying observers about frequency change.
biodb.DEBUG[2025-10-11 16:02:12.417][notifyObservers] Notify observers for notifyConnSchedulerFrequencyUpdated.
biodb.DEBUG[2025-10-11 16:02:12.418][self$setPropertyValue] Setting property "token" to "NA".
biodb.DEBUG[2025-10-11 16:02:12.419][self$setPropertyValue] Setting property "urls" to "<NULL>".
biodb.DEBUG[2025-10-11 16:02:12.420][self$setPropertyValue] Notifying observers about URLs change.
biodb.DEBUG[2025-10-11 16:02:12.421][notifyObservers] Notify observers for notifyConnUrlsUpdated.
biodb.DEBUG[2025-10-11 16:02:12.421][self$setPropertyValue] Setting property "writable" to "TRUE".
biodb.DEBUG[2025-10-11 16:02:12.422][self$setPropertyValue] Setting property "xml.ns" to "<NULL>".
biodb.DEBUG[2025-10-11 16:02:12.426][notifyObservers] Notify observers for notifyNewObservers.
biodb.DEBUG[2025-10-11 16:02:12.427][FUN] Trying to call function notifyNewObservers on observer BiodbConfig.
biodb.DEBUG[2025-10-11 16:02:12.428][FUN] Functions in observer BiodbConfig: [21]: ".__enclos_env__, clone, terminate, notifyNewObservers, define, getAssocEnvVar, listKeys, print, disable, enable, reset, set, get, isEnabled, isDefined, hasKey, getDefaultValue, getDescription, getTitle, getKeys, initialize".
biodb.DEBUG[2025-10-11 16:02:12.429][notifyObservers] Notify observers for notifyCfgUpdate.
biodb.DEBUG[2025-10-11 16:02:12.429][FUN] Trying to call function notifyCfgUpdate on observer BiodbEntryFields.
biodb.DEBUG[2025-10-11 16:02:12.430][FUN] Functions in observer BiodbEntryFields: [15]: ".__enclos_env__, clone, terminate, define, print, getDatabaseIdField, getFieldNames, get, getRealName, checkIsDefined, isDefined, formatName, isAlias, notifyCfgUpdate, initialize".
biodb.DEBUG[2025-10-11 16:02:12.431][FUN] Trying to call function notifyCfgUpdate on observer BiodbConfig.
biodb.DEBUG[2025-10-11 16:02:12.432][FUN] Functions in observer BiodbConfig: [21]: ".__enclos_env__, clone, terminate, notifyNewObservers, define, getAssocEnvVar, listKeys, print, disable, enable, reset, set, get, isEnabled, isDefined, hasKey, getDefaultValue, getDescription, getTitle, getKeys, initialize".
biodb.DEBUG[2025-10-11 16:02:12.433][notifyObservers] Notify observers for notifyCfgUpdate.
biodb.DEBUG[2025-10-11 16:02:12.434][FUN] Trying to call function notifyCfgUpdate on observer BiodbEntryFields.
biodb.DEBUG[2025-10-11 16:02:12.435][FUN] Functions in observer BiodbEntryFields: [15]: ".__enclos_env__, clone, terminate, define, print, getDatabaseIdField, getFieldNames, get, getRealName, checkIsDefined, isDefined, formatName, isAlias, notifyCfgUpdate, initialize".
biodb.DEBUG[2025-10-11 16:02:12.435][FUN] Trying to call function notifyCfgUpdate on observer BiodbConfig.
biodb.DEBUG[2025-10-11 16:02:12.436][FUN] Functions in observer BiodbConfig: [21]: ".__enclos_env__, clone, terminate, notifyNewObservers, define, getAssocEnvVar, listKeys, print, disable, enable, reset, set, get, isEnabled, isDefined, hasKey, getDefaultValue, getDescription, getTitle, getKeys, initialize".
biodb.DEBUG[2025-10-11 16:02:12.437][notifyObservers] Notify observers for notifyCfgUpdate.
biodb.DEBUG[2025-10-11 16:02:12.438][FUN] Trying to call function notifyCfgUpdate on observer BiodbEntryFields.
biodb.DEBUG[2025-10-11 16:02:12.439][FUN] Functions in observer BiodbEntryFields: [15]: ".__enclos_env__, clone, terminate, define, print, getDatabaseIdField, getFieldNames, get, getRealName, checkIsDefined, isDefined, formatName, isAlias, notifyCfgUpdate, initialize".
biodb.DEBUG[2025-10-11 16:02:12.440][FUN] Trying to call function notifyCfgUpdate on observer BiodbConfig.
biodb.DEBUG[2025-10-11 16:02:12.440][FUN] Functions in observer BiodbConfig: [21]: ".__enclos_env__, clone, terminate, notifyNewObservers, define, getAssocEnvVar, listKeys, print, disable, enable, reset, set, get, isEnabled, isDefined, hasKey, getDefaultValue, getDescription, getTitle, getKeys, initialize".
biodb.DEBUG[2025-10-11 16:02:12.441][notifyObservers] Notify observers for notifyCfgUpdate.
biodb.DEBUG[2025-10-11 16:02:12.442][FUN] Trying to call function notifyCfgUpdate on observer BiodbEntryFields.
biodb.DEBUG[2025-10-11 16:02:12.443][FUN] Functions in observer BiodbEntryFields: [15]: ".__enclos_env__, clone, terminate, define, print, getDatabaseIdField, getFieldNames, get, getRealName, checkIsDefined, isDefined, formatName, isAlias, notifyCfgUpdate, initialize".
biodb.DEBUG[2025-10-11 16:02:12.444][FUN] Trying to call function notifyCfgUpdate on observer BiodbConfig.
biodb.DEBUG[2025-10-11 16:02:12.445][FUN] Functions in observer BiodbConfig: [21]: ".__enclos_env__, clone, terminate, notifyNewObservers, define, getAssocEnvVar, listKeys, print, disable, enable, reset, set, get, isEnabled, isDefined, hasKey, getDefaultValue, getDescription, getTitle, getKeys, initialize".
biodb.DEBUG[2025-10-11 16:02:12.446][notifyObservers] Notify observers for notifyCfgUpdate.
biodb.DEBUG[2025-10-11 16:02:12.446][FUN] Trying to call function notifyCfgUpdate on observer BiodbEntryFields.
biodb.DEBUG[2025-10-11 16:02:12.447][FUN] Functions in observer BiodbEntryFields: [15]: ".__enclos_env__, clone, terminate, define, print, getDatabaseIdField, getFieldNames, get, getRealName, checkIsDefined, isDefined, formatName, isAlias, notifyCfgUpdate, initialize".
biodb.DEBUG[2025-10-11 16:02:12.448][FUN] Trying to call function notifyCfgUpdate on observer BiodbConfig.
biodb.DEBUG[2025-10-11 16:02:12.449][FUN] Functions in observer BiodbConfig: [21]: ".__enclos_env__, clone, terminate, notifyNewObservers, define, getAssocEnvVar, listKeys, print, disable, enable, reset, set, get, isEnabled, isDefined, hasKey, getDefaultValue, getDescription, getTitle, getKeys, initialize".
biodb.DEBUG[2025-10-11 16:02:12.450][notifyObservers] Notify observers for notifyCfgUpdate.
biodb.DEBUG[2025-10-11 16:02:12.451][FUN] Trying to call function notifyCfgUpdate on observer BiodbEntryFields.
biodb.DEBUG[2025-10-11 16:02:12.451][FUN] Functions in observer BiodbEntryFields: [15]: ".__enclos_env__, clone, terminate, define, print, getDatabaseIdField, getFieldNames, get, getRealName, checkIsDefined, isDefined, formatName, isAlias, notifyCfgUpdate, initialize".
biodb.DEBUG[2025-10-11 16:02:12.452][FUN] Trying to call function notifyCfgUpdate on observer BiodbConfig.
biodb.DEBUG[2025-10-11 16:02:12.453][FUN] Functions in observer BiodbConfig: [21]: ".__enclos_env__, clone, terminate, notifyNewObservers, define, getAssocEnvVar, listKeys, print, disable, enable, reset, set, get, isEnabled, isDefined, hasKey, getDefaultValue, getDescription, getTitle, getKeys, initialize".
biodb.DEBUG[2025-10-11 16:02:12.454][notifyObservers] Notify observers for notifyCfgUpdate.
biodb.DEBUG[2025-10-11 16:02:12.455][FUN] Trying to call function notifyCfgUpdate on observer BiodbEntryFields.
biodb.DEBUG[2025-10-11 16:02:12.456][FUN] Functions in observer BiodbEntryFields: [15]: ".__enclos_env__, clone, terminate, define, print, getDatabaseIdField, getFieldNames, get, getRealName, checkIsDefined, isDefined, formatName, isAlias, notifyCfgUpdate, initialize".
biodb.DEBUG[2025-10-11 16:02:12.456][FUN] Trying to call function notifyCfgUpdate on observer BiodbConfig.
biodb.DEBUG[2025-10-11 16:02:12.457][FUN] Functions in observer BiodbConfig: [21]: ".__enclos_env__, clone, terminate, notifyNewObservers, define, getAssocEnvVar, listKeys, print, disable, enable, reset, set, get, isEnabled, isDefined, hasKey, getDefaultValue, getDescription, getTitle, getKeys, initialize".
biodb.DEBUG[2025-10-11 16:02:12.458][notifyObservers] Notify observers for notifyCfgUpdate.
biodb.DEBUG[2025-10-11 16:02:12.459][FUN] Trying to call function notifyCfgUpdate on observer BiodbEntryFields.
biodb.DEBUG[2025-10-11 16:02:12.460][FUN] Functions in observer BiodbEntryFields: [15]: ".__enclos_env__, clone, terminate, define, print, getDatabaseIdField, getFieldNames, get, getRealName, checkIsDefined, isDefined, formatName, isAlias, notifyCfgUpdate, initialize".
biodb.DEBUG[2025-10-11 16:02:12.461][FUN] Trying to call function notifyCfgUpdate on observer BiodbConfig.
biodb.DEBUG[2025-10-11 16:02:12.462][FUN] Functions in observer BiodbConfig: [21]: ".__enclos_env__, clone, terminate, notifyNewObservers, define, getAssocEnvVar, listKeys, print, disable, enable, reset, set, get, isEnabled, isDefined, hasKey, getDefaultValue, getDescription, getTitle, getKeys, initialize".
biodb.DEBUG[2025-10-11 16:02:12.462][notifyObservers] Notify observers for notifyCfgUpdate.
biodb.DEBUG[2025-10-11 16:02:12.463][FUN] Trying to call function notifyCfgUpdate on observer BiodbEntryFields.
biodb.DEBUG[2025-10-11 16:02:12.464][FUN] Functions in observer BiodbEntryFields: [15]: ".__enclos_env__, clone, terminate, define, print, getDatabaseIdField, getFieldNames, get, getRealName, checkIsDefined, isDefined, formatName, isAlias, notifyCfgUpdate, initialize".
biodb.DEBUG[2025-10-11 16:02:12.465][FUN] Trying to call function notifyCfgUpdate on observer BiodbConfig.
biodb.DEBUG[2025-10-11 16:02:12.466][FUN] Functions in observer BiodbConfig: [21]: ".__enclos_env__, clone, terminate, notifyNewObservers, define, getAssocEnvVar, listKeys, print, disable, enable, reset, set, get, isEnabled, isDefined, hasKey, getDefaultValue, getDescription, getTitle, getKeys, initialize".
biodb.DEBUG[2025-10-11 16:02:12.467][notifyObservers] Notify observers for notifyCfgUpdate.
biodb.DEBUG[2025-10-11 16:02:12.467][FUN] Trying to call function notifyCfgUpdate on observer BiodbEntryFields.
biodb.DEBUG[2025-10-11 16:02:12.468][FUN] Functions in observer BiodbEntryFields: [15]: ".__enclos_env__, clone, terminate, define, print, getDatabaseIdField, getFieldNames, get, getRealName, checkIsDefined, isDefined, formatName, isAlias, notifyCfgUpdate, initialize".
biodb.DEBUG[2025-10-11 16:02:12.469][FUN] Trying to call function notifyCfgUpdate on observer BiodbConfig.
biodb.DEBUG[2025-10-11 16:02:12.470][FUN] Functions in observer BiodbConfig: [21]: ".__enclos_env__, clone, terminate, notifyNewObservers, define, getAssocEnvVar, listKeys, print, disable, enable, reset, set, get, isEnabled, isDefined, hasKey, getDefaultValue, getDescription, getTitle, getKeys, initialize".
biodb.DEBUG[2025-10-11 16:02:12.471][notifyObservers] Notify observers for notifyCfgUpdate.
biodb.DEBUG[2025-10-11 16:02:12.472][FUN] Trying to call function notifyCfgUpdate on observer BiodbEntryFields.
biodb.DEBUG[2025-10-11 16:02:12.473][FUN] Functions in observer BiodbEntryFields: [15]: ".__enclos_env__, clone, terminate, define, print, getDatabaseIdField, getFieldNames, get, getRealName, checkIsDefined, isDefined, formatName, isAlias, notifyCfgUpdate, initialize".
biodb.DEBUG[2025-10-11 16:02:12.473][FUN] Trying to call function notifyCfgUpdate on observer BiodbConfig.
biodb.DEBUG[2025-10-11 16:02:12.474][FUN] Functions in observer BiodbConfig: [21]: ".__enclos_env__, clone, terminate, notifyNewObservers, define, getAssocEnvVar, listKeys, print, disable, enable, reset, set, get, isEnabled, isDefined, hasKey, getDefaultValue, getDescription, getTitle, getKeys, initialize".
biodb.DEBUG[2025-10-11 16:02:12.475][notifyObservers] Notify observers for notifyCfgUpdate.
biodb.DEBUG[2025-10-11 16:02:12.476][FUN] Trying to call function notifyCfgUpdate on observer BiodbEntryFields.
biodb.DEBUG[2025-10-11 16:02:12.477][FUN] Functions in observer BiodbEntryFields: [15]: ".__enclos_env__, clone, terminate, define, print, getDatabaseIdField, getFieldNames, get, getRealName, checkIsDefined, isDefined, formatName, isAlias, notifyCfgUpdate, initialize".
biodb.DEBUG[2025-10-11 16:02:12.478][FUN] Trying to call function notifyCfgUpdate on observer BiodbConfig.
biodb.DEBUG[2025-10-11 16:02:12.478][FUN] Functions in observer BiodbConfig: [21]: ".__enclos_env__, clone, terminate, notifyNewObservers, define, getAssocEnvVar, listKeys, print, disable, enable, reset, set, get, isEnabled, isDefined, hasKey, getDefaultValue, getDescription, getTitle, getKeys, initialize".
biodb.DEBUG[2025-10-11 16:02:12.479][notifyObservers] Notify observers for notifyCfgUpdate.
biodb.DEBUG[2025-10-11 16:02:12.480][FUN] Trying to call function notifyCfgUpdate on observer BiodbEntryFields.
biodb.DEBUG[2025-10-11 16:02:12.481][FUN] Functions in observer BiodbEntryFields: [15]: ".__enclos_env__, clone, terminate, define, print, getDatabaseIdField, getFieldNames, get, getRealName, checkIsDefined, isDefined, formatName, isAlias, notifyCfgUpdate, initialize".
biodb.DEBUG[2025-10-11 16:02:12.482][FUN] Trying to call function notifyCfgUpdate on observer BiodbConfig.
biodb.DEBUG[2025-10-11 16:02:12.483][FUN] Functions in observer BiodbConfig: [21]: ".__enclos_env__, clone, terminate, notifyNewObservers, define, getAssocEnvVar, listKeys, print, disable, enable, reset, set, get, isEnabled, isDefined, hasKey, getDefaultValue, getDescription, getTitle, getKeys, initialize".
biodb.DEBUG[2025-10-11 16:02:12.484][notifyObservers] Notify observers for notifyCfgUpdate.
biodb.DEBUG[2025-10-11 16:02:12.484][FUN] Trying to call function notifyCfgUpdate on observer BiodbEntryFields.
biodb.DEBUG[2025-10-11 16:02:12.485][FUN] Functions in observer BiodbEntryFields: [15]: ".__enclos_env__, clone, terminate, define, print, getDatabaseIdField, getFieldNames, get, getRealName, checkIsDefined, isDefined, formatName, isAlias, notifyCfgUpdate, initialize".
biodb.DEBUG[2025-10-11 16:02:12.486][FUN] Trying to call function notifyCfgUpdate on observer BiodbConfig.
biodb.DEBUG[2025-10-11 16:02:12.494][FUN] Functions in observer BiodbConfig: [21]: ".__enclos_env__, clone, terminate, notifyNewObservers, define, getAssocEnvVar, listKeys, print, disable, enable, reset, set, get, isEnabled, isDefined, hasKey, getDefaultValue, getDescription, getTitle, getKeys, initialize".
biodb.DEBUG[2025-10-11 16:02:12.497][notifyObservers] Notify observers for notifyCfgUpdate.
biodb.DEBUG[2025-10-11 16:02:12.498][FUN] Trying to call function notifyCfgUpdate on observer BiodbEntryFields.
biodb.DEBUG[2025-10-11 16:02:12.499][FUN] Functions in observer BiodbEntryFields: [15]: ".__enclos_env__, clone, terminate, define, print, getDatabaseIdField, getFieldNames, get, getRealName, checkIsDefined, isDefined, formatName, isAlias, notifyCfgUpdate, initialize".
biodb.DEBUG[2025-10-11 16:02:12.500][FUN] Trying to call function notifyCfgUpdate on observer BiodbConfig.
biodb.DEBUG[2025-10-11 16:02:12.501][FUN] Functions in observer BiodbConfig: [21]: ".__enclos_env__, clone, terminate, notifyNewObservers, define, getAssocEnvVar, listKeys, print, disable, enable, reset, set, get, isEnabled, isDefined, hasKey, getDefaultValue, getDescription, getTitle, getKeys, initialize".
biodb.DEBUG[2025-10-11 16:02:12.502][notifyObservers] Notify observers for notifyCfgUpdate.
biodb.DEBUG[2025-10-11 16:02:12.503][FUN] Trying to call function notifyCfgUpdate on observer BiodbEntryFields.
biodb.DEBUG[2025-10-11 16:02:12.504][FUN] Functions in observer BiodbEntryFields: [15]: ".__enclos_env__, clone, terminate, define, print, getDatabaseIdField, getFieldNames, get, getRealName, checkIsDefined, isDefined, formatName, isAlias, notifyCfgUpdate, initialize".
biodb.DEBUG[2025-10-11 16:02:12.505][FUN] Trying to call function notifyCfgUpdate on observer BiodbConfig.
biodb.DEBUG[2025-10-11 16:02:12.506][FUN] Functions in observer BiodbConfig: [21]: ".__enclos_env__, clone, terminate, notifyNewObservers, define, getAssocEnvVar, listKeys, print, disable, enable, reset, set, get, isEnabled, isDefined, hasKey, getDefaultValue, getDescription, getTitle, getKeys, initialize".
biodb.DEBUG[2025-10-11 16:02:12.507][self$getEntryFields()$define] Define field accession.
biodb.DEBUG[2025-10-11 16:02:12.513][self$getEntryFields()$define] Define field description.
biodb.DEBUG[2025-10-11 16:02:12.532][self$getEntryFields()$define] Define field name.
biodb.DEBUG[2025-10-11 16:02:12.534][self$getEntryFields()$define] Define field cas.id.
biodb.DEBUG[2025-10-11 16:02:12.535][self$getEntryFields()$define] Define field chebi.id.
biodb.DEBUG[2025-10-11 16:02:12.537][self$getEntryFields()$define] Define field chemspider.id.
biodb.DEBUG[2025-10-11 16:02:12.538][self$getEntryFields()$define] Define field comp.csv.file.id.
biodb.DEBUG[2025-10-11 16:02:12.540][self$getEntryFields()$define] Define field comp.sqlite.id.
biodb.DEBUG[2025-10-11 16:02:12.541][self$getEntryFields()$define] Define field expasy.enzyme.id.
biodb.DEBUG[2025-10-11 16:02:12.543][self$getEntryFields()$define] Define field hmdb.metabolites.id.
biodb.DEBUG[2025-10-11 16:02:12.544][self$getEntryFields()$define] Define field kegg.compound.id.
biodb.DEBUG[2025-10-11 16:02:12.546][self$getEntryFields()$define] Define field kegg.genes.id.
biodb.DEBUG[2025-10-11 16:02:12.547][self$getEntryFields()$define] Define field mass.csv.file.id.
biodb.DEBUG[2025-10-11 16:02:12.549][self$getEntryFields()$define] Define field mass.sqlite.id.
biodb.DEBUG[2025-10-11 16:02:12.550][self$getEntryFields()$define] Define field ncbi.gene.id.
biodb.DEBUG[2025-10-11 16:02:12.552][self$getEntryFields()$define] Define field ncbi.pubchem.comp.id.
biodb.DEBUG[2025-10-11 16:02:12.554][self$getEntryFields()$define] Define field compound.id.
biodb.DEBUG[2025-10-11 16:02:12.555][self$getEntryFields()$define] Define field average.mass.
biodb.DEBUG[2025-10-11 16:02:12.556][self$getEntryFields()$define] Define field molecular.mass.
biodb.DEBUG[2025-10-11 16:02:12.558][self$getEntryFields()$define] Define field monoisotopic.mass.
biodb.DEBUG[2025-10-11 16:02:12.559][self$getEntryFields()$define] Define field nominal.mass.
biodb.DEBUG[2025-10-11 16:02:12.561][self$getEntryFields()$define] Define field peak.attr.
biodb.DEBUG[2025-10-11 16:02:12.562][self$getEntryFields()$define] Define field peak.comp.
biodb.DEBUG[2025-10-11 16:02:12.564][self$getEntryFields()$define] Define field peak.error.ppm.
biodb.DEBUG[2025-10-11 16:02:12.565][self$getEntryFields()$define] Define field peak.formula.
biodb.DEBUG[2025-10-11 16:02:12.567][self$getEntryFields()$define] Define field peak.intensity.
biodb.DEBUG[2025-10-11 16:02:12.568][self$getEntryFields()$define] Define field peak.mass.
biodb.DEBUG[2025-10-11 16:02:12.569][self$getEntryFields()$define] Define field peak.mztheo.
biodb.DEBUG[2025-10-11 16:02:12.571][self$getEntryFields()$define] Define field peak.mzexp.
biodb.DEBUG[2025-10-11 16:02:12.572][self$getEntryFields()$define] Define field peak.mz.
biodb.DEBUG[2025-10-11 16:02:12.574][self$getEntryFields()$define] Define field peak.relative.intensity.
biodb.DEBUG[2025-10-11 16:02:12.575][self$getEntryFields()$define] Define field peaks.
biodb.DEBUG[2025-10-11 16:02:12.577][self$getEntryFields()$define] Define field chrom.col.constructor.
biodb.DEBUG[2025-10-11 16:02:12.578][self$getEntryFields()$define] Define field chrom.col.diameter.
biodb.DEBUG[2025-10-11 16:02:12.580][self$getEntryFields()$define] Define field chrom.col.id.
biodb.DEBUG[2025-10-11 16:02:12.581][self$getEntryFields()$define] Define field chrom.col.length.
biodb.DEBUG[2025-10-11 16:02:12.582][self$getEntryFields()$define] Define field chrom.col.method.protocol.
biodb.DEBUG[2025-10-11 16:02:12.584][self$getEntryFields()$define] Define field chrom.col.name.
biodb.DEBUG[2025-10-11 16:02:12.585][self$getEntryFields()$define] Define field chrom.flow.gradient.
biodb.DEBUG[2025-10-11 16:02:12.587][self$getEntryFields()$define] Define field chrom.flow.rate.
biodb.DEBUG[2025-10-11 16:02:12.588][self$getEntryFields()$define] Define field chrom.rt.
biodb.DEBUG[2025-10-11 16:02:12.590][self$getEntryFields()$define] Define field chrom.rt.max.
biodb.DEBUG[2025-10-11 16:02:12.591][self$getEntryFields()$define] Define field chrom.rt.min.
biodb.DEBUG[2025-10-11 16:02:12.592][self$getEntryFields()$define] Define field chrom.rt.unit.
biodb.DEBUG[2025-10-11 16:02:12.594][self$getEntryFields()$define] Define field chrom.solvent.
biodb.DEBUG[2025-10-11 16:02:12.595][self$getEntryFields()$define] Define field aa.seq.
biodb.DEBUG[2025-10-11 16:02:12.597][self$getEntryFields()$define] Define field aa.seq.length.
biodb.DEBUG[2025-10-11 16:02:12.598][self$getEntryFields()$define] Define field aa.seq.location.
biodb.DEBUG[2025-10-11 16:02:12.600][self$getEntryFields()$define] Define field nt.seq.
biodb.DEBUG[2025-10-11 16:02:12.601][self$getEntryFields()$define] Define field nt.seq.length.
biodb.DEBUG[2025-10-11 16:02:12.603][self$getEntryFields()$define] Define field ec.
biodb.DEBUG[2025-10-11 16:02:12.604][self$getEntryFields()$define] Define field organism.
biodb.DEBUG[2025-10-11 16:02:12.605][self$getEntryFields()$define] Define field pathway.class.
biodb.DEBUG[2025-10-11 16:02:12.607][self$getEntryFields()$define] Define field catalytic.activity.
biodb.DEBUG[2025-10-11 16:02:12.608][self$getEntryFields()$define] Define field cofactor.
biodb.DEBUG[2025-10-11 16:02:12.610][self$getEntryFields()$define] Define field gene.symbol.
biodb.DEBUG[2025-10-11 16:02:12.611][self$getEntryFields()$define] Define field charge.
biodb.DEBUG[2025-10-11 16:02:12.613][self$getEntryFields()$define] Define field comp.iupac.name.allowed.
biodb.DEBUG[2025-10-11 16:02:12.614][self$getEntryFields()$define] Define field comp.iupac.name.cas.
biodb.DEBUG[2025-10-11 16:02:12.615][self$getEntryFields()$define] Define field comp.iupac.name.pref.
biodb.DEBUG[2025-10-11 16:02:12.617][self$getEntryFields()$define] Define field comp.iupac.name.syst.
biodb.DEBUG[2025-10-11 16:02:12.618][self$getEntryFields()$define] Define field comp.iupac.name.trad.
biodb.DEBUG[2025-10-11 16:02:12.620][self$getEntryFields()$define] Define field comp.super.class.
biodb.DEBUG[2025-10-11 16:02:12.621][self$getEntryFields()$define] Define field equation.
biodb.DEBUG[2025-10-11 16:02:12.622][self$getEntryFields()$define] Define field formula.
biodb.DEBUG[2025-10-11 16:02:12.624][self$getEntryFields()$define] Define field composition.
biodb.DEBUG[2025-10-11 16:02:12.625][self$getEntryFields()$define] Define field inchi.
biodb.DEBUG[2025-10-11 16:02:12.627][self$getEntryFields()$define] Define field inchikey.
biodb.DEBUG[2025-10-11 16:02:12.628][self$getEntryFields()$define] Define field logp.
biodb.DEBUG[2025-10-11 16:02:12.630][self$getEntryFields()$define] Define field ms.level.
biodb.DEBUG[2025-10-11 16:02:12.631][self$getEntryFields()$define] Define field ms.mode.
biodb.DEBUG[2025-10-11 16:02:12.632][self$getEntryFields()$define] Define field msdev.
biodb.DEBUG[2025-10-11 16:02:12.634][self$getEntryFields()$define] Define field msdevtype.
biodb.DEBUG[2025-10-11 16:02:12.635][self$getEntryFields()$define] Define field msprecannot.
biodb.DEBUG[2025-10-11 16:02:12.637][self$getEntryFields()$define] Define field msprecmz.
biodb.DEBUG[2025-10-11 16:02:12.638][self$getEntryFields()$define] Define field mstype.
biodb.DEBUG[2025-10-11 16:02:12.639][self$getEntryFields()$define] Define field nb.compounds.
biodb.DEBUG[2025-10-11 16:02:12.641][self$getEntryFields()$define] Define field nb.peaks.
biodb.DEBUG[2025-10-11 16:02:12.642][self$getEntryFields()$define] Define field products.
biodb.DEBUG[2025-10-11 16:02:12.644][self$getEntryFields()$define] Define field smiles.
biodb.DEBUG[2025-10-11 16:02:12.645][self$getEntryFields()$define] Define field smiles.canonical.
biodb.DEBUG[2025-10-11 16:02:12.647][self$getEntryFields()$define] Define field smiles.isomeric.
biodb.DEBUG[2025-10-11 16:02:12.648][self$getEntryFields()$define] Define field substrates.
biodb.DEBUG[2025-10-11 16:02:12.654][initialize] Created successfully new BiodbMain instance.
biodb.DEBUG[2025-10-11 16:02:12.656][initialize] This is biodb version 1.17.2.
biodb.DEBUG[2025-10-11 16:02:12.659][notifyObservers] Notify observers for notifyNewObservers.
biodb.DEBUG[2025-10-11 16:02:12.660][FUN] Trying to call function notifyNewObservers on observer BiodbEntryFields.
biodb.DEBUG[2025-10-11 16:02:12.661][FUN] Functions in observer BiodbEntryFields: [15]: ".__enclos_env__, clone, terminate, define, print, getDatabaseIdField, getFieldNames, get, getRealName, checkIsDefined, isDefined, formatName, isAlias, notifyCfgUpdate, initialize".
biodb.DEBUG[2025-10-11 16:02:12.662][FUN] Trying to call function notifyNewObservers on observer BiodbConfig.
biodb.DEBUG[2025-10-11 16:02:12.663][FUN] Functions in observer BiodbConfig: [21]: ".__enclos_env__, clone, terminate, notifyNewObservers, define, getAssocEnvVar, listKeys, print, disable, enable, reset, set, get, isEnabled, isDefined, hasKey, getDefaultValue, getDescription, getTitle, getKeys, initialize".
biodb.DEBUG[2025-10-11 16:02:12.668][notifyObservers] Notify observers for notifyCfgUpdate.
biodb.DEBUG[2025-10-11 16:02:12.669][FUN] Trying to call function notifyCfgUpdate on observer BiodbTestMsgAck.
biodb.DEBUG[2025-10-11 16:02:12.670][FUN] Functions in observer BiodbTestMsgAck: [4]: ".__enclos_env__, clone, notifyProgress, initialize".
biodb.DEBUG[2025-10-11 16:02:12.671][FUN] Trying to call function notifyCfgUpdate on observer BiodbEntryFields.
biodb.DEBUG[2025-10-11 16:02:12.672][FUN] Functions in observer BiodbEntryFields: [15]: ".__enclos_env__, clone, terminate, define, print, getDatabaseIdField, getFieldNames, get, getRealName, checkIsDefined, isDefined, formatName, isAlias, notifyCfgUpdate, initialize".
biodb.DEBUG[2025-10-11 16:02:12.672][FUN] Trying to call function notifyCfgUpdate on observer BiodbConfig.
biodb.DEBUG[2025-10-11 16:02:12.673][FUN] Functions in observer BiodbConfig: [21]: ".__enclos_env__, clone, terminate, notifyNewObservers, define, getAssocEnvVar, listKeys, print, disable, enable, reset, set, get, isEnabled, isDefined, hasKey, getDefaultValue, getDescription, getTitle, getKeys, initialize".
biodb.DEBUG[2025-10-11 16:02:12.674][notifyObservers] Notify observers for notifyCfgUpdate.
biodb.DEBUG[2025-10-11 16:02:12.675][FUN] Trying to call function notifyCfgUpdate on observer BiodbTestMsgAck.
biodb.DEBUG[2025-10-11 16:02:12.676][FUN] Functions in observer BiodbTestMsgAck: [4]: ".__enclos_env__, clone, notifyProgress, initialize".
biodb.DEBUG[2025-10-11 16:02:12.677][FUN] Trying to call function notifyCfgUpdate on observer BiodbEntryFields.
biodb.DEBUG[2025-10-11 16:02:12.678][FUN] Functions in observer BiodbEntryFields: [15]: ".__enclos_env__, clone, terminate, define, print, getDatabaseIdField, getFieldNames, get, getRealName, checkIsDefined, isDefined, formatName, isAlias, notifyCfgUpdate, initialize".
biodb.DEBUG[2025-10-11 16:02:12.679][FUN] Trying to call function notifyCfgUpdate on observer BiodbConfig.
biodb.DEBUG[2025-10-11 16:02:12.680][FUN] Functions in observer BiodbConfig: [21]: ".__enclos_env__, clone, terminate, notifyNewObservers, define, getAssocEnvVar, listKeys, print, disable, enable, reset, set, get, isEnabled, isDefined, hasKey, getDefaultValue, getDescription, getTitle, getKeys, initialize".
biodb.DEBUG[2025-10-11 16:02:12.681][notifyObservers] Notify observers for notifyCfgUpdate.
biodb.DEBUG[2025-10-11 16:02:12.681][FUN] Trying to call function notifyCfgUpdate on observer BiodbTestMsgAck.
biodb.DEBUG[2025-10-11 16:02:12.682][FUN] Functions in observer BiodbTestMsgAck: [4]: ".__enclos_env__, clone, notifyProgress, initialize".
biodb.DEBUG[2025-10-11 16:02:12.683][FUN] Trying to call function notifyCfgUpdate on observer BiodbEntryFields.
biodb.DEBUG[2025-10-11 16:02:12.684][FUN] Functions in observer BiodbEntryFields: [15]: ".__enclos_env__, clone, terminate, define, print, getDatabaseIdField, getFieldNames, get, getRealName, checkIsDefined, isDefined, formatName, isAlias, notifyCfgUpdate, initialize".
biodb.DEBUG[2025-10-11 16:02:12.685][FUN] Trying to call function notifyCfgUpdate on observer BiodbConfig.
biodb.DEBUG[2025-10-11 16:02:12.686][FUN] Functions in observer BiodbConfig: [21]: ".__enclos_env__, clone, terminate, notifyNewObservers, define, getAssocEnvVar, listKeys, print, disable, enable, reset, set, get, isEnabled, isDefined, hasKey, getDefaultValue, getDescription, getTitle, getKeys, initialize".
biodb.DEBUG[2025-10-11 16:02:12.687][notifyObservers] Notify observers for notifyCfgUpdate.
biodb.DEBUG[2025-10-11 16:02:12.687][FUN] Trying to call function notifyCfgUpdate on observer BiodbTestMsgAck.
biodb.DEBUG[2025-10-11 16:02:12.688][FUN] Functions in observer BiodbTestMsgAck: [4]: ".__enclos_env__, clone, notifyProgress, initialize".
biodb.DEBUG[2025-10-11 16:02:12.689][FUN] Trying to call function notifyCfgUpdate on observer BiodbEntryFields.
biodb.DEBUG[2025-10-11 16:02:12.690][FUN] Functions in observer BiodbEntryFields: [15]: ".__enclos_env__, clone, terminate, define, print, getDatabaseIdField, getFieldNames, get, getRealName, checkIsDefined, isDefined, formatName, isAlias, notifyCfgUpdate, initialize".
biodb.DEBUG[2025-10-11 16:02:12.691][FUN] Trying to call function notifyCfgUpdate on observer BiodbConfig.
biodb.DEBUG[2025-10-11 16:02:12.692][FUN] Functions in observer BiodbConfig: [21]: ".__enclos_env__, clone, terminate, notifyNewObservers, define, getAssocEnvVar, listKeys, print, disable, enable, reset, set, get, isEnabled, isDefined, hasKey, getDefaultValue, getDescription, getTitle, getKeys, initialize".
biodb.DEBUG[2025-10-11 16:02:12.697][notifyObservers] Notify observers for notifyCfgUpdate.
biodb.DEBUG[2025-10-11 16:02:12.698][FUN] Trying to call function notifyCfgUpdate on observer BiodbTestMsgAck.
biodb.DEBUG[2025-10-11 16:02:12.698][FUN] Functions in observer BiodbTestMsgAck: [4]: ".__enclos_env__, clone, notifyProgress, initialize".
biodb.DEBUG[2025-10-11 16:02:12.699][FUN] Trying to call function notifyCfgUpdate on observer BiodbEntryFields.
biodb.DEBUG[2025-10-11 16:02:12.700][FUN] Functions in observer BiodbEntryFields: [15]: ".__enclos_env__, clone, terminate, define, print, getDatabaseIdField, getFieldNames, get, getRealName, checkIsDefined, isDefined, formatName, isAlias, notifyCfgUpdate, initialize".
biodb.DEBUG[2025-10-11 16:02:12.701][FUN] Trying to call function notifyCfgUpdate on observer BiodbConfig.
biodb.DEBUG[2025-10-11 16:02:12.702][FUN] Functions in observer BiodbConfig: [21]: ".__enclos_env__, clone, terminate, notifyNewObservers, define, getAssocEnvVar, listKeys, print, disable, enable, reset, set, get, isEnabled, isDefined, hasKey, getDefaultValue, getDescription, getTitle, getKeys, initialize".
biodb.DEBUG[2025-10-11 16:02:12.703][notifyObservers] Notify observers for notifyCfgUpdate.
biodb.DEBUG[2025-10-11 16:02:12.704][FUN] Trying to call function notifyCfgUpdate on observer BiodbTestMsgAck.
biodb.DEBUG[2025-10-11 16:02:12.704][FUN] Functions in observer BiodbTestMsgAck: [4]: ".__enclos_env__, clone, notifyProgress, initialize".
biodb.DEBUG[2025-10-11 16:02:12.705][FUN] Trying to call function notifyCfgUpdate on observer BiodbEntryFields.
biodb.DEBUG[2025-10-11 16:02:12.706][FUN] Functions in observer BiodbEntryFields: [15]: ".__enclos_env__, clone, terminate, define, print, getDatabaseIdField, getFieldNames, get, getRealName, checkIsDefined, isDefined, formatName, isAlias, notifyCfgUpdate, initialize".
biodb.DEBUG[2025-10-11 16:02:12.707][FUN] Trying to call function notifyCfgUpdate on observer BiodbConfig.
biodb.DEBUG[2025-10-11 16:02:12.708][FUN] Functions in observer BiodbConfig: [21]: ".__enclos_env__, clone, terminate, notifyNewObservers, define, getAssocEnvVar, listKeys, print, disable, enable, reset, set, get, isEnabled, isDefined, hasKey, getDefaultValue, getDescription, getTitle, getKeys, initialize".
biodb.DEBUG[2025-10-11 16:02:12.709][notifyObservers] Notify observers for notifyCfgUpdate.
biodb.DEBUG[2025-10-11 16:02:12.709][FUN] Trying to call function notifyCfgUpdate on observer BiodbTestMsgAck.
biodb.DEBUG[2025-10-11 16:02:12.710][FUN] Functions in observer BiodbTestMsgAck: [4]: ".__enclos_env__, clone, notifyProgress, initialize".
biodb.DEBUG[2025-10-11 16:02:12.711][FUN] Trying to call function notifyCfgUpdate on observer BiodbEntryFields.
biodb.DEBUG[2025-10-11 16:02:12.712][FUN] Functions in observer BiodbEntryFields: [15]: ".__enclos_env__, clone, terminate, define, print, getDatabaseIdField, getFieldNames, get, getRealName, checkIsDefined, isDefined, formatName, isAlias, notifyCfgUpdate, initialize".
biodb.DEBUG[2025-10-11 16:02:12.713][FUN] Trying to call function notifyCfgUpdate on observer BiodbConfig.
biodb.DEBUG[2025-10-11 16:02:12.714][FUN] Functions in observer BiodbConfig: [21]: ".__enclos_env__, clone, terminate, notifyNewObservers, define, getAssocEnvVar, listKeys, print, disable, enable, reset, set, get, isEnabled, isDefined, hasKey, getDefaultValue, getDescription, getTitle, getKeys, initialize".
biodb.DEBUG[2025-10-11 16:02:12.715][notifyObservers] Notify observers for notifyCfgUpdate.
biodb.DEBUG[2025-10-11 16:02:12.715][FUN] Trying to call function notifyCfgUpdate on observer BiodbTestMsgAck.
biodb.DEBUG[2025-10-11 16:02:12.716][FUN] Functions in observer BiodbTestMsgAck: [4]: ".__enclos_env__, clone, notifyProgress, initialize".
biodb.DEBUG[2025-10-11 16:02:12.717][FUN] Trying to call function notifyCfgUpdate on observer BiodbEntryFields.
biodb.DEBUG[2025-10-11 16:02:12.718][FUN] Functions in observer BiodbEntryFields: [15]: ".__enclos_env__, clone, terminate, define, print, getDatabaseIdField, getFieldNames, get, getRealName, checkIsDefined, isDefined, formatName, isAlias, notifyCfgUpdate, initialize".
biodb.DEBUG[2025-10-11 16:02:12.719][FUN] Trying to call function notifyCfgUpdate on observer BiodbConfig.
biodb.DEBUG[2025-10-11 16:02:12.720][FUN] Functions in observer BiodbConfig: [21]: ".__enclos_env__, clone, terminate, notifyNewObservers, define, getAssocEnvVar, listKeys, print, disable, enable, reset, set, get, isEnabled, isDefined, hasKey, getDefaultValue, getDescription, getTitle, getKeys, initialize".
biodb.DEBUG[2025-10-11 16:02:12.721][notifyObservers] Notify observers for notifyCfgUpdate.
biodb.DEBUG[2025-10-11 16:02:12.721][FUN] Trying to call function notifyCfgUpdate on observer BiodbTestMsgAck.
biodb.DEBUG[2025-10-11 16:02:12.722][FUN] Functions in observer BiodbTestMsgAck: [4]: ".__enclos_env__, clone, notifyProgress, initialize".
biodb.DEBUG[2025-10-11 16:02:12.723][FUN] Trying to call function notifyCfgUpdate on observer BiodbEntryFields.
biodb.DEBUG[2025-10-11 16:02:12.724][FUN] Functions in observer BiodbEntryFields: [15]: ".__enclos_env__, clone, terminate, define, print, getDatabaseIdField, getFieldNames, get, getRealName, checkIsDefined, isDefined, formatName, isAlias, notifyCfgUpdate, initialize".
biodb.DEBUG[2025-10-11 16:02:12.725][FUN] Trying to call function notifyCfgUpdate on observer BiodbConfig.
biodb.DEBUG[2025-10-11 16:02:12.726][FUN] Functions in observer BiodbConfig: [21]: ".__enclos_env__, clone, terminate, notifyNewObservers, define, getAssocEnvVar, listKeys, print, disable, enable, reset, set, get, isEnabled, isDefined, hasKey, getDefaultValue, getDescription, getTitle, getKeys, initialize".
biodb.DEBUG[2025-10-11 16:02:12.726][notifyObservers] Notify observers for notifyCfgUpdate.
biodb.DEBUG[2025-10-11 16:02:12.727][FUN] Trying to call function notifyCfgUpdate on observer BiodbTestMsgAck.
biodb.DEBUG[2025-10-11 16:02:12.728][FUN] Functions in observer BiodbTestMsgAck: [4]: ".__enclos_env__, clone, notifyProgress, initialize".
biodb.DEBUG[2025-10-11 16:02:12.729][FUN] Trying to call function notifyCfgUpdate on observer BiodbEntryFields.
biodb.DEBUG[2025-10-11 16:02:12.730][FUN] Functions in observer BiodbEntryFields: [15]: ".__enclos_env__, clone, terminate, define, print, getDatabaseIdField, getFieldNames, get, getRealName, checkIsDefined, isDefined, formatName, isAlias, notifyCfgUpdate, initialize".
biodb.DEBUG[2025-10-11 16:02:12.731][FUN] Trying to call function notifyCfgUpdate on observer BiodbConfig.
biodb.DEBUG[2025-10-11 16:02:12.732][FUN] Functions in observer BiodbConfig: [21]: ".__enclos_env__, clone, terminate, notifyNewObservers, define, getAssocEnvVar, listKeys, print, disable, enable, reset, set, get, isEnabled, isDefined, hasKey, getDefaultValue, getDescription, getTitle, getKeys, initialize".
biodb.DEBUG[2025-10-11 16:02:12.732][notifyObservers] Notify observers for notifyCfgUpdate.
biodb.DEBUG[2025-10-11 16:02:12.733][FUN] Trying to call function notifyCfgUpdate on observer BiodbTestMsgAck.
biodb.DEBUG[2025-10-11 16:02:12.734][FUN] Functions in observer BiodbTestMsgAck: [4]: ".__enclos_env__, clone, notifyProgress, initialize".
biodb.DEBUG[2025-10-11 16:02:12.735][FUN] Trying to call function notifyCfgUpdate on observer BiodbEntryFields.
biodb.DEBUG[2025-10-11 16:02:12.736][FUN] Functions in observer BiodbEntryFields: [15]: ".__enclos_env__, clone, terminate, define, print, getDatabaseIdField, getFieldNames, get, getRealName, checkIsDefined, isDefined, formatName, isAlias, notifyCfgUpdate, initialize".
biodb.DEBUG[2025-10-11 16:02:12.737][FUN] Trying to call function notifyCfgUpdate on observer BiodbConfig.
biodb.DEBUG[2025-10-11 16:02:12.737][FUN] Functions in observer BiodbConfig: [21]: ".__enclos_env__, clone, terminate, notifyNewObservers, define, getAssocEnvVar, listKeys, print, disable, enable, reset, set, get, isEnabled, isDefined, hasKey, getDefaultValue, getDescription, getTitle, getKeys, initialize".
biodb.DEBUG[2025-10-11 16:02:12.738][notifyObservers] Notify observers for notifyCfgUpdate.
biodb.DEBUG[2025-10-11 16:02:12.739][FUN] Trying to call function notifyCfgUpdate on observer BiodbTestMsgAck.
biodb.DEBUG[2025-10-11 16:02:12.740][FUN] Functions in observer BiodbTestMsgAck: [4]: ".__enclos_env__, clone, notifyProgress, initialize".
biodb.DEBUG[2025-10-11 16:02:12.741][FUN] Trying to call function notifyCfgUpdate on observer BiodbEntryFields.
biodb.DEBUG[2025-10-11 16:02:12.742][FUN] Functions in observer BiodbEntryFields: [15]: ".__enclos_env__, clone, terminate, define, print, getDatabaseIdField, getFieldNames, get, getRealName, checkIsDefined, isDefined, formatName, isAlias, notifyCfgUpdate, initialize".
biodb.DEBUG[2025-10-11 16:02:12.743][FUN] Trying to call function notifyCfgUpdate on observer BiodbConfig.
biodb.DEBUG[2025-10-11 16:02:12.743][FUN] Functions in observer BiodbConfig: [21]: ".__enclos_env__, clone, terminate, notifyNewObservers, define, getAssocEnvVar, listKeys, print, disable, enable, reset, set, get, isEnabled, isDefined, hasKey, getDefaultValue, getDescription, getTitle, getKeys, initialize".
biodb.DEBUG[2025-10-11 16:02:12.744][notifyObservers] Notify observers for notifyCfgUpdate.
biodb.DEBUG[2025-10-11 16:02:12.745][FUN] Trying to call function notifyCfgUpdate on observer BiodbTestMsgAck.
biodb.DEBUG[2025-10-11 16:02:12.746][FUN] Functions in observer BiodbTestMsgAck: [4]: ".__enclos_env__, clone, notifyProgress, initialize".
biodb.DEBUG[2025-10-11 16:02:12.747][FUN] Trying to call function notifyCfgUpdate on observer BiodbEntryFields.
biodb.DEBUG[2025-10-11 16:02:12.748][FUN] Functions in observer BiodbEntryFields: [15]: ".__enclos_env__, clone, terminate, define, print, getDatabaseIdField, getFieldNames, get, getRealName, checkIsDefined, isDefined, formatName, isAlias, notifyCfgUpdate, initialize".
biodb.DEBUG[2025-10-11 16:02:12.748][FUN] Trying to call function notifyCfgUpdate on observer BiodbConfig.
biodb.DEBUG[2025-10-11 16:02:12.749][FUN] Functions in observer BiodbConfig: [21]: ".__enclos_env__, clone, terminate, notifyNewObservers, define, getAssocEnvVar, listKeys, print, disable, enable, reset, set, get, isEnabled, isDefined, hasKey, getDefaultValue, getDescription, getTitle, getKeys, initialize".
biodb.DEBUG[2025-10-11 16:02:12.750][notifyObservers] Notify observers for notifyCfgUpdate.
biodb.DEBUG[2025-10-11 16:02:12.751][FUN] Trying to call function notifyCfgUpdate on observer BiodbTestMsgAck.
biodb.DEBUG[2025-10-11 16:02:12.752][FUN] Functions in observer BiodbTestMsgAck: [4]: ".__enclos_env__, clone, notifyProgress, initialize".
biodb.DEBUG[2025-10-11 16:02:12.753][FUN] Trying to call function notifyCfgUpdate on observer BiodbEntryFields.
biodb.DEBUG[2025-10-11 16:02:12.754][FUN] Functions in observer BiodbEntryFields: [15]: ".__enclos_env__, clone, terminate, define, print, getDatabaseIdField, getFieldNames, get, getRealName, checkIsDefined, isDefined, formatName, isAlias, notifyCfgUpdate, initialize".
biodb.DEBUG[2025-10-11 16:02:12.754][FUN] Trying to call function notifyCfgUpdate on observer BiodbConfig.
biodb.DEBUG[2025-10-11 16:02:12.755][FUN] Functions in observer BiodbConfig: [21]: ".__enclos_env__, clone, terminate, notifyNewObservers, define, getAssocEnvVar, listKeys, print, disable, enable, reset, set, get, isEnabled, isDefined, hasKey, getDefaultValue, getDescription, getTitle, getKeys, initialize".
biodb.DEBUG[2025-10-11 16:02:12.756][notifyObservers] Notify observers for notifyCfgUpdate.
biodb.DEBUG[2025-10-11 16:02:12.757][FUN] Trying to call function notifyCfgUpdate on observer BiodbTestMsgAck.
biodb.DEBUG[2025-10-11 16:02:12.758][FUN] Functions in observer BiodbTestMsgAck: [4]: ".__enclos_env__, clone, notifyProgress, initialize".
biodb.DEBUG[2025-10-11 16:02:12.759][FUN] Trying to call function notifyCfgUpdate on observer BiodbEntryFields.
biodb.DEBUG[2025-10-11 16:02:12.759][FUN] Functions in observer BiodbEntryFields: [15]: ".__enclos_env__, clone, terminate, define, print, getDatabaseIdField, getFieldNames, get, getRealName, checkIsDefined, isDefined, formatName, isAlias, notifyCfgUpdate, initialize".
biodb.DEBUG[2025-10-11 16:02:12.760][FUN] Trying to call function notifyCfgUpdate on observer BiodbConfig.
biodb.DEBUG[2025-10-11 16:02:12.761][FUN] Functions in observer BiodbConfig: [21]: ".__enclos_env__, clone, terminate, notifyNewObservers, define, getAssocEnvVar, listKeys, print, disable, enable, reset, set, get, isEnabled, isDefined, hasKey, getDefaultValue, getDescription, getTitle, getKeys, initialize".
biodb.DEBUG[2025-10-11 16:02:12.762][notifyObservers] Notify observers for notifyCfgUpdate.
biodb.DEBUG[2025-10-11 16:02:12.763][FUN] Trying to call function notifyCfgUpdate on observer BiodbTestMsgAck.
biodb.DEBUG[2025-10-11 16:02:12.764][FUN] Functions in observer BiodbTestMsgAck: [4]: ".__enclos_env__, clone, notifyProgress, initialize".
biodb.DEBUG[2025-10-11 16:02:12.765][FUN] Trying to call function notifyCfgUpdate on observer BiodbEntryFields.
biodb.DEBUG[2025-10-11 16:02:12.765][FUN] Functions in observer BiodbEntryFields: [15]: ".__enclos_env__, clone, terminate, define, print, getDatabaseIdField, getFieldNames, get, getRealName, checkIsDefined, isDefined, formatName, isAlias, notifyCfgUpdate, initialize".
biodb.DEBUG[2025-10-11 16:02:12.766][FUN] Trying to call function notifyCfgUpdate on observer BiodbConfig.
biodb.DEBUG[2025-10-11 16:02:12.767][FUN] Functions in observer BiodbConfig: [21]: ".__enclos_env__, clone, terminate, notifyNewObservers, define, getAssocEnvVar, listKeys, print, disable, enable, reset, set, get, isEnabled, isDefined, hasKey, getDefaultValue, getDescription, getTitle, getKeys, initialize".
biodb.WARN [2025-10-11 16:02:12.768][private$checkKey] Key persistent.cache.impl is deprecated. Persistent cache is now handled by the fscache CRAN package. This field is now useless.
biodb.WARN [2025-10-11 16:02:12.777][private$checkKey] Key persistent.cache.impl is deprecated. Persistent cache is now handled by the fscache CRAN package. This field is now useless.
biodb.DEBUG[2025-10-11 16:02:12.790][biodb$getConfig()$set] Set key persistent.cache.impl to "custom".
biodb.DEBUG[2025-10-11 16:02:12.791][notifyObservers] Notify observers for notifyCfgUpdate.
biodb.DEBUG[2025-10-11 16:02:12.792][FUN] Trying to call function notifyCfgUpdate on observer BiodbTestMsgAck.
biodb.DEBUG[2025-10-11 16:02:12.793][FUN] Functions in observer BiodbTestMsgAck: [4]: ".__enclos_env__, clone, notifyProgress, initialize".
biodb.DEBUG[2025-10-11 16:02:12.794][FUN] Trying to call function notifyCfgUpdate on observer BiodbEntryFields.
biodb.DEBUG[2025-10-11 16:02:12.795][FUN] Functions in observer BiodbEntryFields: [15]: ".__enclos_env__, clone, terminate, define, print, getDatabaseIdField, getFieldNames, get, getRealName, checkIsDefined, isDefined, formatName, isAlias, notifyCfgUpdate, initialize".
biodb.DEBUG[2025-10-11 16:02:12.796][FUN] Trying to call function notifyCfgUpdate on observer BiodbConfig.
biodb.DEBUG[2025-10-11 16:02:12.796][FUN] Functions in observer BiodbConfig: [21]: ".__enclos_env__, clone, terminate, notifyNewObservers, define, getAssocEnvVar, listKeys, print, disable, enable, reset, set, get, isEnabled, isDefined, hasKey, getDefaultValue, getDescription, getTitle, getKeys, initialize".
biodb.DEBUG[2025-10-11 16:02:12.798][biodb$loadDefinitions] Load definitions from file "/home/biocbuild/bbs-3.22-bioc-longtests/meat/biodbHmdb.Rcheck/biodbHmdb/definitions.yml".
biodb.DEBUG[2025-10-11 16:02:12.807][self$getDbsInfo()$define] Define connector hmdb.metabolites.
biodb.DEBUG[2025-10-11 16:02:12.809][self$setPropertyValue] Setting property "compound.db" to "TRUE".
biodb.DEBUG[2025-10-11 16:02:12.810][self$setPropertyValue] Setting property "description" to "NA".
biodb.DEBUG[2025-10-11 16:02:12.811][self$setPropertyValue] Setting property "disabled" to "FALSE".
biodb.DEBUG[2025-10-11 16:02:12.812][self$setPropertyValue] Setting property "disabling.reason" to "".
biodb.DEBUG[2025-10-11 16:02:12.813][self$setPropertyValue] Setting property "downloadable" to "TRUE".
biodb.DEBUG[2025-10-11 16:02:12.814][self$setPropertyValue] Setting property "dwnld.ext" to "zip".
biodb.DEBUG[2025-10-11 16:02:12.815][self$setPropertyValue] Setting property "editable" to "FALSE".
biodb.DEBUG[2025-10-11 16:02:12.816][self$setPropertyValue] Setting property "entry.content.encoding" to "NA".
biodb.DEBUG[2025-10-11 16:02:12.817][self$setPropertyValue] Setting property "entry.content.type" to "xml".
biodb.DEBUG[2025-10-11 16:02:12.817][self$setPropertyValue] Setting property "matching.fields" to "c("peak.mztheo", "peak.mzexp")".
biodb.DEBUG[2025-10-11 16:02:12.818][self$setPropertyValue] Setting property "mass.db" to "FALSE".
biodb.DEBUG[2025-10-11 16:02:12.819][self$setPropertyValue] Setting property "name" to "HMDB Metabolites".
biodb.DEBUG[2025-10-11 16:02:12.820][self$setPropertyValue] Setting property "package" to "biodb".
biodb.DEBUG[2025-10-11 16:02:12.821][self$setPropertyValue] Setting property "parsing.expr" to "/metabolite/accession".
biodb.DEBUG[2025-10-11 16:02:12.821][self$setPropertyValue] Setting property "parsing.expr" to "/metabolite/secondary_accessions/accession".
biodb.DEBUG[2025-10-11 16:02:12.821][self$setPropertyValue] Setting property "parsing.expr" to "//average_molecular_weight".
biodb.DEBUG[2025-10-11 16:02:12.821][self$setPropertyValue] Setting property "parsing.expr" to "//cas_registry_number".
biodb.DEBUG[2025-10-11 16:02:12.821][self$setPropertyValue] Setting property "parsing.expr" to "//chebi_id".
biodb.DEBUG[2025-10-11 16:02:12.821][self$setPropertyValue] Setting property "parsing.expr" to "//chemspider_id".
biodb.DEBUG[2025-10-11 16:02:12.821][self$setPropertyValue] Setting property "parsing.expr" to "//kegg_id".
biodb.DEBUG[2025-10-11 16:02:12.821][self$setPropertyValue] Setting property "parsing.expr" to "//pubchem_compound_id".
biodb.DEBUG[2025-10-11 16:02:12.821][self$setPropertyValue] Setting property "parsing.expr" to "//iupac_name".
biodb.DEBUG[2025-10-11 16:02:12.821][self$setPropertyValue] Setting property "parsing.expr" to "//traditional_iupac".
biodb.DEBUG[2025-10-11 16:02:12.821][self$setPropertyValue] Setting property "parsing.expr" to "/metabolite/chemical_formula".
biodb.DEBUG[2025-10-11 16:02:12.821][self$setPropertyValue] Setting property "parsing.expr" to "//inchi".
biodb.DEBUG[2025-10-11 16:02:12.821][self$setPropertyValue] Setting property "parsing.expr" to "//inchikey".
biodb.DEBUG[2025-10-11 16:02:12.821][self$setPropertyValue] Setting property "parsing.expr" to "//monisotopic_molecular_weight".
biodb.DEBUG[2025-10-11 16:02:12.821][self$setPropertyValue] Setting property "parsing.expr" to "/metabolite/name".
biodb.DEBUG[2025-10-11 16:02:12.821][self$setPropertyValue] Setting property "parsing.expr" to "/metabolite/description".
biodb.DEBUG[2025-10-11 16:02:12.821][self$setPropertyValue] Setting property "parsing.expr" to "//smiles".
biodb.DEBUG[2025-10-11 16:02:12.821][self$setPropertyValue] Setting property "parsing.expr" to "//super_class".
biodb.DEBUG[2025-10-11 16:02:12.822][self$setPropertyValue] Setting property "remote" to "TRUE".
biodb.DEBUG[2025-10-11 16:02:12.823][self$setPropertyValue] Setting property "searchable.fields" to "name".
biodb.DEBUG[2025-10-11 16:02:12.823][self$setPropertyValue] Setting property "searchable.fields" to "description".
biodb.DEBUG[2025-10-11 16:02:12.823][self$setPropertyValue] Setting property "searchable.fields" to "secondary.accessions".
biodb.DEBUG[2025-10-11 16:02:12.824][self$setPropertyValue] Setting property "scheduler.n" to "3".
biodb.DEBUG[2025-10-11 16:02:12.825][self$setPropertyValue] Notifying observers about frequency change.
biodb.DEBUG[2025-10-11 16:02:12.826][notifyObservers] Notify observers for notifyConnSchedulerFrequencyUpdated.
biodb.DEBUG[2025-10-11 16:02:12.827][self$setPropertyValue] Setting property "scheduler.t" to "1".
biodb.DEBUG[2025-10-11 16:02:12.828][self$setPropertyValue] Notifying observers about frequency change.
biodb.DEBUG[2025-10-11 16:02:12.829][notifyObservers] Notify observers for notifyConnSchedulerFrequencyUpdated.
biodb.DEBUG[2025-10-11 16:02:12.830][self$setPropertyValue] Setting property "token" to "NA".
biodb.DEBUG[2025-10-11 16:02:12.831][self$setPropertyValue] Setting property "urls" to "http://www.hmdb.ca/".
biodb.DEBUG[2025-10-11 16:02:12.831][self$setPropertyValue] Setting property "urls" to "http://www.hmdb.ca/system/downloads/current/hmdb_metabolites.zip".
biodb.DEBUG[2025-10-11 16:02:12.832][self$setPropertyValue] Notifying observers about URLs change.
biodb.DEBUG[2025-10-11 16:02:12.832][notifyObservers] Notify observers for notifyConnUrlsUpdated.
biodb.DEBUG[2025-10-11 16:02:12.833][self$setPropertyValue] Setting property "writable" to "FALSE".
biodb.DEBUG[2025-10-11 16:02:12.834][self$setPropertyValue] Setting property "xml.ns" to "<NULL>".
biodb.DEBUG[2025-10-11 16:02:12.840][self$getEntryFields()$define] Define field secondary_accessions.
biodb.DEBUG[2025-10-11 16:02:12.845][self$getEntryFields()$define] Define field chemspider.id.
biodb.DEBUG[2025-10-11 16:02:12.847][self$getEntryFields()$define] Define field hmdb.metabolites.id.
biodb.DEBUG[2025-10-11 16:02:12.848][self$getEntryFields()$define] Define field kegg.compound.id.
biodb.DEBUG[2025-10-11 16:02:12.850][self$getEntryFields()$define] Define field ncbi.pubchem.comp.id.
biodb.DEBUG[2025-10-11 16:02:12.871][initialize] Initialize connector hmdb.metabolites.
biodb.DEBUG[2025-10-11 16:02:12.885][biodb$getFactory()$createConn] Creating new connector hmdb.metabolites for database class hmdb.metabolites .
biodb.INFO [2025-10-11 16:02:12.893][biodb::testThat]
biodb.INFO [2025-10-11 16:02:12.894][biodb::testThat] Running test function  test.entry.fields  (" Entry fields have a correct value ").
biodb.INFO [2025-10-11 16:02:12.894][biodb::testThat] --------------------------------------------------------------------------------
biodb.INFO [2025-10-11 16:02:12.895][biodb::testThat]
biodb.TRACE[2025-10-11 16:02:12.899][loadFileContents] Loaded 1 files from cache: [1]: "/home/biocbuild/bbs-3.22-bioc-longtests/meat/biodbHmdb.Rcheck/biodbHmdb/testref/entry-hmdb.metabolites-HMDB0000001-content.xml".
biodb.DEBUG[2025-10-11 16:02:12.901][biodb$getFactory()$createEntryFromCo ...] Creating HMDB Metabolites entries from 1 content(s).
biodb.DEBUG[2025-10-11 16:02:12.904][biodb$getFactory()$createEntryFromCo ...] Parsing 1 HMDB Metabolites entries.
biodb.DEBUG[2025-10-11 16:02:12.912][notifyObservers] Notify observers for notifyProgress.
biodb.DEBUG[2025-10-11 16:02:12.912][FUN] Trying to call function notifyProgress on observer BiodbTestMsgAck.
biodb.DEBUG[2025-10-11 16:02:12.913][FUN] Functions in observer BiodbTestMsgAck: [4]: ".__enclos_env__, clone, notifyProgress, initialize".
biodb.DEBUG[2025-10-11 16:02:12.925][FUN] Trying to call function notifyProgress on observer BiodbEntryFields.
biodb.DEBUG[2025-10-11 16:02:12.926][FUN] Functions in observer BiodbEntryFields: [15]: ".__enclos_env__, clone, terminate, define, print, getDatabaseIdField, getFieldNames, get, getRealName, checkIsDefined, isDefined, formatName, isAlias, notifyCfgUpdate, initialize".
biodb.DEBUG[2025-10-11 16:02:12.927][FUN] Trying to call function notifyProgress on observer BiodbConfig.
biodb.DEBUG[2025-10-11 16:02:12.928][FUN] Functions in observer BiodbConfig: [21]: ".__enclos_env__, clone, terminate, notifyNewObservers, define, getAssocEnvVar, listKeys, print, disable, enable, reset, set, get, isEnabled, isDefined, hasKey, getDefaultValue, getDescription, getTitle, getKeys, initialize".
biodb.TRACE[2025-10-11 16:02:12.939][ef$get] Asked field names are: accession.
biodb.TRACE[2025-10-11 16:02:12.940][ef$get] Realnames of fields are: accession.
biodb.TRACE[2025-10-11 16:02:12.941][ef$get] 1 fields were returned.
biodb.TRACE[2025-10-11 16:02:12.942][ef$get] fields variable is a list.
biodb.TRACE[2025-10-11 16:02:12.944][self$getBiodb()$getEntryFields()$get] Asked field names are: accession.
biodb.TRACE[2025-10-11 16:02:12.956][self$getBiodb()$getEntryFields()$get] Realnames of fields are: accession.
biodb.TRACE[2025-10-11 16:02:12.956][self$getBiodb()$getEntryFields()$get] 1 fields were returned.
biodb.TRACE[2025-10-11 16:02:12.957][self$getBiodb()$getEntryFields()$get] fields variable is a list.
biodb.TRACE[2025-10-11 16:02:12.958][ef$get] Asked field names are: secondary.accessions.
biodb.TRACE[2025-10-11 16:02:12.960][ef$get] Realnames of fields are: secondary.accessions.
biodb.TRACE[2025-10-11 16:02:12.960][ef$get] 1 fields were returned.
biodb.TRACE[2025-10-11 16:02:12.961][ef$get] fields variable is a list.
biodb.TRACE[2025-10-11 16:02:12.986][self$getBiodb()$getEntryFields()$get] Asked field names are: secondary.accessions.
biodb.TRACE[2025-10-11 16:02:12.987][self$getBiodb()$getEntryFields()$get] Realnames of fields are: secondary.accessions.
biodb.TRACE[2025-10-11 16:02:12.988][self$getBiodb()$getEntryFields()$get] 1 fields were returned.
biodb.TRACE[2025-10-11 16:02:12.989][self$getBiodb()$getEntryFields()$get] fields variable is a list.
biodb.TRACE[2025-10-11 16:02:12.990][ef$get] Asked field names are: average.mass.
biodb.TRACE[2025-10-11 16:02:12.991][ef$get] Realnames of fields are: average.mass.
biodb.TRACE[2025-10-11 16:02:12.992][ef$get] 1 fields were returned.
biodb.TRACE[2025-10-11 16:02:12.993][ef$get] fields variable is a list.
biodb.TRACE[2025-10-11 16:02:12.994][self$getBiodb()$getEntryFields()$get] Asked field names are: average.mass.
biodb.TRACE[2025-10-11 16:02:12.995][self$getBiodb()$getEntryFields()$get] Realnames of fields are: average.mass.
biodb.TRACE[2025-10-11 16:02:12.996][self$getBiodb()$getEntryFields()$get] 1 fields were returned.
biodb.TRACE[2025-10-11 16:02:12.997][self$getBiodb()$getEntryFields()$get] fields variable is a list.
biodb.TRACE[2025-10-11 16:02:12.998][ef$get] Asked field names are: cas.id.
biodb.TRACE[2025-10-11 16:02:12.999][ef$get] Realnames of fields are: cas.id.
biodb.TRACE[2025-10-11 16:02:13.000][ef$get] 1 fields were returned.
biodb.TRACE[2025-10-11 16:02:13.001][ef$get] fields variable is a list.
biodb.TRACE[2025-10-11 16:02:13.002][self$getBiodb()$getEntryFields()$get] Asked field names are: cas.id.
biodb.TRACE[2025-10-11 16:02:13.003][self$getBiodb()$getEntryFields()$get] Realnames of fields are: cas.id.
biodb.TRACE[2025-10-11 16:02:13.004][self$getBiodb()$getEntryFields()$get] 1 fields were returned.
biodb.TRACE[2025-10-11 16:02:13.005][self$getBiodb()$getEntryFields()$get] fields variable is a list.
biodb.TRACE[2025-10-11 16:02:13.006][ef$get] Asked field names are: chebi.id.
biodb.TRACE[2025-10-11 16:02:13.007][ef$get] Realnames of fields are: chebi.id.
biodb.TRACE[2025-10-11 16:02:13.008][ef$get] 1 fields were returned.
biodb.TRACE[2025-10-11 16:02:13.017][ef$get] fields variable is a list.
biodb.TRACE[2025-10-11 16:02:13.019][self$getBiodb()$getEntryFields()$get] Asked field names are: chebi.id.
biodb.TRACE[2025-10-11 16:02:13.020][self$getBiodb()$getEntryFields()$get] Realnames of fields are: chebi.id.
biodb.TRACE[2025-10-11 16:02:13.021][self$getBiodb()$getEntryFields()$get] 1 fields were returned.
biodb.TRACE[2025-10-11 16:02:13.022][self$getBiodb()$getEntryFields()$get] fields variable is a list.
biodb.TRACE[2025-10-11 16:02:13.023][ef$get] Asked field names are: chemspider.id.
biodb.TRACE[2025-10-11 16:02:13.024][ef$get] Realnames of fields are: chemspider.id.
biodb.TRACE[2025-10-11 16:02:13.024][ef$get] 1 fields were returned.
biodb.TRACE[2025-10-11 16:02:13.025][ef$get] fields variable is a list.
biodb.TRACE[2025-10-11 16:02:13.027][self$getBiodb()$getEntryFields()$get] Asked field names are: chemspider.id.
biodb.TRACE[2025-10-11 16:02:13.028][self$getBiodb()$getEntryFields()$get] Realnames of fields are: chemspider.id.
biodb.TRACE[2025-10-11 16:02:13.028][self$getBiodb()$getEntryFields()$get] 1 fields were returned.
biodb.TRACE[2025-10-11 16:02:13.029][self$getBiodb()$getEntryFields()$get] fields variable is a list.
biodb.TRACE[2025-10-11 16:02:13.030][ef$get] Asked field names are: kegg.compound.id.
biodb.TRACE[2025-10-11 16:02:13.031][ef$get] Realnames of fields are: kegg.compound.id.
biodb.TRACE[2025-10-11 16:02:13.032][ef$get] 1 fields were returned.
biodb.TRACE[2025-10-11 16:02:13.033][ef$get] fields variable is a list.
biodb.TRACE[2025-10-11 16:02:13.034][self$getBiodb()$getEntryFields()$get] Asked field names are: kegg.compound.id.
biodb.TRACE[2025-10-11 16:02:13.035][self$getBiodb()$getEntryFields()$get] Realnames of fields are: kegg.compound.id.
biodb.TRACE[2025-10-11 16:02:13.036][self$getBiodb()$getEntryFields()$get] 1 fields were returned.
biodb.TRACE[2025-10-11 16:02:13.037][self$getBiodb()$getEntryFields()$get] fields variable is a list.
biodb.TRACE[2025-10-11 16:02:13.038][ef$get] Asked field names are: ncbi.pubchem.comp.id.
biodb.TRACE[2025-10-11 16:02:13.039][ef$get] Realnames of fields are: ncbi.pubchem.comp.id.
biodb.TRACE[2025-10-11 16:02:13.040][ef$get] 1 fields were returned.
biodb.TRACE[2025-10-11 16:02:13.041][ef$get] fields variable is a list.
biodb.TRACE[2025-10-11 16:02:13.042][self$getBiodb()$getEntryFields()$get] Asked field names are: ncbi.pubchem.comp.id.
biodb.TRACE[2025-10-11 16:02:13.043][self$getBiodb()$getEntryFields()$get] Realnames of fields are: ncbi.pubchem.comp.id.
biodb.TRACE[2025-10-11 16:02:13.044][self$getBiodb()$getEntryFields()$get] 1 fields were returned.
biodb.TRACE[2025-10-11 16:02:13.045][self$getBiodb()$getEntryFields()$get] fields variable is a list.
biodb.TRACE[2025-10-11 16:02:13.046][ef$get] Asked field names are: comp.iupac.name.syst.
biodb.TRACE[2025-10-11 16:02:13.047][ef$get] Realnames of fields are: comp.iupac.name.syst.
biodb.TRACE[2025-10-11 16:02:13.048][ef$get] 1 fields were returned.
biodb.TRACE[2025-10-11 16:02:13.049][ef$get] fields variable is a list.
biodb.TRACE[2025-10-11 16:02:13.050][self$getBiodb()$getEntryFields()$get] Asked field names are: comp.iupac.name.syst.
biodb.TRACE[2025-10-11 16:02:13.051][self$getBiodb()$getEntryFields()$get] Realnames of fields are: comp.iupac.name.syst.
biodb.TRACE[2025-10-11 16:02:13.052][self$getBiodb()$getEntryFields()$get] 1 fields were returned.
biodb.TRACE[2025-10-11 16:02:13.053][self$getBiodb()$getEntryFields()$get] fields variable is a list.
biodb.TRACE[2025-10-11 16:02:13.054][ef$get] Asked field names are: comp.iupac.name.trad.
biodb.TRACE[2025-10-11 16:02:13.055][ef$get] Realnames of fields are: comp.iupac.name.trad.
biodb.TRACE[2025-10-11 16:02:13.056][ef$get] 1 fields were returned.
biodb.TRACE[2025-10-11 16:02:13.057][ef$get] fields variable is a list.
biodb.TRACE[2025-10-11 16:02:13.058][self$getBiodb()$getEntryFields()$get] Asked field names are: comp.iupac.name.trad.
biodb.TRACE[2025-10-11 16:02:13.059][self$getBiodb()$getEntryFields()$get] Realnames of fields are: comp.iupac.name.trad.
biodb.TRACE[2025-10-11 16:02:13.060][self$getBiodb()$getEntryFields()$get] 1 fields were returned.
biodb.TRACE[2025-10-11 16:02:13.061][self$getBiodb()$getEntryFields()$get] fields variable is a list.
biodb.TRACE[2025-10-11 16:02:13.062][ef$get] Asked field names are: formula.
biodb.TRACE[2025-10-11 16:02:13.063][ef$get] Realnames of fields are: formula.
biodb.TRACE[2025-10-11 16:02:13.064][ef$get] 1 fields were returned.
biodb.TRACE[2025-10-11 16:02:13.065][ef$get] fields variable is a list.
biodb.TRACE[2025-10-11 16:02:13.066][self$getBiodb()$getEntryFields()$get] Asked field names are: formula.
biodb.TRACE[2025-10-11 16:02:13.067][self$getBiodb()$getEntryFields()$get] Realnames of fields are: formula.
biodb.TRACE[2025-10-11 16:02:13.068][self$getBiodb()$getEntryFields()$get] 1 fields were returned.
biodb.TRACE[2025-10-11 16:02:13.069][self$getBiodb()$getEntryFields()$get] fields variable is a list.
biodb.TRACE[2025-10-11 16:02:13.070][ef$get] Asked field names are: inchi.
biodb.TRACE[2025-10-11 16:02:13.071][ef$get] Realnames of fields are: inchi.
biodb.TRACE[2025-10-11 16:02:13.072][ef$get] 1 fields were returned.
biodb.TRACE[2025-10-11 16:02:13.073][ef$get] fields variable is a list.
biodb.TRACE[2025-10-11 16:02:13.074][self$getBiodb()$getEntryFields()$get] Asked field names are: inchi.
biodb.TRACE[2025-10-11 16:02:13.075][self$getBiodb()$getEntryFields()$get] Realnames of fields are: inchi.
biodb.TRACE[2025-10-11 16:02:13.076][self$getBiodb()$getEntryFields()$get] 1 fields were returned.
biodb.TRACE[2025-10-11 16:02:13.077][self$getBiodb()$getEntryFields()$get] fields variable is a list.
biodb.TRACE[2025-10-11 16:02:13.078][ef$get] Asked field names are: inchikey.
biodb.TRACE[2025-10-11 16:02:13.079][ef$get] Realnames of fields are: inchikey.
biodb.TRACE[2025-10-11 16:02:13.080][ef$get] 1 fields were returned.
biodb.TRACE[2025-10-11 16:02:13.081][ef$get] fields variable is a list.
biodb.TRACE[2025-10-11 16:02:13.082][self$getBiodb()$getEntryFields()$get] Asked field names are: inchikey.
biodb.TRACE[2025-10-11 16:02:13.083][self$getBiodb()$getEntryFields()$get] Realnames of fields are: inchikey.
biodb.TRACE[2025-10-11 16:02:13.084][self$getBiodb()$getEntryFields()$get] 1 fields were returned.
biodb.TRACE[2025-10-11 16:02:13.085][self$getBiodb()$getEntryFields()$get] fields variable is a list.
biodb.TRACE[2025-10-11 16:02:13.086][ef$get] Asked field names are: monoisotopic.mass.
biodb.TRACE[2025-10-11 16:02:13.087][ef$get] Realnames of fields are: monoisotopic.mass.
biodb.TRACE[2025-10-11 16:02:13.088][ef$get] 1 fields were returned.
biodb.TRACE[2025-10-11 16:02:13.088][ef$get] fields variable is a list.
biodb.TRACE[2025-10-11 16:02:13.090][self$getBiodb()$getEntryFields()$get] Asked field names are: monoisotopic.mass.
biodb.TRACE[2025-10-11 16:02:13.091][self$getBiodb()$getEntryFields()$get] Realnames of fields are: monoisotopic.mass.
biodb.TRACE[2025-10-11 16:02:13.092][self$getBiodb()$getEntryFields()$get] 1 fields were returned.
biodb.TRACE[2025-10-11 16:02:13.092][self$getBiodb()$getEntryFields()$get] fields variable is a list.
biodb.TRACE[2025-10-11 16:02:13.094][ef$get] Asked field names are: name.
biodb.TRACE[2025-10-11 16:02:13.095][ef$get] Realnames of fields are: name.
biodb.TRACE[2025-10-11 16:02:13.095][ef$get] 1 fields were returned.
biodb.TRACE[2025-10-11 16:02:13.096][ef$get] fields variable is a list.
biodb.TRACE[2025-10-11 16:02:13.097][self$getBiodb()$getEntryFields()$get] Asked field names are: name.
biodb.TRACE[2025-10-11 16:02:13.098][self$getBiodb()$getEntryFields()$get] Realnames of fields are: name.
biodb.TRACE[2025-10-11 16:02:13.099][self$getBiodb()$getEntryFields()$get] 1 fields were returned.
biodb.TRACE[2025-10-11 16:02:13.100][self$getBiodb()$getEntryFields()$get] fields variable is a list.
biodb.TRACE[2025-10-11 16:02:13.101][ef$get] Asked field names are: description.
biodb.TRACE[2025-10-11 16:02:13.102][ef$get] Realnames of fields are: description.
biodb.TRACE[2025-10-11 16:02:13.103][ef$get] 1 fields were returned.
biodb.TRACE[2025-10-11 16:02:13.104][ef$get] fields variable is a list.
biodb.TRACE[2025-10-11 16:02:13.105][self$getBiodb()$getEntryFields()$get] Asked field names are: description.
biodb.TRACE[2025-10-11 16:02:13.106][self$getBiodb()$getEntryFields()$get] Realnames of fields are: description.
biodb.TRACE[2025-10-11 16:02:13.107][self$getBiodb()$getEntryFields()$get] 1 fields were returned.
biodb.TRACE[2025-10-11 16:02:13.108][self$getBiodb()$getEntryFields()$get] fields variable is a list.
biodb.TRACE[2025-10-11 16:02:13.109][ef$get] Asked field names are: smiles.
biodb.TRACE[2025-10-11 16:02:13.110][ef$get] Realnames of fields are: smiles.
biodb.TRACE[2025-10-11 16:02:13.111][ef$get] 1 fields were returned.
biodb.TRACE[2025-10-11 16:02:13.112][ef$get] fields variable is a list.
biodb.TRACE[2025-10-11 16:02:13.113][self$getBiodb()$getEntryFields()$get] Asked field names are: smiles.
biodb.TRACE[2025-10-11 16:02:13.114][self$getBiodb()$getEntryFields()$get] Realnames of fields are: smiles.
biodb.TRACE[2025-10-11 16:02:13.115][self$getBiodb()$getEntryFields()$get] 1 fields were returned.
biodb.TRACE[2025-10-11 16:02:13.116][self$getBiodb()$getEntryFields()$get] fields variable is a list.
biodb.TRACE[2025-10-11 16:02:13.117][ef$get] Asked field names are: super.class.
biodb.TRACE[2025-10-11 16:02:13.118][ef$get] Realnames of fields are: comp.super.class.
biodb.TRACE[2025-10-11 16:02:13.119][ef$get] 1 fields were returned.
biodb.TRACE[2025-10-11 16:02:13.120][ef$get] fields variable is a list.
biodb.TRACE[2025-10-11 16:02:13.121][self$getBiodb()$getEntryFields()$get] Asked field names are: super.class.
biodb.TRACE[2025-10-11 16:02:13.122][self$getBiodb()$getEntryFields()$get] Realnames of fields are: comp.super.class.
biodb.TRACE[2025-10-11 16:02:13.123][self$getBiodb()$getEntryFields()$get] 1 fields were returned.
biodb.TRACE[2025-10-11 16:02:13.124][self$getBiodb()$getEntryFields()$get] fields variable is a list.
biodb.TRACE[2025-10-11 16:02:13.125][self$getBiodb()$getEntryFields()$get] Asked field names are: accession.
biodb.TRACE[2025-10-11 16:02:13.126][self$getBiodb()$getEntryFields()$get] Realnames of fields are: accession.
biodb.TRACE[2025-10-11 16:02:13.127][self$getBiodb()$getEntryFields()$get] 1 fields were returned.
biodb.TRACE[2025-10-11 16:02:13.128][self$getBiodb()$getEntryFields()$get] fields variable is a list.
biodb.TRACE[2025-10-11 16:02:13.129][self$getBiodb()$getEntryFields()$get] Asked field names are: accession.
biodb.TRACE[2025-10-11 16:02:13.130][self$getBiodb()$getEntryFields()$get] Realnames of fields are: accession.
biodb.TRACE[2025-10-11 16:02:13.131][self$getBiodb()$getEntryFields()$get] 1 fields were returned.
biodb.TRACE[2025-10-11 16:02:13.132][self$getBiodb()$getEntryFields()$get] fields variable is a list.
biodb.TRACE[2025-10-11 16:02:13.133][self$getBiodb()$getEntryFields()$get] Asked field names are: accession.
biodb.TRACE[2025-10-11 16:02:13.134][self$getBiodb()$getEntryFields()$get] Realnames of fields are: accession.
biodb.TRACE[2025-10-11 16:02:13.134][self$getBiodb()$getEntryFields()$get] 1 fields were returned.
biodb.TRACE[2025-10-11 16:02:13.135][self$getBiodb()$getEntryFields()$get] fields variable is a list.
biodb.TRACE[2025-10-11 16:02:13.208][self$getBiodb()$getEntryFields()$get] Asked field names are: average.mass.
biodb.TRACE[2025-10-11 16:02:13.210][self$getBiodb()$getEntryFields()$get] Realnames of fields are: average.mass.
biodb.TRACE[2025-10-11 16:02:13.211][self$getBiodb()$getEntryFields()$get] 1 fields were returned.
biodb.TRACE[2025-10-11 16:02:13.212][self$getBiodb()$getEntryFields()$get] fields variable is a list.
biodb.TRACE[2025-10-11 16:02:13.213][self$getBiodb()$getEntryFields()$get] Asked field names are: average.mass.
biodb.TRACE[2025-10-11 16:02:13.214][self$getBiodb()$getEntryFields()$get] Realnames of fields are: average.mass.
biodb.TRACE[2025-10-11 16:02:13.214][self$getBiodb()$getEntryFields()$get] 1 fields were returned.
biodb.TRACE[2025-10-11 16:02:13.215][self$getBiodb()$getEntryFields()$get] fields variable is a list.
biodb.TRACE[2025-10-11 16:02:13.216][self$getBiodb()$getEntryFields()$get] Asked field names are: average.mass.
biodb.TRACE[2025-10-11 16:02:13.217][self$getBiodb()$getEntryFields()$get] Realnames of fields are: average.mass.
biodb.TRACE[2025-10-11 16:02:13.218][self$getBiodb()$getEntryFields()$get] 1 fields were returned.
biodb.TRACE[2025-10-11 16:02:13.219][self$getBiodb()$getEntryFields()$get] fields variable is a list.
biodb.TRACE[2025-10-11 16:02:13.220][self$getBiodb()$getEntryFields()$get] Asked field names are: cas.id.
biodb.TRACE[2025-10-11 16:02:13.221][self$getBiodb()$getEntryFields()$get] Realnames of fields are: cas.id.
biodb.TRACE[2025-10-11 16:02:13.222][self$getBiodb()$getEntryFields()$get] 1 fields were returned.
biodb.TRACE[2025-10-11 16:02:13.223][self$getBiodb()$getEntryFields()$get] fields variable is a list.
biodb.TRACE[2025-10-11 16:02:13.224][self$getBiodb()$getEntryFields()$get] Asked field names are: cas.id.
biodb.TRACE[2025-10-11 16:02:13.225][self$getBiodb()$getEntryFields()$get] Realnames of fields are: cas.id.
biodb.TRACE[2025-10-11 16:02:13.226][self$getBiodb()$getEntryFields()$get] 1 fields were returned.
biodb.TRACE[2025-10-11 16:02:13.227][self$getBiodb()$getEntryFields()$get] fields variable is a list.
biodb.TRACE[2025-10-11 16:02:13.228][self$getBiodb()$getEntryFields()$get] Asked field names are: cas.id.
biodb.TRACE[2025-10-11 16:02:13.229][self$getBiodb()$getEntryFields()$get] Realnames of fields are: cas.id.
biodb.TRACE[2025-10-11 16:02:13.230][self$getBiodb()$getEntryFields()$get] 1 fields were returned.
biodb.TRACE[2025-10-11 16:02:13.231][self$getBiodb()$getEntryFields()$get] fields variable is a list.
biodb.TRACE[2025-10-11 16:02:13.232][self$getBiodb()$getEntryFields()$get] Asked field names are: chebi.id.
biodb.TRACE[2025-10-11 16:02:13.233][self$getBiodb()$getEntryFields()$get] Realnames of fields are: chebi.id.
biodb.TRACE[2025-10-11 16:02:13.234][self$getBiodb()$getEntryFields()$get] 1 fields were returned.
biodb.TRACE[2025-10-11 16:02:13.235][self$getBiodb()$getEntryFields()$get] fields variable is a list.
biodb.TRACE[2025-10-11 16:02:13.235][self$getBiodb()$getEntryFields()$get] Asked field names are: chebi.id.
biodb.TRACE[2025-10-11 16:02:13.236][self$getBiodb()$getEntryFields()$get] Realnames of fields are: chebi.id.
biodb.TRACE[2025-10-11 16:02:13.237][self$getBiodb()$getEntryFields()$get] 1 fields were returned.
biodb.TRACE[2025-10-11 16:02:13.238][self$getBiodb()$getEntryFields()$get] fields variable is a list.
biodb.TRACE[2025-10-11 16:02:13.239][self$getBiodb()$getEntryFields()$get] Asked field names are: chebi.id.
biodb.TRACE[2025-10-11 16:02:13.240][self$getBiodb()$getEntryFields()$get] Realnames of fields are: chebi.id.
biodb.TRACE[2025-10-11 16:02:13.241][self$getBiodb()$getEntryFields()$get] 1 fields were returned.
biodb.TRACE[2025-10-11 16:02:13.242][self$getBiodb()$getEntryFields()$get] fields variable is a list.
biodb.TRACE[2025-10-11 16:02:13.243][self$getBiodb()$getEntryFields()$get] Asked field names are: chemspider.id.
biodb.TRACE[2025-10-11 16:02:13.244][self$getBiodb()$getEntryFields()$get] Realnames of fields are: chemspider.id.
biodb.TRACE[2025-10-11 16:02:13.245][self$getBiodb()$getEntryFields()$get] 1 fields were returned.
biodb.TRACE[2025-10-11 16:02:13.246][self$getBiodb()$getEntryFields()$get] fields variable is a list.
biodb.TRACE[2025-10-11 16:02:13.247][self$getBiodb()$getEntryFields()$get] Asked field names are: chemspider.id.
biodb.TRACE[2025-10-11 16:02:13.248][self$getBiodb()$getEntryFields()$get] Realnames of fields are: chemspider.id.
biodb.TRACE[2025-10-11 16:02:13.249][self$getBiodb()$getEntryFields()$get] 1 fields were returned.
biodb.TRACE[2025-10-11 16:02:13.250][self$getBiodb()$getEntryFields()$get] fields variable is a list.
biodb.TRACE[2025-10-11 16:02:13.251][self$getBiodb()$getEntryFields()$get] Asked field names are: chemspider.id.
biodb.TRACE[2025-10-11 16:02:13.252][self$getBiodb()$getEntryFields()$get] Realnames of fields are: chemspider.id.
biodb.TRACE[2025-10-11 16:02:13.253][self$getBiodb()$getEntryFields()$get] 1 fields were returned.
biodb.TRACE[2025-10-11 16:02:13.253][self$getBiodb()$getEntryFields()$get] fields variable is a list.
biodb.TRACE[2025-10-11 16:02:13.254][self$getBiodb()$getEntryFields()$get] Asked field names are: comp.iupac.name.syst.
biodb.TRACE[2025-10-11 16:02:13.256][self$getBiodb()$getEntryFields()$get] Realnames of fields are: comp.iupac.name.syst.
biodb.TRACE[2025-10-11 16:02:13.256][self$getBiodb()$getEntryFields()$get] 1 fields were returned.
biodb.TRACE[2025-10-11 16:02:13.257][self$getBiodb()$getEntryFields()$get] fields variable is a list.
biodb.TRACE[2025-10-11 16:02:13.258][self$getBiodb()$getEntryFields()$get] Asked field names are: comp.iupac.name.syst.
biodb.TRACE[2025-10-11 16:02:13.259][self$getBiodb()$getEntryFields()$get] Realnames of fields are: comp.iupac.name.syst.
biodb.TRACE[2025-10-11 16:02:13.260][self$getBiodb()$getEntryFields()$get] 1 fields were returned.
biodb.TRACE[2025-10-11 16:02:13.261][self$getBiodb()$getEntryFields()$get] fields variable is a list.
biodb.TRACE[2025-10-11 16:02:13.262][self$getBiodb()$getEntryFields()$get] Asked field names are: comp.iupac.name.syst.
biodb.TRACE[2025-10-11 16:02:13.263][self$getBiodb()$getEntryFields()$get] Realnames of fields are: comp.iupac.name.syst.
biodb.TRACE[2025-10-11 16:02:13.264][self$getBiodb()$getEntryFields()$get] 1 fields were returned.
biodb.TRACE[2025-10-11 16:02:13.265][self$getBiodb()$getEntryFields()$get] fields variable is a list.
biodb.TRACE[2025-10-11 16:02:13.266][self$getBiodb()$getEntryFields()$get] Asked field names are: comp.iupac.name.trad.
biodb.TRACE[2025-10-11 16:02:13.267][self$getBiodb()$getEntryFields()$get] Realnames of fields are: comp.iupac.name.trad.
biodb.TRACE[2025-10-11 16:02:13.268][self$getBiodb()$getEntryFields()$get] 1 fields were returned.
biodb.TRACE[2025-10-11 16:02:13.269][self$getBiodb()$getEntryFields()$get] fields variable is a list.
biodb.TRACE[2025-10-11 16:02:13.270][self$getBiodb()$getEntryFields()$get] Asked field names are: comp.iupac.name.trad.
biodb.TRACE[2025-10-11 16:02:13.271][self$getBiodb()$getEntryFields()$get] Realnames of fields are: comp.iupac.name.trad.
biodb.TRACE[2025-10-11 16:02:13.272][self$getBiodb()$getEntryFields()$get] 1 fields were returned.
biodb.TRACE[2025-10-11 16:02:13.272][self$getBiodb()$getEntryFields()$get] fields variable is a list.
biodb.TRACE[2025-10-11 16:02:13.273][self$getBiodb()$getEntryFields()$get] Asked field names are: comp.iupac.name.trad.
biodb.TRACE[2025-10-11 16:02:13.274][self$getBiodb()$getEntryFields()$get] Realnames of fields are: comp.iupac.name.trad.
biodb.TRACE[2025-10-11 16:02:13.275][self$getBiodb()$getEntryFields()$get] 1 fields were returned.
biodb.TRACE[2025-10-11 16:02:13.276][self$getBiodb()$getEntryFields()$get] fields variable is a list.
biodb.TRACE[2025-10-11 16:02:13.277][self$getBiodb()$getEntryFields()$get] Asked field names are: comp.super.class.
biodb.TRACE[2025-10-11 16:02:13.278][self$getBiodb()$getEntryFields()$get] Realnames of fields are: comp.super.class.
biodb.TRACE[2025-10-11 16:02:13.279][self$getBiodb()$getEntryFields()$get] 1 fields were returned.
biodb.TRACE[2025-10-11 16:02:13.280][self$getBiodb()$getEntryFields()$get] fields variable is a list.
biodb.TRACE[2025-10-11 16:02:13.281][self$getBiodb()$getEntryFields()$get] Asked field names are: comp.super.class.
biodb.TRACE[2025-10-11 16:02:13.282][self$getBiodb()$getEntryFields()$get] Realnames of fields are: comp.super.class.
biodb.TRACE[2025-10-11 16:02:13.283][self$getBiodb()$getEntryFields()$get] 1 fields were returned.
biodb.TRACE[2025-10-11 16:02:13.284][self$getBiodb()$getEntryFields()$get] fields variable is a list.
biodb.TRACE[2025-10-11 16:02:13.285][self$getBiodb()$getEntryFields()$get] Asked field names are: comp.super.class.
biodb.TRACE[2025-10-11 16:02:13.286][self$getBiodb()$getEntryFields()$get] Realnames of fields are: comp.super.class.
biodb.TRACE[2025-10-11 16:02:13.287][self$getBiodb()$getEntryFields()$get] 1 fields were returned.
biodb.TRACE[2025-10-11 16:02:13.288][self$getBiodb()$getEntryFields()$get] fields variable is a list.
biodb.TRACE[2025-10-11 16:02:13.292][self$getBiodb()$getEntryFields()$get] Asked field names are: description.
biodb.TRACE[2025-10-11 16:02:13.293][self$getBiodb()$getEntryFields()$get] Realnames of fields are: description.
biodb.TRACE[2025-10-11 16:02:13.294][self$getBiodb()$getEntryFields()$get] 1 fields were returned.
biodb.TRACE[2025-10-11 16:02:13.295][self$getBiodb()$getEntryFields()$get] fields variable is a list.
biodb.TRACE[2025-10-11 16:02:13.296][self$getBiodb()$getEntryFields()$get] Asked field names are: description.
biodb.TRACE[2025-10-11 16:02:13.297][self$getBiodb()$getEntryFields()$get] Realnames of fields are: description.
biodb.TRACE[2025-10-11 16:02:13.298][self$getBiodb()$getEntryFields()$get] 1 fields were returned.
biodb.TRACE[2025-10-11 16:02:13.299][self$getBiodb()$getEntryFields()$get] fields variable is a list.
biodb.TRACE[2025-10-11 16:02:13.300][self$getBiodb()$getEntryFields()$get] Asked field names are: description.
biodb.TRACE[2025-10-11 16:02:13.301][self$getBiodb()$getEntryFields()$get] Realnames of fields are: description.
biodb.TRACE[2025-10-11 16:02:13.302][self$getBiodb()$getEntryFields()$get] 1 fields were returned.
biodb.TRACE[2025-10-11 16:02:13.302][self$getBiodb()$getEntryFields()$get] fields variable is a list.
biodb.TRACE[2025-10-11 16:02:13.303][self$getBiodb()$getEntryFields()$get] Asked field names are: formula.
biodb.TRACE[2025-10-11 16:02:13.305][self$getBiodb()$getEntryFields()$get] Realnames of fields are: formula.
biodb.TRACE[2025-10-11 16:02:13.305][self$getBiodb()$getEntryFields()$get] 1 fields were returned.
biodb.TRACE[2025-10-11 16:02:13.306][self$getBiodb()$getEntryFields()$get] fields variable is a list.
biodb.TRACE[2025-10-11 16:02:13.307][self$getBiodb()$getEntryFields()$get] Asked field names are: formula.
biodb.TRACE[2025-10-11 16:02:13.308][self$getBiodb()$getEntryFields()$get] Realnames of fields are: formula.
biodb.TRACE[2025-10-11 16:02:13.309][self$getBiodb()$getEntryFields()$get] 1 fields were returned.
biodb.TRACE[2025-10-11 16:02:13.310][self$getBiodb()$getEntryFields()$get] fields variable is a list.
biodb.TRACE[2025-10-11 16:02:13.311][self$getBiodb()$getEntryFields()$get] Asked field names are: formula.
biodb.TRACE[2025-10-11 16:02:13.312][self$getBiodb()$getEntryFields()$get] Realnames of fields are: formula.
biodb.TRACE[2025-10-11 16:02:13.313][self$getBiodb()$getEntryFields()$get] 1 fields were returned.
biodb.TRACE[2025-10-11 16:02:13.314][self$getBiodb()$getEntryFields()$get] fields variable is a list.
biodb.TRACE[2025-10-11 16:02:13.315][self$getBiodb()$getEntryFields()$get] Asked field names are: inchi.
biodb.TRACE[2025-10-11 16:02:13.316][self$getBiodb()$getEntryFields()$get] Realnames of fields are: inchi.
biodb.TRACE[2025-10-11 16:02:13.317][self$getBiodb()$getEntryFields()$get] 1 fields were returned.
biodb.TRACE[2025-10-11 16:02:13.318][self$getBiodb()$getEntryFields()$get] fields variable is a list.
biodb.TRACE[2025-10-11 16:02:13.319][self$getBiodb()$getEntryFields()$get] Asked field names are: inchi.
biodb.TRACE[2025-10-11 16:02:13.320][self$getBiodb()$getEntryFields()$get] Realnames of fields are: inchi.
biodb.TRACE[2025-10-11 16:02:13.321][self$getBiodb()$getEntryFields()$get] 1 fields were returned.
biodb.TRACE[2025-10-11 16:02:13.322][self$getBiodb()$getEntryFields()$get] fields variable is a list.
biodb.TRACE[2025-10-11 16:02:13.323][self$getBiodb()$getEntryFields()$get] Asked field names are: inchi.
biodb.TRACE[2025-10-11 16:02:13.324][self$getBiodb()$getEntryFields()$get] Realnames of fields are: inchi.
biodb.TRACE[2025-10-11 16:02:13.325][self$getBiodb()$getEntryFields()$get] 1 fields were returned.
biodb.TRACE[2025-10-11 16:02:13.325][self$getBiodb()$getEntryFields()$get] fields variable is a list.
biodb.TRACE[2025-10-11 16:02:13.326][self$getBiodb()$getEntryFields()$get] Asked field names are: inchikey.
biodb.TRACE[2025-10-11 16:02:13.327][self$getBiodb()$getEntryFields()$get] Realnames of fields are: inchikey.
biodb.TRACE[2025-10-11 16:02:13.328][self$getBiodb()$getEntryFields()$get] 1 fields were returned.
biodb.TRACE[2025-10-11 16:02:13.329][self$getBiodb()$getEntryFields()$get] fields variable is a list.
biodb.TRACE[2025-10-11 16:02:13.330][self$getBiodb()$getEntryFields()$get] Asked field names are: inchikey.
biodb.TRACE[2025-10-11 16:02:13.331][self$getBiodb()$getEntryFields()$get] Realnames of fields are: inchikey.
biodb.TRACE[2025-10-11 16:02:13.332][self$getBiodb()$getEntryFields()$get] 1 fields were returned.
biodb.TRACE[2025-10-11 16:02:13.333][self$getBiodb()$getEntryFields()$get] fields variable is a list.
biodb.TRACE[2025-10-11 16:02:13.334][self$getBiodb()$getEntryFields()$get] Asked field names are: inchikey.
biodb.TRACE[2025-10-11 16:02:13.335][self$getBiodb()$getEntryFields()$get] Realnames of fields are: inchikey.
biodb.TRACE[2025-10-11 16:02:13.336][self$getBiodb()$getEntryFields()$get] 1 fields were returned.
biodb.TRACE[2025-10-11 16:02:13.337][self$getBiodb()$getEntryFields()$get] fields variable is a list.
biodb.TRACE[2025-10-11 16:02:13.338][self$getBiodb()$getEntryFields()$get] Asked field names are: kegg.compound.id.
biodb.TRACE[2025-10-11 16:02:13.339][self$getBiodb()$getEntryFields()$get] Realnames of fields are: kegg.compound.id.
biodb.TRACE[2025-10-11 16:02:13.340][self$getBiodb()$getEntryFields()$get] 1 fields were returned.
biodb.TRACE[2025-10-11 16:02:13.341][self$getBiodb()$getEntryFields()$get] fields variable is a list.
biodb.TRACE[2025-10-11 16:02:13.342][self$getBiodb()$getEntryFields()$get] Asked field names are: kegg.compound.id.
biodb.TRACE[2025-10-11 16:02:13.343][self$getBiodb()$getEntryFields()$get] Realnames of fields are: kegg.compound.id.
biodb.TRACE[2025-10-11 16:02:13.344][self$getBiodb()$getEntryFields()$get] 1 fields were returned.
biodb.TRACE[2025-10-11 16:02:13.344][self$getBiodb()$getEntryFields()$get] fields variable is a list.
biodb.TRACE[2025-10-11 16:02:13.345][self$getBiodb()$getEntryFields()$get] Asked field names are: kegg.compound.id.
biodb.TRACE[2025-10-11 16:02:13.346][self$getBiodb()$getEntryFields()$get] Realnames of fields are: kegg.compound.id.
biodb.TRACE[2025-10-11 16:02:13.347][self$getBiodb()$getEntryFields()$get] 1 fields were returned.
biodb.TRACE[2025-10-11 16:02:13.348][self$getBiodb()$getEntryFields()$get] fields variable is a list.
biodb.TRACE[2025-10-11 16:02:13.349][self$getBiodb()$getEntryFields()$get] Asked field names are: monoisotopic.mass.
biodb.TRACE[2025-10-11 16:02:13.350][self$getBiodb()$getEntryFields()$get] Realnames of fields are: monoisotopic.mass.
biodb.TRACE[2025-10-11 16:02:13.351][self$getBiodb()$getEntryFields()$get] 1 fields were returned.
biodb.TRACE[2025-10-11 16:02:13.352][self$getBiodb()$getEntryFields()$get] fields variable is a list.
biodb.TRACE[2025-10-11 16:02:13.353][self$getBiodb()$getEntryFields()$get] Asked field names are: monoisotopic.mass.
biodb.TRACE[2025-10-11 16:02:13.354][self$getBiodb()$getEntryFields()$get] Realnames of fields are: monoisotopic.mass.
biodb.TRACE[2025-10-11 16:02:13.355][self$getBiodb()$getEntryFields()$get] 1 fields were returned.
biodb.TRACE[2025-10-11 16:02:13.356][self$getBiodb()$getEntryFields()$get] fields variable is a list.
biodb.TRACE[2025-10-11 16:02:13.357][self$getBiodb()$getEntryFields()$get] Asked field names are: monoisotopic.mass.
biodb.TRACE[2025-10-11 16:02:13.358][self$getBiodb()$getEntryFields()$get] Realnames of fields are: monoisotopic.mass.
biodb.TRACE[2025-10-11 16:02:13.359][self$getBiodb()$getEntryFields()$get] 1 fields were returned.
biodb.TRACE[2025-10-11 16:02:13.360][self$getBiodb()$getEntryFields()$get] fields variable is a list.
biodb.TRACE[2025-10-11 16:02:13.361][self$getBiodb()$getEntryFields()$get] Asked field names are: name.
biodb.TRACE[2025-10-11 16:02:13.362][self$getBiodb()$getEntryFields()$get] Realnames of fields are: name.
biodb.TRACE[2025-10-11 16:02:13.363][self$getBiodb()$getEntryFields()$get] 1 fields were returned.
biodb.TRACE[2025-10-11 16:02:13.363][self$getBiodb()$getEntryFields()$get] fields variable is a list.
biodb.TRACE[2025-10-11 16:02:13.364][self$getBiodb()$getEntryFields()$get] Asked field names are: name.
biodb.TRACE[2025-10-11 16:02:13.365][self$getBiodb()$getEntryFields()$get] Realnames of fields are: name.
biodb.TRACE[2025-10-11 16:02:13.366][self$getBiodb()$getEntryFields()$get] 1 fields were returned.
biodb.TRACE[2025-10-11 16:02:13.367][self$getBiodb()$getEntryFields()$get] fields variable is a list.
biodb.TRACE[2025-10-11 16:02:13.368][self$getBiodb()$getEntryFields()$get] Asked field names are: name.
biodb.TRACE[2025-10-11 16:02:13.369][self$getBiodb()$getEntryFields()$get] Realnames of fields are: name.
biodb.TRACE[2025-10-11 16:02:13.370][self$getBiodb()$getEntryFields()$get] 1 fields were returned.
biodb.TRACE[2025-10-11 16:02:13.371][self$getBiodb()$getEntryFields()$get] fields variable is a list.
biodb.TRACE[2025-10-11 16:02:13.372][self$getBiodb()$getEntryFields()$get] Asked field names are: ncbi.pubchem.comp.id.
biodb.TRACE[2025-10-11 16:02:13.373][self$getBiodb()$getEntryFields()$get] Realnames of fields are: ncbi.pubchem.comp.id.
biodb.TRACE[2025-10-11 16:02:13.374][self$getBiodb()$getEntryFields()$get] 1 fields were returned.
biodb.TRACE[2025-10-11 16:02:13.375][self$getBiodb()$getEntryFields()$get] fields variable is a list.
biodb.TRACE[2025-10-11 16:02:13.376][self$getBiodb()$getEntryFields()$get] Asked field names are: ncbi.pubchem.comp.id.
biodb.TRACE[2025-10-11 16:02:13.377][self$getBiodb()$getEntryFields()$get] Realnames of fields are: ncbi.pubchem.comp.id.
biodb.TRACE[2025-10-11 16:02:13.378][self$getBiodb()$getEntryFields()$get] 1 fields were returned.
biodb.TRACE[2025-10-11 16:02:13.379][self$getBiodb()$getEntryFields()$get] fields variable is a list.
biodb.TRACE[2025-10-11 16:02:13.380][self$getBiodb()$getEntryFields()$get] Asked field names are: ncbi.pubchem.comp.id.
biodb.TRACE[2025-10-11 16:02:13.381][self$getBiodb()$getEntryFields()$get] Realnames of fields are: ncbi.pubchem.comp.id.
biodb.TRACE[2025-10-11 16:02:13.382][self$getBiodb()$getEntryFields()$get] 1 fields were returned.
biodb.TRACE[2025-10-11 16:02:13.382][self$getBiodb()$getEntryFields()$get] fields variable is a list.
biodb.TRACE[2025-10-11 16:02:13.383][self$getBiodb()$getEntryFields()$get] Asked field names are: secondary.accessions.
biodb.TRACE[2025-10-11 16:02:13.384][self$getBiodb()$getEntryFields()$get] Realnames of fields are: secondary.accessions.
biodb.TRACE[2025-10-11 16:02:13.385][self$getBiodb()$getEntryFields()$get] 1 fields were returned.
biodb.TRACE[2025-10-11 16:02:13.386][self$getBiodb()$getEntryFields()$get] fields variable is a list.
biodb.TRACE[2025-10-11 16:02:13.387][self$getBiodb()$getEntryFields()$get] Asked field names are: secondary.accessions.
biodb.TRACE[2025-10-11 16:02:13.388][self$getBiodb()$getEntryFields()$get] Realnames of fields are: secondary.accessions.
biodb.TRACE[2025-10-11 16:02:13.389][self$getBiodb()$getEntryFields()$get] 1 fields were returned.
biodb.TRACE[2025-10-11 16:02:13.390][self$getBiodb()$getEntryFields()$get] fields variable is a list.
biodb.TRACE[2025-10-11 16:02:13.391][self$getBiodb()$getEntryFields()$get] Asked field names are: secondary.accessions.
biodb.TRACE[2025-10-11 16:02:13.392][self$getBiodb()$getEntryFields()$get] Realnames of fields are: secondary.accessions.
biodb.TRACE[2025-10-11 16:02:13.393][self$getBiodb()$getEntryFields()$get] 1 fields were returned.
biodb.TRACE[2025-10-11 16:02:13.394][self$getBiodb()$getEntryFields()$get] fields variable is a list.
biodb.TRACE[2025-10-11 16:02:13.395][self$getBiodb()$getEntryFields()$get] Asked field names are: smiles.
biodb.TRACE[2025-10-11 16:02:13.396][self$getBiodb()$getEntryFields()$get] Realnames of fields are: smiles.
biodb.TRACE[2025-10-11 16:02:13.397][self$getBiodb()$getEntryFields()$get] 1 fields were returned.
biodb.TRACE[2025-10-11 16:02:13.398][self$getBiodb()$getEntryFields()$get] fields variable is a list.
biodb.TRACE[2025-10-11 16:02:13.399][self$getBiodb()$getEntryFields()$get] Asked field names are: smiles.
biodb.TRACE[2025-10-11 16:02:13.400][self$getBiodb()$getEntryFields()$get] Realnames of fields are: smiles.
biodb.TRACE[2025-10-11 16:02:13.400][self$getBiodb()$getEntryFields()$get] 1 fields were returned.
biodb.TRACE[2025-10-11 16:02:13.401][self$getBiodb()$getEntryFields()$get] fields variable is a list.
biodb.TRACE[2025-10-11 16:02:13.402][self$getBiodb()$getEntryFields()$get] Asked field names are: smiles.
biodb.TRACE[2025-10-11 16:02:13.403][self$getBiodb()$getEntryFields()$get] Realnames of fields are: smiles.
biodb.TRACE[2025-10-11 16:02:13.404][self$getBiodb()$getEntryFields()$get] 1 fields were returned.
biodb.TRACE[2025-10-11 16:02:13.405][self$getBiodb()$getEntryFields()$get] fields variable is a list.
biodb.TRACE[2025-10-11 16:02:13.406][self$getBiodb()$getEntryFields()$get] Asked field names are: INCHIKEY.
biodb.TRACE[2025-10-11 16:02:13.407][self$getBiodb()$getEntryFields()$get] Realnames of fields are: inchikey.
biodb.TRACE[2025-10-11 16:02:13.408][self$getBiodb()$getEntryFields()$get] 1 fields were returned.
biodb.TRACE[2025-10-11 16:02:13.409][self$getBiodb()$getEntryFields()$get] fields variable is a list.
biodb.TRACE[2025-10-11 16:02:13.410][self$getBiodb()$getEntryFields()$get] Asked field names are: inchikey.
biodb.TRACE[2025-10-11 16:02:13.414][self$getBiodb()$getEntryFields()$get] Realnames of fields are: inchikey.
biodb.TRACE[2025-10-11 16:02:13.415][self$getBiodb()$getEntryFields()$get] 1 fields were returned.
biodb.TRACE[2025-10-11 16:02:13.416][self$getBiodb()$getEntryFields()$get] fields variable is a list.
biodb.TRACE[2025-10-11 16:02:13.417][self$getBiodb()$getEntryFields()$get] Asked field names are: inchikey.
biodb.TRACE[2025-10-11 16:02:13.418][self$getBiodb()$getEntryFields()$get] Realnames of fields are: inchikey.
biodb.TRACE[2025-10-11 16:02:13.419][self$getBiodb()$getEntryFields()$get] 1 fields were returned.
biodb.TRACE[2025-10-11 16:02:13.420][self$getBiodb()$getEntryFields()$get] fields variable is a list.
biodb.TRACE[2025-10-11 16:02:13.421][self$getBiodb()$getEntryFields()$get] Asked field names are: inchikey.
biodb.TRACE[2025-10-11 16:02:13.422][self$getBiodb()$getEntryFields()$get] Realnames of fields are: inchikey.
biodb.TRACE[2025-10-11 16:02:13.423][self$getBiodb()$getEntryFields()$get] 1 fields were returned.
biodb.TRACE[2025-10-11 16:02:13.424][self$getBiodb()$getEntryFields()$get] fields variable is a list.
biodb.TRACE[2025-10-11 16:02:13.425][self$getBiodb()$getEntryFields()$get] Asked field names are: INCHIKEY.
biodb.TRACE[2025-10-11 16:02:13.426][self$getBiodb()$getEntryFields()$get] Realnames of fields are: inchikey.
biodb.TRACE[2025-10-11 16:02:13.427][self$getBiodb()$getEntryFields()$get] 1 fields were returned.
biodb.TRACE[2025-10-11 16:02:13.428][self$getBiodb()$getEntryFields()$get] fields variable is a list.
biodb.TRACE[2025-10-11 16:02:13.446][self$getBiodb()$getEntryFields()$get] Asked field names are: name.
biodb.TRACE[2025-10-11 16:02:13.447][self$getBiodb()$getEntryFields()$get] Realnames of fields are: name.
biodb.TRACE[2025-10-11 16:02:13.448][self$getBiodb()$getEntryFields()$get] 1 fields were returned.
biodb.TRACE[2025-10-11 16:02:13.449][self$getBiodb()$getEntryFields()$get] fields variable is a list.
biodb.TRACE[2025-10-11 16:02:13.450][self$getBiodb()$getEntryFields()$get] Asked field names are: name.
biodb.TRACE[2025-10-11 16:02:13.451][self$getBiodb()$getEntryFields()$get] Realnames of fields are: name.
biodb.TRACE[2025-10-11 16:02:13.452][self$getBiodb()$getEntryFields()$get] 1 fields were returned.
biodb.TRACE[2025-10-11 16:02:13.453][self$getBiodb()$getEntryFields()$get] fields variable is a list.
biodb.TRACE[2025-10-11 16:02:13.454][self$getBiodb()$getEntryFields()$get] Asked field names are: name.
biodb.TRACE[2025-10-11 16:02:13.455][self$getBiodb()$getEntryFields()$get] Realnames of fields are: name.
biodb.TRACE[2025-10-11 16:02:13.456][self$getBiodb()$getEntryFields()$get] 1 fields were returned.
biodb.TRACE[2025-10-11 16:02:13.456][self$getBiodb()$getEntryFields()$get] fields variable is a list.
biodb.TRACE[2025-10-11 16:02:13.457][self$getBiodb()$getEntryFields()$get] Asked field names are: name.
biodb.TRACE[2025-10-11 16:02:13.458][self$getBiodb()$getEntryFields()$get] Realnames of fields are: name.
biodb.TRACE[2025-10-11 16:02:13.459][self$getBiodb()$getEntryFields()$get] 1 fields were returned.
biodb.TRACE[2025-10-11 16:02:13.460][self$getBiodb()$getEntryFields()$get] fields variable is a list.
biodb.TRACE[2025-10-11 16:02:13.461][self$getBiodb()$getEntryFields()$get] Asked field names are: name.
biodb.TRACE[2025-10-11 16:02:13.462][self$getBiodb()$getEntryFields()$get] Realnames of fields are: name.
biodb.TRACE[2025-10-11 16:02:13.463][self$getBiodb()$getEntryFields()$get] 1 fields were returned.
biodb.TRACE[2025-10-11 16:02:13.464][self$getBiodb()$getEntryFields()$get] fields variable is a list.
biodb.TRACE[2025-10-11 16:02:13.465][self$getBiodb()$getEntryFields()$get] Asked field names are: hmdb.metabolites.id.
biodb.TRACE[2025-10-11 16:02:13.466][self$getBiodb()$getEntryFields()$get] Realnames of fields are: hmdb.metabolites.id.
biodb.TRACE[2025-10-11 16:02:13.467][self$getBiodb()$getEntryFields()$get] 1 fields were returned.
biodb.TRACE[2025-10-11 16:02:13.468][self$getBiodb()$getEntryFields()$get] fields variable is a list.
biodb.TRACE[2025-10-11 16:02:13.469][self$getBiodb()$getEntryFields()$get] Asked field names are: hmdb.metabolites.id.
biodb.TRACE[2025-10-11 16:02:13.470][self$getBiodb()$getEntryFields()$get] Realnames of fields are: hmdb.metabolites.id.
biodb.TRACE[2025-10-11 16:02:13.471][self$getBiodb()$getEntryFields()$get] 1 fields were returned.
biodb.TRACE[2025-10-11 16:02:13.472][self$getBiodb()$getEntryFields()$get] fields variable is a list.
biodb.TRACE[2025-10-11 16:02:13.473][self$getBiodb()$getEntryFields()$get] Asked field names are: accession.
biodb.TRACE[2025-10-11 16:02:13.474][self$getBiodb()$getEntryFields()$get] Realnames of fields are: accession.
biodb.TRACE[2025-10-11 16:02:13.475][self$getBiodb()$getEntryFields()$get] 1 fields were returned.
biodb.TRACE[2025-10-11 16:02:13.476][self$getBiodb()$getEntryFields()$get] fields variable is a list.
biodb.TRACE[2025-10-11 16:02:13.476][self$getBiodb()$getEntryFields()$get] Asked field names are: hmdb.metabolites.id.
biodb.TRACE[2025-10-11 16:02:13.477][self$getBiodb()$getEntryFields()$get] Realnames of fields are: hmdb.metabolites.id.
biodb.TRACE[2025-10-11 16:02:13.478][self$getBiodb()$getEntryFields()$get] 1 fields were returned.
biodb.TRACE[2025-10-11 16:02:13.479][self$getBiodb()$getEntryFields()$get] fields variable is a list.
biodb.TRACE[2025-10-11 16:02:13.480][self$getBiodb()$getEntryFields()$get] Asked field names are: accession.
biodb.TRACE[2025-10-11 16:02:13.481][self$getBiodb()$getEntryFields()$get] Realnames of fields are: accession.
biodb.TRACE[2025-10-11 16:02:13.482][self$getBiodb()$getEntryFields()$get] 1 fields were returned.
biodb.TRACE[2025-10-11 16:02:13.483][self$getBiodb()$getEntryFields()$get] fields variable is a list.
biodb.TRACE[2025-10-11 16:02:13.484][self$getBiodb()$getEntryFields()$get] Asked field names are: accession.
biodb.TRACE[2025-10-11 16:02:13.485][self$getBiodb()$getEntryFields()$get] Realnames of fields are: accession.
biodb.TRACE[2025-10-11 16:02:13.486][self$getBiodb()$getEntryFields()$get] 1 fields were returned.
biodb.TRACE[2025-10-11 16:02:13.487][self$getBiodb()$getEntryFields()$get] fields variable is a list.
biodb.TRACE[2025-10-11 16:02:13.488][self$getBiodb()$getEntryFields()$get] Asked field names are: accession.
biodb.TRACE[2025-10-11 16:02:13.489][self$getBiodb()$getEntryFields()$get] Realnames of fields are: accession.
biodb.TRACE[2025-10-11 16:02:13.490][self$getBiodb()$getEntryFields()$get] 1 fields were returned.
biodb.TRACE[2025-10-11 16:02:13.491][self$getBiodb()$getEntryFields()$get] fields variable is a list.
biodb.TRACE[2025-10-11 16:02:13.492][self$getBiodb()$getEntryFields()$get] Asked field names are: accession.
biodb.TRACE[2025-10-11 16:02:13.493][self$getBiodb()$getEntryFields()$get] Realnames of fields are: accession.
biodb.TRACE[2025-10-11 16:02:13.494][self$getBiodb()$getEntryFields()$get] 1 fields were returned.
biodb.TRACE[2025-10-11 16:02:13.495][self$getBiodb()$getEntryFields()$get] fields variable is a list.
biodb.TRACE[2025-10-11 16:02:13.495][self$getBiodb()$getEntryFields()$get] Asked field names are: accession.
biodb.TRACE[2025-10-11 16:02:13.496][self$getBiodb()$getEntryFields()$get] Realnames of fields are: accession.
biodb.TRACE[2025-10-11 16:02:13.497][self$getBiodb()$getEntryFields()$get] 1 fields were returned.
biodb.TRACE[2025-10-11 16:02:13.498][self$getBiodb()$getEntryFields()$get] fields variable is a list.
biodb.TRACE[2025-10-11 16:02:13.499][self$getBiodb()$getEntryFields()$get] Asked field names are: accession.
biodb.TRACE[2025-10-11 16:02:13.500][self$getBiodb()$getEntryFields()$get] Realnames of fields are: accession.
biodb.TRACE[2025-10-11 16:02:13.501][self$getBiodb()$getEntryFields()$get] 1 fields were returned.
biodb.TRACE[2025-10-11 16:02:13.502][self$getBiodb()$getEntryFields()$get] fields variable is a list.
biodb.DEBUG[2025-10-11 16:02:13.503][biodb$getFactory()$createEntryFromCo ...] Accession numbers: HMDB0000001.
biodb.TRACE[2025-10-11 16:02:13.505][self$getBiodb()$getEntryFields()$get] Asked field names are: peak.mz.
biodb.TRACE[2025-10-11 16:02:13.506][self$getBiodb()$getEntryFields()$get] Realnames of fields are: peak.mz.
biodb.TRACE[2025-10-11 16:02:13.507][self$getBiodb()$getEntryFields()$get] 1 fields were returned.
biodb.TRACE[2025-10-11 16:02:13.508][self$getBiodb()$getEntryFields()$get] fields variable is a list.
biodb.TRACE[2025-10-11 16:02:13.509][self$getBiodb()$getEntryFields()$get] Asked field names are: peak.mz.
biodb.TRACE[2025-10-11 16:02:13.510][self$getBiodb()$getEntryFields()$get] Realnames of fields are: peak.mz.
biodb.TRACE[2025-10-11 16:02:13.511][self$getBiodb()$getEntryFields()$get] 1 fields were returned.
biodb.TRACE[2025-10-11 16:02:13.512][self$getBiodb()$getEntryFields()$get] fields variable is a list.
biodb.TRACE[2025-10-11 16:02:13.513][self$getBiodb()$getEntryFields()$get] Asked field names are: peak.mzexp.
biodb.TRACE[2025-10-11 16:02:13.514][self$getBiodb()$getEntryFields()$get] Realnames of fields are: peak.mzexp.
biodb.TRACE[2025-10-11 16:02:13.515][self$getBiodb()$getEntryFields()$get] 1 fields were returned.
biodb.TRACE[2025-10-11 16:02:13.516][self$getBiodb()$getEntryFields()$get] fields variable is a list.
biodb.TRACE[2025-10-11 16:02:13.517][self$getBiodb()$getEntryFields()$get] Asked field names are: peak.mztheo.
biodb.TRACE[2025-10-11 16:02:13.518][self$getBiodb()$getEntryFields()$get] Realnames of fields are: peak.mztheo.
biodb.TRACE[2025-10-11 16:02:13.519][self$getBiodb()$getEntryFields()$get] 1 fields were returned.
biodb.TRACE[2025-10-11 16:02:13.519][self$getBiodb()$getEntryFields()$get] fields variable is a list.
biodb.TRACE[2025-10-11 16:02:13.522][self$getBiodb()$getEntryFields()$get] Asked field names are: accession.
biodb.TRACE[2025-10-11 16:02:13.523][self$getBiodb()$getEntryFields()$get] Realnames of fields are: accession.
biodb.TRACE[2025-10-11 16:02:13.524][self$getBiodb()$getEntryFields()$get] 1 fields were returned.
biodb.TRACE[2025-10-11 16:02:13.525][self$getBiodb()$getEntryFields()$get] fields variable is a list.
biodb.TRACE[2025-10-11 16:02:13.533][self$getBiodb()$getEntryFields()$get] Asked field names are: hmdb.metabolites.id.
biodb.TRACE[2025-10-11 16:02:13.534][self$getBiodb()$getEntryFields()$get] Realnames of fields are: hmdb.metabolites.id.
biodb.TRACE[2025-10-11 16:02:13.535][self$getBiodb()$getEntryFields()$get] 1 fields were returned.
biodb.TRACE[2025-10-11 16:02:13.535][self$getBiodb()$getEntryFields()$get] fields variable is a list.
biodb.TRACE[2025-10-11 16:02:13.540][self$getBiodb()$getEntryFields()$get] Asked field names are: accession.
biodb.TRACE[2025-10-11 16:02:13.541][self$getBiodb()$getEntryFields()$get] Realnames of fields are: accession.
biodb.TRACE[2025-10-11 16:02:13.542][self$getBiodb()$getEntryFields()$get] 1 fields were returned.
biodb.TRACE[2025-10-11 16:02:13.543][self$getBiodb()$getEntryFields()$get] fields variable is a list.
biodb.TRACE[2025-10-11 16:02:13.543][self$getBiodb()$getEntryFields()$get] Asked field names are: accession.
biodb.TRACE[2025-10-11 16:02:13.544][self$getBiodb()$getEntryFields()$get] Realnames of fields are: accession.
biodb.TRACE[2025-10-11 16:02:13.545][self$getBiodb()$getEntryFields()$get] 1 fields were returned.
biodb.TRACE[2025-10-11 16:02:13.546][self$getBiodb()$getEntryFields()$get] fields variable is a list.
biodb.TRACE[2025-10-11 16:02:13.547][self$getBiodb()$getEntryFields()$get] Asked field names are: accession.
biodb.TRACE[2025-10-11 16:02:13.548][self$getBiodb()$getEntryFields()$get] Realnames of fields are: accession.
biodb.TRACE[2025-10-11 16:02:13.549][self$getBiodb()$getEntryFields()$get] 1 fields were returned.
biodb.TRACE[2025-10-11 16:02:13.550][self$getBiodb()$getEntryFields()$get] fields variable is a list.
biodb.TRACE[2025-10-11 16:02:13.553][self$getBiodb()$getEntryFields()$get] Asked field names are: accession.
biodb.TRACE[2025-10-11 16:02:13.554][self$getBiodb()$getEntryFields()$get] Realnames of fields are: accession.
biodb.TRACE[2025-10-11 16:02:13.554][self$getBiodb()$getEntryFields()$get] 1 fields were returned.
biodb.TRACE[2025-10-11 16:02:13.555][self$getBiodb()$getEntryFields()$get] fields variable is a list.
biodb.TRACE[2025-10-11 16:02:13.556][self$getBiodb()$getEntryFields()$get] Asked field names are: accession.
biodb.TRACE[2025-10-11 16:02:13.557][self$getBiodb()$getEntryFields()$get] Realnames of fields are: accession.
biodb.TRACE[2025-10-11 16:02:13.558][self$getBiodb()$getEntryFields()$get] 1 fields were returned.
biodb.TRACE[2025-10-11 16:02:13.559][self$getBiodb()$getEntryFields()$get] fields variable is a list.
biodb.TRACE[2025-10-11 16:02:13.560][self$getBiodb()$getEntryFields()$get] Asked field names are: accession.
biodb.TRACE[2025-10-11 16:02:13.561][self$getBiodb()$getEntryFields()$get] Realnames of fields are: accession.
biodb.TRACE[2025-10-11 16:02:13.562][self$getBiodb()$getEntryFields()$get] 1 fields were returned.
biodb.TRACE[2025-10-11 16:02:13.563][self$getBiodb()$getEntryFields()$get] fields variable is a list.
biodb.TRACE[2025-10-11 16:02:13.564][self$getBiodb()$getEntryFields()$get] Asked field names are: hmdb.metabolites.id.
biodb.TRACE[2025-10-11 16:02:13.565][self$getBiodb()$getEntryFields()$get] Realnames of fields are: hmdb.metabolites.id.
biodb.TRACE[2025-10-11 16:02:13.566][self$getBiodb()$getEntryFields()$get] 1 fields were returned.
biodb.TRACE[2025-10-11 16:02:13.567][self$getBiodb()$getEntryFields()$get] fields variable is a list.
biodb.TRACE[2025-10-11 16:02:13.568][self$getBiodb()$getEntryFields()$get] Asked field names are: hmdb.metabolites.id.
biodb.TRACE[2025-10-11 16:02:13.569][self$getBiodb()$getEntryFields()$get] Realnames of fields are: hmdb.metabolites.id.
biodb.TRACE[2025-10-11 16:02:13.570][self$getBiodb()$getEntryFields()$get] 1 fields were returned.
biodb.TRACE[2025-10-11 16:02:13.571][self$getBiodb()$getEntryFields()$get] fields variable is a list.
biodb.TRACE[2025-10-11 16:02:13.572][self$getBiodb()$getEntryFields()$get] Asked field names are: hmdb.metabolites.id.
biodb.TRACE[2025-10-11 16:02:13.573][self$getBiodb()$getEntryFields()$get] Realnames of fields are: hmdb.metabolites.id.
biodb.TRACE[2025-10-11 16:02:13.574][self$getBiodb()$getEntryFields()$get] 1 fields were returned.
biodb.TRACE[2025-10-11 16:02:13.575][self$getBiodb()$getEntryFields()$get] fields variable is a list.
biodb.TRACE[2025-10-11 16:02:13.582][self$getBiodb()$getEntryFields()$get] Asked field names are: accession.
biodb.TRACE[2025-10-11 16:02:13.583][self$getBiodb()$getEntryFields()$get] Realnames of fields are: accession.
biodb.TRACE[2025-10-11 16:02:13.584][self$getBiodb()$getEntryFields()$get] 1 fields were returned.
biodb.TRACE[2025-10-11 16:02:13.584][self$getBiodb()$getEntryFields()$get] fields variable is a list.
biodb.TRACE[2025-10-11 16:02:13.585][self$getBiodb()$getEntryFields()$get] Asked field names are: accession.
biodb.TRACE[2025-10-11 16:02:13.586][self$getBiodb()$getEntryFields()$get] Realnames of fields are: accession.
biodb.TRACE[2025-10-11 16:02:13.587][self$getBiodb()$getEntryFields()$get] 1 fields were returned.
biodb.TRACE[2025-10-11 16:02:13.588][self$getBiodb()$getEntryFields()$get] fields variable is a list.
biodb.TRACE[2025-10-11 16:02:13.589][self$getBiodb()$getEntryFields()$get] Asked field names are: accession.
biodb.TRACE[2025-10-11 16:02:13.590][self$getBiodb()$getEntryFields()$get] Realnames of fields are: accession.
biodb.TRACE[2025-10-11 16:02:13.591][self$getBiodb()$getEntryFields()$get] 1 fields were returned.
biodb.TRACE[2025-10-11 16:02:13.592][self$getBiodb()$getEntryFields()$get] fields variable is a list.
biodb.TRACE[2025-10-11 16:02:13.593][ef$get] Asked field names are: accession.
biodb.TRACE[2025-10-11 16:02:13.594][ef$get] Realnames of fields are: accession.
biodb.TRACE[2025-10-11 16:02:13.595][ef$get] 1 fields were returned.
biodb.TRACE[2025-10-11 16:02:13.596][ef$get] fields variable is a list.
biodb.TRACE[2025-10-11 16:02:13.597][self$getBiodb()$getEntryFields()$get] Asked field names are: accession.
biodb.TRACE[2025-10-11 16:02:13.598][self$getBiodb()$getEntryFields()$get] Realnames of fields are: accession.
biodb.TRACE[2025-10-11 16:02:13.599][self$getBiodb()$getEntryFields()$get] 1 fields were returned.
biodb.TRACE[2025-10-11 16:02:13.600][self$getBiodb()$getEntryFields()$get] fields variable is a list.
biodb.TRACE[2025-10-11 16:02:13.609][self$getBiodb()$getEntryFields()$get] Asked field names are: secondary.accessions.
biodb.TRACE[2025-10-11 16:02:13.610][self$getBiodb()$getEntryFields()$get] Realnames of fields are: secondary.accessions.
biodb.TRACE[2025-10-11 16:02:13.611][self$getBiodb()$getEntryFields()$get] 1 fields were returned.
biodb.TRACE[2025-10-11 16:02:13.612][self$getBiodb()$getEntryFields()$get] fields variable is a list.
biodb.TRACE[2025-10-11 16:02:13.613][self$getBiodb()$getEntryFields()$get] Asked field names are: secondary.accessions.
biodb.TRACE[2025-10-11 16:02:13.614][self$getBiodb()$getEntryFields()$get] Realnames of fields are: secondary.accessions.
biodb.TRACE[2025-10-11 16:02:13.615][self$getBiodb()$getEntryFields()$get] 1 fields were returned.
biodb.TRACE[2025-10-11 16:02:13.616][self$getBiodb()$getEntryFields()$get] fields variable is a list.
biodb.TRACE[2025-10-11 16:02:13.617][self$getBiodb()$getEntryFields()$get] Asked field names are: secondary.accessions.
biodb.TRACE[2025-10-11 16:02:13.618][self$getBiodb()$getEntryFields()$get] Realnames of fields are: secondary.accessions.
biodb.TRACE[2025-10-11 16:02:13.619][self$getBiodb()$getEntryFields()$get] 1 fields were returned.
biodb.TRACE[2025-10-11 16:02:13.620][self$getBiodb()$getEntryFields()$get] fields variable is a list.
biodb.TRACE[2025-10-11 16:02:13.621][ef$get] Asked field names are: secondary.accessions.
biodb.TRACE[2025-10-11 16:02:13.622][ef$get] Realnames of fields are: secondary.accessions.
biodb.TRACE[2025-10-11 16:02:13.623][ef$get] 1 fields were returned.
biodb.TRACE[2025-10-11 16:02:13.624][ef$get] fields variable is a list.
biodb.TRACE[2025-10-11 16:02:13.625][self$getBiodb()$getEntryFields()$get] Asked field names are: secondary.accessions.
biodb.TRACE[2025-10-11 16:02:13.626][self$getBiodb()$getEntryFields()$get] Realnames of fields are: secondary.accessions.
biodb.TRACE[2025-10-11 16:02:13.627][self$getBiodb()$getEntryFields()$get] 1 fields were returned.
biodb.TRACE[2025-10-11 16:02:13.628][self$getBiodb()$getEntryFields()$get] fields variable is a list.
biodb.TRACE[2025-10-11 16:02:13.636][self$getBiodb()$getEntryFields()$get] Asked field names are: chemspider.id.
biodb.TRACE[2025-10-11 16:02:13.637][self$getBiodb()$getEntryFields()$get] Realnames of fields are: chemspider.id.
biodb.TRACE[2025-10-11 16:02:13.638][self$getBiodb()$getEntryFields()$get] 1 fields were returned.
biodb.TRACE[2025-10-11 16:02:13.639][self$getBiodb()$getEntryFields()$get] fields variable is a list.
biodb.TRACE[2025-10-11 16:02:13.640][self$getBiodb()$getEntryFields()$get] Asked field names are: chemspider.id.
biodb.TRACE[2025-10-11 16:02:13.641][self$getBiodb()$getEntryFields()$get] Realnames of fields are: chemspider.id.
biodb.TRACE[2025-10-11 16:02:13.642][self$getBiodb()$getEntryFields()$get] 1 fields were returned.
biodb.TRACE[2025-10-11 16:02:13.643][self$getBiodb()$getEntryFields()$get] fields variable is a list.
biodb.TRACE[2025-10-11 16:02:13.644][self$getBiodb()$getEntryFields()$get] Asked field names are: chemspider.id.
biodb.TRACE[2025-10-11 16:02:13.645][self$getBiodb()$getEntryFields()$get] Realnames of fields are: chemspider.id.
biodb.TRACE[2025-10-11 16:02:13.646][self$getBiodb()$getEntryFields()$get] 1 fields were returned.
biodb.TRACE[2025-10-11 16:02:13.647][self$getBiodb()$getEntryFields()$get] fields variable is a list.
biodb.TRACE[2025-10-11 16:02:13.648][ef$get] Asked field names are: chemspider.id.
biodb.TRACE[2025-10-11 16:02:13.649][ef$get] Realnames of fields are: chemspider.id.
biodb.TRACE[2025-10-11 16:02:13.650][ef$get] 1 fields were returned.
biodb.TRACE[2025-10-11 16:02:13.651][ef$get] fields variable is a list.
biodb.TRACE[2025-10-11 16:02:13.652][self$getBiodb()$getEntryFields()$get] Asked field names are: chemspider.id.
biodb.TRACE[2025-10-11 16:02:13.653][self$getBiodb()$getEntryFields()$get] Realnames of fields are: chemspider.id.
biodb.TRACE[2025-10-11 16:02:13.654][self$getBiodb()$getEntryFields()$get] 1 fields were returned.
biodb.TRACE[2025-10-11 16:02:13.655][self$getBiodb()$getEntryFields()$get] fields variable is a list.
biodb.TRACE[2025-10-11 16:02:13.669][self$getBiodb()$getEntryFields()$get] Asked field names are: ncbi.pubchem.comp.id.
biodb.TRACE[2025-10-11 16:02:13.670][self$getBiodb()$getEntryFields()$get] Realnames of fields are: ncbi.pubchem.comp.id.
biodb.TRACE[2025-10-11 16:02:13.671][self$getBiodb()$getEntryFields()$get] 1 fields were returned.
biodb.TRACE[2025-10-11 16:02:13.672][self$getBiodb()$getEntryFields()$get] fields variable is a list.
biodb.TRACE[2025-10-11 16:02:13.673][self$getBiodb()$getEntryFields()$get] Asked field names are: ncbi.pubchem.comp.id.
biodb.TRACE[2025-10-11 16:02:13.674][self$getBiodb()$getEntryFields()$get] Realnames of fields are: ncbi.pubchem.comp.id.
biodb.TRACE[2025-10-11 16:02:13.675][self$getBiodb()$getEntryFields()$get] 1 fields were returned.
biodb.TRACE[2025-10-11 16:02:13.676][self$getBiodb()$getEntryFields()$get] fields variable is a list.
biodb.TRACE[2025-10-11 16:02:13.677][self$getBiodb()$getEntryFields()$get] Asked field names are: ncbi.pubchem.comp.id.
biodb.TRACE[2025-10-11 16:02:13.678][self$getBiodb()$getEntryFields()$get] Realnames of fields are: ncbi.pubchem.comp.id.
biodb.TRACE[2025-10-11 16:02:13.679][self$getBiodb()$getEntryFields()$get] 1 fields were returned.
biodb.TRACE[2025-10-11 16:02:13.680][self$getBiodb()$getEntryFields()$get] fields variable is a list.
biodb.TRACE[2025-10-11 16:02:13.681][ef$get] Asked field names are: ncbi.pubchem.comp.id.
biodb.TRACE[2025-10-11 16:02:13.682][ef$get] Realnames of fields are: ncbi.pubchem.comp.id.
biodb.TRACE[2025-10-11 16:02:13.683][ef$get] 1 fields were returned.
biodb.TRACE[2025-10-11 16:02:13.684][ef$get] fields variable is a list.
biodb.TRACE[2025-10-11 16:02:13.685][self$getBiodb()$getEntryFields()$get] Asked field names are: ncbi.pubchem.comp.id.
biodb.TRACE[2025-10-11 16:02:13.686][self$getBiodb()$getEntryFields()$get] Realnames of fields are: ncbi.pubchem.comp.id.
biodb.TRACE[2025-10-11 16:02:13.687][self$getBiodb()$getEntryFields()$get] 1 fields were returned.
biodb.TRACE[2025-10-11 16:02:13.688][self$getBiodb()$getEntryFields()$get] fields variable is a list.
biodb.TRACE[2025-10-11 16:02:13.696][self$getBiodb()$getEntryFields()$get] Asked field names are: chebi.id.
biodb.TRACE[2025-10-11 16:02:13.697][self$getBiodb()$getEntryFields()$get] Realnames of fields are: chebi.id.
biodb.TRACE[2025-10-11 16:02:13.698][self$getBiodb()$getEntryFields()$get] 1 fields were returned.
biodb.TRACE[2025-10-11 16:02:13.699][self$getBiodb()$getEntryFields()$get] fields variable is a list.
biodb.TRACE[2025-10-11 16:02:13.700][self$getBiodb()$getEntryFields()$get] Asked field names are: chebi.id.
biodb.TRACE[2025-10-11 16:02:13.701][self$getBiodb()$getEntryFields()$get] Realnames of fields are: chebi.id.
biodb.TRACE[2025-10-11 16:02:13.702][self$getBiodb()$getEntryFields()$get] 1 fields were returned.
biodb.TRACE[2025-10-11 16:02:13.703][self$getBiodb()$getEntryFields()$get] fields variable is a list.
biodb.TRACE[2025-10-11 16:02:13.704][self$getBiodb()$getEntryFields()$get] Asked field names are: chebi.id.
biodb.TRACE[2025-10-11 16:02:13.705][self$getBiodb()$getEntryFields()$get] Realnames of fields are: chebi.id.
biodb.TRACE[2025-10-11 16:02:13.706][self$getBiodb()$getEntryFields()$get] 1 fields were returned.
biodb.TRACE[2025-10-11 16:02:13.707][self$getBiodb()$getEntryFields()$get] fields variable is a list.
biodb.TRACE[2025-10-11 16:02:13.708][ef$get] Asked field names are: chebi.id.
biodb.TRACE[2025-10-11 16:02:13.709][ef$get] Realnames of fields are: chebi.id.
biodb.TRACE[2025-10-11 16:02:13.710][ef$get] 1 fields were returned.
biodb.TRACE[2025-10-11 16:02:13.711][ef$get] fields variable is a list.
biodb.TRACE[2025-10-11 16:02:13.712][self$getBiodb()$getEntryFields()$get] Asked field names are: chebi.id.
biodb.TRACE[2025-10-11 16:02:13.713][self$getBiodb()$getEntryFields()$get] Realnames of fields are: chebi.id.
biodb.TRACE[2025-10-11 16:02:13.714][self$getBiodb()$getEntryFields()$get] 1 fields were returned.
biodb.TRACE[2025-10-11 16:02:13.715][self$getBiodb()$getEntryFields()$get] fields variable is a list.
biodb.TRACE[2025-10-11 16:02:13.723][self$getBiodb()$getEntryFields()$get] Asked field names are: kegg.compound.id.
biodb.TRACE[2025-10-11 16:02:13.724][self$getBiodb()$getEntryFields()$get] Realnames of fields are: kegg.compound.id.
biodb.TRACE[2025-10-11 16:02:13.725][self$getBiodb()$getEntryFields()$get] 1 fields were returned.
biodb.TRACE[2025-10-11 16:02:13.726][self$getBiodb()$getEntryFields()$get] fields variable is a list.
biodb.TRACE[2025-10-11 16:02:13.727][self$getBiodb()$getEntryFields()$get] Asked field names are: kegg.compound.id.
biodb.TRACE[2025-10-11 16:02:13.728][self$getBiodb()$getEntryFields()$get] Realnames of fields are: kegg.compound.id.
biodb.TRACE[2025-10-11 16:02:13.729][self$getBiodb()$getEntryFields()$get] 1 fields were returned.
biodb.TRACE[2025-10-11 16:02:13.730][self$getBiodb()$getEntryFields()$get] fields variable is a list.
biodb.TRACE[2025-10-11 16:02:13.731][self$getBiodb()$getEntryFields()$get] Asked field names are: kegg.compound.id.
biodb.TRACE[2025-10-11 16:02:13.732][self$getBiodb()$getEntryFields()$get] Realnames of fields are: kegg.compound.id.
biodb.TRACE[2025-10-11 16:02:13.733][self$getBiodb()$getEntryFields()$get] 1 fields were returned.
biodb.TRACE[2025-10-11 16:02:13.734][self$getBiodb()$getEntryFields()$get] fields variable is a list.
biodb.TRACE[2025-10-11 16:02:13.735][ef$get] Asked field names are: kegg.compound.id.
biodb.TRACE[2025-10-11 16:02:13.736][ef$get] Realnames of fields are: kegg.compound.id.
biodb.TRACE[2025-10-11 16:02:13.737][ef$get] 1 fields were returned.
biodb.TRACE[2025-10-11 16:02:13.738][ef$get] fields variable is a list.
biodb.TRACE[2025-10-11 16:02:13.739][self$getBiodb()$getEntryFields()$get] Asked field names are: kegg.compound.id.
biodb.TRACE[2025-10-11 16:02:13.740][self$getBiodb()$getEntryFields()$get] Realnames of fields are: kegg.compound.id.
biodb.TRACE[2025-10-11 16:02:13.741][self$getBiodb()$getEntryFields()$get] 1 fields were returned.
biodb.TRACE[2025-10-11 16:02:13.742][self$getBiodb()$getEntryFields()$get] fields variable is a list.
biodb.TRACE[2025-10-11 16:02:13.750][self$getBiodb()$getEntryFields()$get] Asked field names are: name.
biodb.TRACE[2025-10-11 16:02:13.751][self$getBiodb()$getEntryFields()$get] Realnames of fields are: name.
biodb.TRACE[2025-10-11 16:02:13.752][self$getBiodb()$getEntryFields()$get] 1 fields were returned.
biodb.TRACE[2025-10-11 16:02:13.753][self$getBiodb()$getEntryFields()$get] fields variable is a list.
biodb.TRACE[2025-10-11 16:02:13.754][self$getBiodb()$getEntryFields()$get] Asked field names are: name.
biodb.TRACE[2025-10-11 16:02:13.755][self$getBiodb()$getEntryFields()$get] Realnames of fields are: name.
biodb.TRACE[2025-10-11 16:02:13.756][self$getBiodb()$getEntryFields()$get] 1 fields were returned.
biodb.TRACE[2025-10-11 16:02:13.757][self$getBiodb()$getEntryFields()$get] fields variable is a list.
biodb.TRACE[2025-10-11 16:02:13.758][self$getBiodb()$getEntryFields()$get] Asked field names are: name.
biodb.TRACE[2025-10-11 16:02:13.759][self$getBiodb()$getEntryFields()$get] Realnames of fields are: name.
biodb.TRACE[2025-10-11 16:02:13.760][self$getBiodb()$getEntryFields()$get] 1 fields were returned.
biodb.TRACE[2025-10-11 16:02:13.761][self$getBiodb()$getEntryFields()$get] fields variable is a list.
biodb.TRACE[2025-10-11 16:02:13.762][ef$get] Asked field names are: name.
biodb.TRACE[2025-10-11 16:02:13.763][ef$get] Realnames of fields are: name.
biodb.TRACE[2025-10-11 16:02:13.764][ef$get] 1 fields were returned.
biodb.TRACE[2025-10-11 16:02:13.765][ef$get] fields variable is a list.
biodb.TRACE[2025-10-11 16:02:13.765][self$getBiodb()$getEntryFields()$get] Asked field names are: name.
biodb.TRACE[2025-10-11 16:02:13.767][self$getBiodb()$getEntryFields()$get] Realnames of fields are: name.
biodb.TRACE[2025-10-11 16:02:13.767][self$getBiodb()$getEntryFields()$get] 1 fields were returned.
biodb.TRACE[2025-10-11 16:02:13.768][self$getBiodb()$getEntryFields()$get] fields variable is a list.
biodb.TRACE[2025-10-11 16:02:13.776][self$getBiodb()$getEntryFields()$get] Asked field names are: description.
biodb.TRACE[2025-10-11 16:02:13.777][self$getBiodb()$getEntryFields()$get] Realnames of fields are: description.
biodb.TRACE[2025-10-11 16:02:13.778][self$getBiodb()$getEntryFields()$get] 1 fields were returned.
biodb.TRACE[2025-10-11 16:02:13.779][self$getBiodb()$getEntryFields()$get] fields variable is a list.
biodb.TRACE[2025-10-11 16:02:13.780][self$getBiodb()$getEntryFields()$get] Asked field names are: description.
biodb.TRACE[2025-10-11 16:02:13.781][self$getBiodb()$getEntryFields()$get] Realnames of fields are: description.
biodb.TRACE[2025-10-11 16:02:13.782][self$getBiodb()$getEntryFields()$get] 1 fields were returned.
biodb.TRACE[2025-10-11 16:02:13.788][self$getBiodb()$getEntryFields()$get] fields variable is a list.
biodb.TRACE[2025-10-11 16:02:13.789][self$getBiodb()$getEntryFields()$get] Asked field names are: description.
biodb.TRACE[2025-10-11 16:02:13.791][self$getBiodb()$getEntryFields()$get] Realnames of fields are: description.
biodb.TRACE[2025-10-11 16:02:13.791][self$getBiodb()$getEntryFields()$get] 1 fields were returned.
biodb.TRACE[2025-10-11 16:02:13.792][self$getBiodb()$getEntryFields()$get] fields variable is a list.
biodb.TRACE[2025-10-11 16:02:13.793][ef$get] Asked field names are: description.
biodb.TRACE[2025-10-11 16:02:13.794][ef$get] Realnames of fields are: description.
biodb.TRACE[2025-10-11 16:02:13.795][ef$get] 1 fields were returned.
biodb.TRACE[2025-10-11 16:02:13.796][ef$get] fields variable is a list.
biodb.TRACE[2025-10-11 16:02:13.797][self$getBiodb()$getEntryFields()$get] Asked field names are: description.
biodb.TRACE[2025-10-11 16:02:13.798][self$getBiodb()$getEntryFields()$get] Realnames of fields are: description.
biodb.TRACE[2025-10-11 16:02:13.799][self$getBiodb()$getEntryFields()$get] 1 fields were returned.
biodb.TRACE[2025-10-11 16:02:13.800][self$getBiodb()$getEntryFields()$get] fields variable is a list.
biodb.TRACE[2025-10-11 16:02:13.809][self$getBiodb()$getEntryFields()$get] Asked field names are: formula.
biodb.TRACE[2025-10-11 16:02:13.810][self$getBiodb()$getEntryFields()$get] Realnames of fields are: formula.
biodb.TRACE[2025-10-11 16:02:13.811][self$getBiodb()$getEntryFields()$get] 1 fields were returned.
biodb.TRACE[2025-10-11 16:02:13.812][self$getBiodb()$getEntryFields()$get] fields variable is a list.
biodb.TRACE[2025-10-11 16:02:13.813][self$getBiodb()$getEntryFields()$get] Asked field names are: formula.
biodb.TRACE[2025-10-11 16:02:13.814][self$getBiodb()$getEntryFields()$get] Realnames of fields are: formula.
biodb.TRACE[2025-10-11 16:02:13.815][self$getBiodb()$getEntryFields()$get] 1 fields were returned.
biodb.TRACE[2025-10-11 16:02:13.816][self$getBiodb()$getEntryFields()$get] fields variable is a list.
biodb.TRACE[2025-10-11 16:02:13.817][self$getBiodb()$getEntryFields()$get] Asked field names are: formula.
biodb.TRACE[2025-10-11 16:02:13.818][self$getBiodb()$getEntryFields()$get] Realnames of fields are: formula.
biodb.TRACE[2025-10-11 16:02:13.819][self$getBiodb()$getEntryFields()$get] 1 fields were returned.
biodb.TRACE[2025-10-11 16:02:13.820][self$getBiodb()$getEntryFields()$get] fields variable is a list.
biodb.TRACE[2025-10-11 16:02:13.821][ef$get] Asked field names are: formula.
biodb.TRACE[2025-10-11 16:02:13.822][ef$get] Realnames of fields are: formula.
biodb.TRACE[2025-10-11 16:02:13.823][ef$get] 1 fields were returned.
biodb.TRACE[2025-10-11 16:02:13.824][ef$get] fields variable is a list.
biodb.TRACE[2025-10-11 16:02:13.825][self$getBiodb()$getEntryFields()$get] Asked field names are: formula.
biodb.TRACE[2025-10-11 16:02:13.826][self$getBiodb()$getEntryFields()$get] Realnames of fields are: formula.
biodb.TRACE[2025-10-11 16:02:13.827][self$getBiodb()$getEntryFields()$get] 1 fields were returned.
biodb.TRACE[2025-10-11 16:02:13.828][self$getBiodb()$getEntryFields()$get] fields variable is a list.
biodb.TRACE[2025-10-11 16:02:13.836][self$getBiodb()$getEntryFields()$get] Asked field names are: average.mass.
biodb.TRACE[2025-10-11 16:02:13.837][self$getBiodb()$getEntryFields()$get] Realnames of fields are: average.mass.
biodb.TRACE[2025-10-11 16:02:13.838][self$getBiodb()$getEntryFields()$get] 1 fields were returned.
biodb.TRACE[2025-10-11 16:02:13.839][self$getBiodb()$getEntryFields()$get] fields variable is a list.
biodb.TRACE[2025-10-11 16:02:13.840][self$getBiodb()$getEntryFields()$get] Asked field names are: average.mass.
biodb.TRACE[2025-10-11 16:02:13.841][self$getBiodb()$getEntryFields()$get] Realnames of fields are: average.mass.
biodb.TRACE[2025-10-11 16:02:13.842][self$getBiodb()$getEntryFields()$get] 1 fields were returned.
biodb.TRACE[2025-10-11 16:02:13.843][self$getBiodb()$getEntryFields()$get] fields variable is a list.
biodb.TRACE[2025-10-11 16:02:13.844][self$getBiodb()$getEntryFields()$get] Asked field names are: average.mass.
biodb.TRACE[2025-10-11 16:02:13.845][self$getBiodb()$getEntryFields()$get] Realnames of fields are: average.mass.
biodb.TRACE[2025-10-11 16:02:13.846][self$getBiodb()$getEntryFields()$get] 1 fields were returned.
biodb.TRACE[2025-10-11 16:02:13.847][self$getBiodb()$getEntryFields()$get] fields variable is a list.
biodb.TRACE[2025-10-11 16:02:13.848][ef$get] Asked field names are: average.mass.
biodb.TRACE[2025-10-11 16:02:13.849][ef$get] Realnames of fields are: average.mass.
biodb.TRACE[2025-10-11 16:02:13.850][ef$get] 1 fields were returned.
biodb.TRACE[2025-10-11 16:02:13.851][ef$get] fields variable is a list.
biodb.TRACE[2025-10-11 16:02:13.852][self$getBiodb()$getEntryFields()$get] Asked field names are: average.mass.
biodb.TRACE[2025-10-11 16:02:13.853][self$getBiodb()$getEntryFields()$get] Realnames of fields are: average.mass.
biodb.TRACE[2025-10-11 16:02:13.854][self$getBiodb()$getEntryFields()$get] 1 fields were returned.
biodb.TRACE[2025-10-11 16:02:13.855][self$getBiodb()$getEntryFields()$get] fields variable is a list.
biodb.TRACE[2025-10-11 16:02:13.863][self$getBiodb()$getEntryFields()$get] Asked field names are: monoisotopic.mass.
biodb.TRACE[2025-10-11 16:02:13.864][self$getBiodb()$getEntryFields()$get] Realnames of fields are: monoisotopic.mass.
biodb.TRACE[2025-10-11 16:02:13.865][self$getBiodb()$getEntryFields()$get] 1 fields were returned.
biodb.TRACE[2025-10-11 16:02:13.866][self$getBiodb()$getEntryFields()$get] fields variable is a list.
biodb.TRACE[2025-10-11 16:02:13.867][self$getBiodb()$getEntryFields()$get] Asked field names are: monoisotopic.mass.
biodb.TRACE[2025-10-11 16:02:13.868][self$getBiodb()$getEntryFields()$get] Realnames of fields are: monoisotopic.mass.
biodb.TRACE[2025-10-11 16:02:13.869][self$getBiodb()$getEntryFields()$get] 1 fields were returned.
biodb.TRACE[2025-10-11 16:02:13.870][self$getBiodb()$getEntryFields()$get] fields variable is a list.
biodb.TRACE[2025-10-11 16:02:13.871][self$getBiodb()$getEntryFields()$get] Asked field names are: monoisotopic.mass.
biodb.TRACE[2025-10-11 16:02:13.872][self$getBiodb()$getEntryFields()$get] Realnames of fields are: monoisotopic.mass.
biodb.TRACE[2025-10-11 16:02:13.873][self$getBiodb()$getEntryFields()$get] 1 fields were returned.
biodb.TRACE[2025-10-11 16:02:13.874][self$getBiodb()$getEntryFields()$get] fields variable is a list.
biodb.TRACE[2025-10-11 16:02:13.875][ef$get] Asked field names are: monoisotopic.mass.
biodb.TRACE[2025-10-11 16:02:13.876][ef$get] Realnames of fields are: monoisotopic.mass.
biodb.TRACE[2025-10-11 16:02:13.877][ef$get] 1 fields were returned.
biodb.TRACE[2025-10-11 16:02:13.878][ef$get] fields variable is a list.
biodb.TRACE[2025-10-11 16:02:13.879][self$getBiodb()$getEntryFields()$get] Asked field names are: monoisotopic.mass.
biodb.TRACE[2025-10-11 16:02:13.880][self$getBiodb()$getEntryFields()$get] Realnames of fields are: monoisotopic.mass.
biodb.TRACE[2025-10-11 16:02:13.881][self$getBiodb()$getEntryFields()$get] 1 fields were returned.
biodb.TRACE[2025-10-11 16:02:13.882][self$getBiodb()$getEntryFields()$get] fields variable is a list.
biodb.TRACE[2025-10-11 16:02:13.890][self$getBiodb()$getEntryFields()$get] Asked field names are: comp.super.class.
biodb.TRACE[2025-10-11 16:02:13.891][self$getBiodb()$getEntryFields()$get] Realnames of fields are: comp.super.class.
biodb.TRACE[2025-10-11 16:02:13.892][self$getBiodb()$getEntryFields()$get] 1 fields were returned.
biodb.TRACE[2025-10-11 16:02:13.893][self$getBiodb()$getEntryFields()$get] fields variable is a list.
biodb.TRACE[2025-10-11 16:02:13.894][self$getBiodb()$getEntryFields()$get] Asked field names are: comp.super.class.
biodb.TRACE[2025-10-11 16:02:13.895][self$getBiodb()$getEntryFields()$get] Realnames of fields are: comp.super.class.
biodb.TRACE[2025-10-11 16:02:13.896][self$getBiodb()$getEntryFields()$get] 1 fields were returned.
biodb.TRACE[2025-10-11 16:02:13.897][self$getBiodb()$getEntryFields()$get] fields variable is a list.
biodb.TRACE[2025-10-11 16:02:13.898][self$getBiodb()$getEntryFields()$get] Asked field names are: comp.super.class.
biodb.TRACE[2025-10-11 16:02:13.899][self$getBiodb()$getEntryFields()$get] Realnames of fields are: comp.super.class.
biodb.TRACE[2025-10-11 16:02:13.900][self$getBiodb()$getEntryFields()$get] 1 fields were returned.
biodb.TRACE[2025-10-11 16:02:13.901][self$getBiodb()$getEntryFields()$get] fields variable is a list.
biodb.TRACE[2025-10-11 16:02:13.902][ef$get] Asked field names are: comp.super.class.
biodb.TRACE[2025-10-11 16:02:13.903][ef$get] Realnames of fields are: comp.super.class.
biodb.TRACE[2025-10-11 16:02:13.904][ef$get] 1 fields were returned.
biodb.TRACE[2025-10-11 16:02:13.905][ef$get] fields variable is a list.
biodb.TRACE[2025-10-11 16:02:13.906][self$getBiodb()$getEntryFields()$get] Asked field names are: comp.super.class.
biodb.TRACE[2025-10-11 16:02:13.907][self$getBiodb()$getEntryFields()$get] Realnames of fields are: comp.super.class.
biodb.TRACE[2025-10-11 16:02:13.908][self$getBiodb()$getEntryFields()$get] 1 fields were returned.
biodb.TRACE[2025-10-11 16:02:13.909][self$getBiodb()$getEntryFields()$get] fields variable is a list.
biodb.TRACE[2025-10-11 16:02:13.922][self$getBiodb()$getEntryFields()$get] Asked field names are: comp.iupac.name.syst.
biodb.TRACE[2025-10-11 16:02:13.923][self$getBiodb()$getEntryFields()$get] Realnames of fields are: comp.iupac.name.syst.
biodb.TRACE[2025-10-11 16:02:13.924][self$getBiodb()$getEntryFields()$get] 1 fields were returned.
biodb.TRACE[2025-10-11 16:02:13.925][self$getBiodb()$getEntryFields()$get] fields variable is a list.
biodb.TRACE[2025-10-11 16:02:13.926][self$getBiodb()$getEntryFields()$get] Asked field names are: comp.iupac.name.syst.
biodb.TRACE[2025-10-11 16:02:13.927][self$getBiodb()$getEntryFields()$get] Realnames of fields are: comp.iupac.name.syst.
biodb.TRACE[2025-10-11 16:02:13.928][self$getBiodb()$getEntryFields()$get] 1 fields were returned.
biodb.TRACE[2025-10-11 16:02:13.929][self$getBiodb()$getEntryFields()$get] fields variable is a list.
biodb.TRACE[2025-10-11 16:02:13.930][self$getBiodb()$getEntryFields()$get] Asked field names are: comp.iupac.name.syst.
biodb.TRACE[2025-10-11 16:02:13.931][self$getBiodb()$getEntryFields()$get] Realnames of fields are: comp.iupac.name.syst.
biodb.TRACE[2025-10-11 16:02:13.932][self$getBiodb()$getEntryFields()$get] 1 fields were returned.
biodb.TRACE[2025-10-11 16:02:13.933][self$getBiodb()$getEntryFields()$get] fields variable is a list.
biodb.TRACE[2025-10-11 16:02:13.934][ef$get] Asked field names are: comp.iupac.name.syst.
biodb.TRACE[2025-10-11 16:02:13.936][ef$get] Realnames of fields are: comp.iupac.name.syst.
biodb.TRACE[2025-10-11 16:02:13.936][ef$get] 1 fields were returned.
biodb.TRACE[2025-10-11 16:02:13.937][ef$get] fields variable is a list.
biodb.TRACE[2025-10-11 16:02:13.938][self$getBiodb()$getEntryFields()$get] Asked field names are: comp.iupac.name.syst.
biodb.TRACE[2025-10-11 16:02:13.940][self$getBiodb()$getEntryFields()$get] Realnames of fields are: comp.iupac.name.syst.
biodb.TRACE[2025-10-11 16:02:13.941][self$getBiodb()$getEntryFields()$get] 1 fields were returned.
biodb.TRACE[2025-10-11 16:02:13.941][self$getBiodb()$getEntryFields()$get] fields variable is a list.
biodb.TRACE[2025-10-11 16:02:13.949][self$getBiodb()$getEntryFields()$get] Asked field names are: comp.iupac.name.trad.
biodb.TRACE[2025-10-11 16:02:13.951][self$getBiodb()$getEntryFields()$get] Realnames of fields are: comp.iupac.name.trad.
biodb.TRACE[2025-10-11 16:02:13.952][self$getBiodb()$getEntryFields()$get] 1 fields were returned.
biodb.TRACE[2025-10-11 16:02:13.952][self$getBiodb()$getEntryFields()$get] fields variable is a list.
biodb.TRACE[2025-10-11 16:02:13.954][self$getBiodb()$getEntryFields()$get] Asked field names are: comp.iupac.name.trad.
biodb.TRACE[2025-10-11 16:02:13.955][self$getBiodb()$getEntryFields()$get] Realnames of fields are: comp.iupac.name.trad.
biodb.TRACE[2025-10-11 16:02:13.956][self$getBiodb()$getEntryFields()$get] 1 fields were returned.
biodb.TRACE[2025-10-11 16:02:13.957][self$getBiodb()$getEntryFields()$get] fields variable is a list.
biodb.TRACE[2025-10-11 16:02:13.958][self$getBiodb()$getEntryFields()$get] Asked field names are: comp.iupac.name.trad.
biodb.TRACE[2025-10-11 16:02:13.959][self$getBiodb()$getEntryFields()$get] Realnames of fields are: comp.iupac.name.trad.
biodb.TRACE[2025-10-11 16:02:13.960][self$getBiodb()$getEntryFields()$get] 1 fields were returned.
biodb.TRACE[2025-10-11 16:02:13.961][self$getBiodb()$getEntryFields()$get] fields variable is a list.
biodb.TRACE[2025-10-11 16:02:13.962][ef$get] Asked field names are: comp.iupac.name.trad.
biodb.TRACE[2025-10-11 16:02:13.963][ef$get] Realnames of fields are: comp.iupac.name.trad.
biodb.TRACE[2025-10-11 16:02:13.964][ef$get] 1 fields were returned.
biodb.TRACE[2025-10-11 16:02:13.965][ef$get] fields variable is a list.
biodb.TRACE[2025-10-11 16:02:13.966][self$getBiodb()$getEntryFields()$get] Asked field names are: comp.iupac.name.trad.
biodb.TRACE[2025-10-11 16:02:13.967][self$getBiodb()$getEntryFields()$get] Realnames of fields are: comp.iupac.name.trad.
biodb.TRACE[2025-10-11 16:02:13.968][self$getBiodb()$getEntryFields()$get] 1 fields were returned.
biodb.TRACE[2025-10-11 16:02:13.969][self$getBiodb()$getEntryFields()$get] fields variable is a list.
biodb.TRACE[2025-10-11 16:02:13.977][self$getBiodb()$getEntryFields()$get] Asked field names are: smiles.
biodb.TRACE[2025-10-11 16:02:13.978][self$getBiodb()$getEntryFields()$get] Realnames of fields are: smiles.
biodb.TRACE[2025-10-11 16:02:13.979][self$getBiodb()$getEntryFields()$get] 1 fields were returned.
biodb.TRACE[2025-10-11 16:02:13.980][self$getBiodb()$getEntryFields()$get] fields variable is a list.
biodb.TRACE[2025-10-11 16:02:13.981][self$getBiodb()$getEntryFields()$get] Asked field names are: smiles.
biodb.TRACE[2025-10-11 16:02:13.982][self$getBiodb()$getEntryFields()$get] Realnames of fields are: smiles.
biodb.TRACE[2025-10-11 16:02:13.983][self$getBiodb()$getEntryFields()$get] 1 fields were returned.
biodb.TRACE[2025-10-11 16:02:13.984][self$getBiodb()$getEntryFields()$get] fields variable is a list.
biodb.TRACE[2025-10-11 16:02:13.985][self$getBiodb()$getEntryFields()$get] Asked field names are: smiles.
biodb.TRACE[2025-10-11 16:02:13.986][self$getBiodb()$getEntryFields()$get] Realnames of fields are: smiles.
biodb.TRACE[2025-10-11 16:02:13.987][self$getBiodb()$getEntryFields()$get] 1 fields were returned.
biodb.TRACE[2025-10-11 16:02:13.988][self$getBiodb()$getEntryFields()$get] fields variable is a list.
biodb.TRACE[2025-10-11 16:02:13.989][ef$get] Asked field names are: smiles.
biodb.TRACE[2025-10-11 16:02:13.990][ef$get] Realnames of fields are: smiles.
biodb.TRACE[2025-10-11 16:02:13.991][ef$get] 1 fields were returned.
biodb.TRACE[2025-10-11 16:02:13.992][ef$get] fields variable is a list.
biodb.TRACE[2025-10-11 16:02:13.993][self$getBiodb()$getEntryFields()$get] Asked field names are: smiles.
biodb.TRACE[2025-10-11 16:02:13.994][self$getBiodb()$getEntryFields()$get] Realnames of fields are: smiles.
biodb.TRACE[2025-10-11 16:02:13.995][self$getBiodb()$getEntryFields()$get] 1 fields were returned.
biodb.TRACE[2025-10-11 16:02:13.996][self$getBiodb()$getEntryFields()$get] fields variable is a list.
biodb.TRACE[2025-10-11 16:02:14.004][self$getBiodb()$getEntryFields()$get] Asked field names are: inchi.
biodb.TRACE[2025-10-11 16:02:14.005][self$getBiodb()$getEntryFields()$get] Realnames of fields are: inchi.
biodb.TRACE[2025-10-11 16:02:14.006][self$getBiodb()$getEntryFields()$get] 1 fields were returned.
biodb.TRACE[2025-10-11 16:02:14.007][self$getBiodb()$getEntryFields()$get] fields variable is a list.
biodb.TRACE[2025-10-11 16:02:14.008][self$getBiodb()$getEntryFields()$get] Asked field names are: inchi.
biodb.TRACE[2025-10-11 16:02:14.009][self$getBiodb()$getEntryFields()$get] Realnames of fields are: inchi.
biodb.TRACE[2025-10-11 16:02:14.010][self$getBiodb()$getEntryFields()$get] 1 fields were returned.
biodb.TRACE[2025-10-11 16:02:14.011][self$getBiodb()$getEntryFields()$get] fields variable is a list.
biodb.TRACE[2025-10-11 16:02:14.012][self$getBiodb()$getEntryFields()$get] Asked field names are: inchi.
biodb.TRACE[2025-10-11 16:02:14.013][self$getBiodb()$getEntryFields()$get] Realnames of fields are: inchi.
biodb.TRACE[2025-10-11 16:02:14.014][self$getBiodb()$getEntryFields()$get] 1 fields were returned.
biodb.TRACE[2025-10-11 16:02:14.015][self$getBiodb()$getEntryFields()$get] fields variable is a list.
biodb.TRACE[2025-10-11 16:02:14.016][ef$get] Asked field names are: inchi.
biodb.TRACE[2025-10-11 16:02:14.017][ef$get] Realnames of fields are: inchi.
biodb.TRACE[2025-10-11 16:02:14.018][ef$get] 1 fields were returned.
biodb.TRACE[2025-10-11 16:02:14.019][ef$get] fields variable is a list.
biodb.TRACE[2025-10-11 16:02:14.020][self$getBiodb()$getEntryFields()$get] Asked field names are: inchi.
biodb.TRACE[2025-10-11 16:02:14.021][self$getBiodb()$getEntryFields()$get] Realnames of fields are: inchi.
biodb.TRACE[2025-10-11 16:02:14.022][self$getBiodb()$getEntryFields()$get] 1 fields were returned.
biodb.TRACE[2025-10-11 16:02:14.023][self$getBiodb()$getEntryFields()$get] fields variable is a list.
biodb.TRACE[2025-10-11 16:02:14.031][self$getBiodb()$getEntryFields()$get] Asked field names are: inchikey.
biodb.TRACE[2025-10-11 16:02:14.032][self$getBiodb()$getEntryFields()$get] Realnames of fields are: inchikey.
biodb.TRACE[2025-10-11 16:02:14.033][self$getBiodb()$getEntryFields()$get] 1 fields were returned.
biodb.TRACE[2025-10-11 16:02:14.034][self$getBiodb()$getEntryFields()$get] fields variable is a list.
biodb.TRACE[2025-10-11 16:02:14.035][self$getBiodb()$getEntryFields()$get] Asked field names are: inchikey.
biodb.TRACE[2025-10-11 16:02:14.036][self$getBiodb()$getEntryFields()$get] Realnames of fields are: inchikey.
biodb.TRACE[2025-10-11 16:02:14.037][self$getBiodb()$getEntryFields()$get] 1 fields were returned.
biodb.TRACE[2025-10-11 16:02:14.038][self$getBiodb()$getEntryFields()$get] fields variable is a list.
biodb.TRACE[2025-10-11 16:02:14.039][self$getBiodb()$getEntryFields()$get] Asked field names are: inchikey.
biodb.TRACE[2025-10-11 16:02:14.045][self$getBiodb()$getEntryFields()$get] Realnames of fields are: inchikey.
biodb.TRACE[2025-10-11 16:02:14.046][self$getBiodb()$getEntryFields()$get] 1 fields were returned.
biodb.TRACE[2025-10-11 16:02:14.047][self$getBiodb()$getEntryFields()$get] fields variable is a list.
biodb.TRACE[2025-10-11 16:02:14.048][ef$get] Asked field names are: inchikey.
biodb.TRACE[2025-10-11 16:02:14.049][ef$get] Realnames of fields are: inchikey.
biodb.TRACE[2025-10-11 16:02:14.050][ef$get] 1 fields were returned.
biodb.TRACE[2025-10-11 16:02:14.051][ef$get] fields variable is a list.
biodb.TRACE[2025-10-11 16:02:14.052][self$getBiodb()$getEntryFields()$get] Asked field names are: inchikey.
biodb.TRACE[2025-10-11 16:02:14.053][self$getBiodb()$getEntryFields()$get] Realnames of fields are: inchikey.
biodb.TRACE[2025-10-11 16:02:14.054][self$getBiodb()$getEntryFields()$get] 1 fields were returned.
biodb.TRACE[2025-10-11 16:02:14.055][self$getBiodb()$getEntryFields()$get] fields variable is a list.
biodb.TRACE[2025-10-11 16:02:14.064][self$getBiodb()$getEntryFields()$get] Asked field names are: cas.id.
biodb.TRACE[2025-10-11 16:02:14.065][self$getBiodb()$getEntryFields()$get] Realnames of fields are: cas.id.
biodb.TRACE[2025-10-11 16:02:14.066][self$getBiodb()$getEntryFields()$get] 1 fields were returned.
biodb.TRACE[2025-10-11 16:02:14.067][self$getBiodb()$getEntryFields()$get] fields variable is a list.
biodb.TRACE[2025-10-11 16:02:14.068][self$getBiodb()$getEntryFields()$get] Asked field names are: cas.id.
biodb.TRACE[2025-10-11 16:02:14.069][self$getBiodb()$getEntryFields()$get] Realnames of fields are: cas.id.
biodb.TRACE[2025-10-11 16:02:14.070][self$getBiodb()$getEntryFields()$get] 1 fields were returned.
biodb.TRACE[2025-10-11 16:02:14.071][self$getBiodb()$getEntryFields()$get] fields variable is a list.
biodb.TRACE[2025-10-11 16:02:14.072][self$getBiodb()$getEntryFields()$get] Asked field names are: cas.id.
biodb.TRACE[2025-10-11 16:02:14.073][self$getBiodb()$getEntryFields()$get] Realnames of fields are: cas.id.
biodb.TRACE[2025-10-11 16:02:14.074][self$getBiodb()$getEntryFields()$get] 1 fields were returned.
biodb.TRACE[2025-10-11 16:02:14.075][self$getBiodb()$getEntryFields()$get] fields variable is a list.
biodb.TRACE[2025-10-11 16:02:14.076][ef$get] Asked field names are: cas.id.
biodb.TRACE[2025-10-11 16:02:14.077][ef$get] Realnames of fields are: cas.id.
biodb.TRACE[2025-10-11 16:02:14.078][ef$get] 1 fields were returned.
biodb.TRACE[2025-10-11 16:02:14.079][ef$get] fields variable is a list.
biodb.TRACE[2025-10-11 16:02:14.080][self$getBiodb()$getEntryFields()$get] Asked field names are: cas.id.
biodb.TRACE[2025-10-11 16:02:14.081][self$getBiodb()$getEntryFields()$get] Realnames of fields are: cas.id.
biodb.TRACE[2025-10-11 16:02:14.082][self$getBiodb()$getEntryFields()$get] 1 fields were returned.
biodb.TRACE[2025-10-11 16:02:14.083][self$getBiodb()$getEntryFields()$get] fields variable is a list.
biodb.TRACE[2025-10-11 16:02:14.091][ef$get] Asked field names are: accession.
biodb.TRACE[2025-10-11 16:02:14.092][ef$get] Realnames of fields are: accession.
biodb.TRACE[2025-10-11 16:02:14.093][ef$get] 1 fields were returned.
biodb.TRACE[2025-10-11 16:02:14.094][ef$get] fields variable is a list.
biodb.TRACE[2025-10-11 16:02:14.099][ef$get] Asked field names are: average.mass.
biodb.TRACE[2025-10-11 16:02:14.100][ef$get] Realnames of fields are: average.mass.
biodb.TRACE[2025-10-11 16:02:14.101][ef$get] 1 fields were returned.
biodb.TRACE[2025-10-11 16:02:14.102][ef$get] fields variable is a list.
biodb.TRACE[2025-10-11 16:02:14.106][ef$get] Asked field names are: cas.id.
biodb.TRACE[2025-10-11 16:02:14.107][ef$get] Realnames of fields are: cas.id.
biodb.TRACE[2025-10-11 16:02:14.108][ef$get] 1 fields were returned.
biodb.TRACE[2025-10-11 16:02:14.109][ef$get] fields variable is a list.
biodb.TRACE[2025-10-11 16:02:14.114][ef$get] Asked field names are: chebi.id.
biodb.TRACE[2025-10-11 16:02:14.115][ef$get] Realnames of fields are: chebi.id.
biodb.TRACE[2025-10-11 16:02:14.116][ef$get] 1 fields were returned.
biodb.TRACE[2025-10-11 16:02:14.117][ef$get] fields variable is a list.
biodb.TRACE[2025-10-11 16:02:14.121][ef$get] Asked field names are: chemspider.id.
biodb.TRACE[2025-10-11 16:02:14.122][ef$get] Realnames of fields are: chemspider.id.
biodb.TRACE[2025-10-11 16:02:14.123][ef$get] 1 fields were returned.
biodb.TRACE[2025-10-11 16:02:14.124][ef$get] fields variable is a list.
biodb.TRACE[2025-10-11 16:02:14.128][ef$get] Asked field names are: comp.iupac.name.syst.
biodb.TRACE[2025-10-11 16:02:14.129][ef$get] Realnames of fields are: comp.iupac.name.syst.
biodb.TRACE[2025-10-11 16:02:14.130][ef$get] 1 fields were returned.
biodb.TRACE[2025-10-11 16:02:14.131][ef$get] fields variable is a list.
biodb.TRACE[2025-10-11 16:02:14.135][ef$get] Asked field names are: comp.iupac.name.trad.
biodb.TRACE[2025-10-11 16:02:14.136][ef$get] Realnames of fields are: comp.iupac.name.trad.
biodb.TRACE[2025-10-11 16:02:14.137][ef$get] 1 fields were returned.
biodb.TRACE[2025-10-11 16:02:14.138][ef$get] fields variable is a list.
biodb.TRACE[2025-10-11 16:02:14.141][ef$get] Asked field names are: comp.super.class.
biodb.TRACE[2025-10-11 16:02:14.143][ef$get] Realnames of fields are: comp.super.class.
biodb.TRACE[2025-10-11 16:02:14.143][ef$get] 1 fields were returned.
biodb.TRACE[2025-10-11 16:02:14.144][ef$get] fields variable is a list.
biodb.TRACE[2025-10-11 16:02:14.148][ef$get] Asked field names are: description.
biodb.TRACE[2025-10-11 16:02:14.149][ef$get] Realnames of fields are: description.
biodb.TRACE[2025-10-11 16:02:14.150][ef$get] 1 fields were returned.
biodb.TRACE[2025-10-11 16:02:14.151][ef$get] fields variable is a list.
biodb.TRACE[2025-10-11 16:02:14.155][ef$get] Asked field names are: formula.
biodb.TRACE[2025-10-11 16:02:14.156][ef$get] Realnames of fields are: formula.
biodb.TRACE[2025-10-11 16:02:14.157][ef$get] 1 fields were returned.
biodb.TRACE[2025-10-11 16:02:14.158][ef$get] fields variable is a list.
biodb.TRACE[2025-10-11 16:02:14.161][ef$get] Asked field names are: inchi.
biodb.TRACE[2025-10-11 16:02:14.163][ef$get] Realnames of fields are: inchi.
biodb.TRACE[2025-10-11 16:02:14.163][ef$get] 1 fields were returned.
biodb.TRACE[2025-10-11 16:02:14.164][ef$get] fields variable is a list.
biodb.TRACE[2025-10-11 16:02:14.173][ef$get] Asked field names are: inchikey.
biodb.TRACE[2025-10-11 16:02:14.174][ef$get] Realnames of fields are: inchikey.
biodb.TRACE[2025-10-11 16:02:14.175][ef$get] 1 fields were returned.
biodb.TRACE[2025-10-11 16:02:14.176][ef$get] fields variable is a list.
biodb.TRACE[2025-10-11 16:02:14.180][ef$get] Asked field names are: kegg.compound.id.
biodb.TRACE[2025-10-11 16:02:14.181][ef$get] Realnames of fields are: kegg.compound.id.
biodb.TRACE[2025-10-11 16:02:14.182][ef$get] 1 fields were returned.
biodb.TRACE[2025-10-11 16:02:14.183][ef$get] fields variable is a list.
biodb.TRACE[2025-10-11 16:02:14.187][ef$get] Asked field names are: monoisotopic.mass.
biodb.TRACE[2025-10-11 16:02:14.188][ef$get] Realnames of fields are: monoisotopic.mass.
biodb.TRACE[2025-10-11 16:02:14.189][ef$get] 1 fields were returned.
biodb.TRACE[2025-10-11 16:02:14.190][ef$get] fields variable is a list.
biodb.TRACE[2025-10-11 16:02:14.194][ef$get] Asked field names are: name.
biodb.TRACE[2025-10-11 16:02:14.195][ef$get] Realnames of fields are: name.
biodb.TRACE[2025-10-11 16:02:14.196][ef$get] 1 fields were returned.
biodb.TRACE[2025-10-11 16:02:14.197][ef$get] fields variable is a list.
biodb.TRACE[2025-10-11 16:02:14.200][ef$get] Asked field names are: ncbi.pubchem.comp.id.
biodb.TRACE[2025-10-11 16:02:14.201][ef$get] Realnames of fields are: ncbi.pubchem.comp.id.
biodb.TRACE[2025-10-11 16:02:14.202][ef$get] 1 fields were returned.
biodb.TRACE[2025-10-11 16:02:14.203][ef$get] fields variable is a list.
biodb.TRACE[2025-10-11 16:02:14.207][ef$get] Asked field names are: secondary.accessions.
biodb.TRACE[2025-10-11 16:02:14.208][ef$get] Realnames of fields are: secondary.accessions.
biodb.TRACE[2025-10-11 16:02:14.209][ef$get] 1 fields were returned.
biodb.TRACE[2025-10-11 16:02:14.210][ef$get] fields variable is a list.
biodb.TRACE[2025-10-11 16:02:14.214][ef$get] Asked field names are: smiles.
biodb.TRACE[2025-10-11 16:02:14.215][ef$get] Realnames of fields are: smiles.
biodb.TRACE[2025-10-11 16:02:14.216][ef$get] 1 fields were returned.
biodb.TRACE[2025-10-11 16:02:14.217][ef$get] fields variable is a list.
biodb.INFO [2025-10-11 16:02:14.223][biodb::testThat]
biodb.INFO [2025-10-11 16:02:14.224][biodb::testThat] Running test function  test.rt.unit  (" RT unit is defined when there is an RT value. ").
biodb.INFO [2025-10-11 16:02:14.225][biodb::testThat] --------------------------------------------------------------------------------
biodb.INFO [2025-10-11 16:02:14.226][biodb::testThat]
biodb.DEBUG[2025-10-11 16:02:14.239][private$loadEntries] Creating entries from ids [1]: "HMDB0000001".
biodb.DEBUG[2025-10-11 16:02:14.241][conn$getEntryContent] Get HMDB Metabolites entry content(s) for 1 id(s)...
biodb.DEBUG[2025-10-11 16:02:14.244][self$isDownloaded] Database hmdb.metabolites has already been downloaded.
biodb.DEBUG[2025-10-11 16:02:14.271][self$isDownloaded] Database hmdb.metabolites has already been downloaded.
biodb.INFO [2025-10-11 16:02:14.272][self$download] Extract whole database of hmdb.metabolites.
biodb.INFO [2025-10-11 16:02:14.273][private$doExtractDownload] Extracting content of downloaded',
                    ' HMDB metabolite database...
biodb.INFO [2025-10-11 16:02:14.313][biodb::testThat]
biodb.INFO [2025-10-11 16:02:14.314][biodb::testThat] Running test function  test.searchForEntries  (" We can search for an entry by searchable field ").
biodb.INFO [2025-10-11 16:02:14.315][biodb::testThat] --------------------------------------------------------------------------------
biodb.INFO [2025-10-11 16:02:14.316][biodb::testThat]
biodb.TRACE[2025-10-11 16:02:14.318][ef$get] Asked field names are: name.
biodb.TRACE[2025-10-11 16:02:14.319][ef$get] Realnames of fields are: name.
biodb.TRACE[2025-10-11 16:02:14.320][ef$get] 1 fields were returned.
biodb.TRACE[2025-10-11 16:02:14.321][ef$get] fields variable is a list.
biodb.DEBUG[2025-10-11 16:02:14.322][function(conn, opt)] Testing searchForEntries() with entry "HMDB0000001" and field "name".
biodb.DEBUG[2025-10-11 16:02:14.342][private$loadEntries] Creating entries from ids [1]: "HMDB0000001".
biodb.DEBUG[2025-10-11 16:02:14.390][conn$getEntryContent] Get HMDB Metabolites entry content(s) for 1 id(s)...
biodb.DEBUG[2025-10-11 16:02:14.391][self$isDownloaded] Database hmdb.metabolites has already been downloaded.
biodb.DEBUG[2025-10-11 16:02:14.393][self$isDownloaded] Database hmdb.metabolites has already been downloaded.
biodb.INFO [2025-10-11 16:02:14.394][self$download] Extract whole database of hmdb.metabolites.
biodb.INFO [2025-10-11 16:02:14.406][private$doExtractDownload] Extracting content of downloaded',
                    ' HMDB metabolite database...
biodb.INFO [2025-10-11 16:02:14.428][biodb::testThat]
biodb.INFO [2025-10-11 16:02:14.430][biodb::testThat] Running test function  test.searchByName  (" We can search for an entry by name. ").
biodb.INFO [2025-10-11 16:02:14.431][biodb::testThat] --------------------------------------------------------------------------------
biodb.INFO [2025-10-11 16:02:14.432][biodb::testThat]
biodb.DEBUG[2025-10-11 16:02:14.439][private$loadEntries] Creating entries from ids [1]: "HMDB0000001".
biodb.DEBUG[2025-10-11 16:02:14.440][conn$getEntryContent] Get HMDB Metabolites entry content(s) for 1 id(s)...
biodb.DEBUG[2025-10-11 16:02:14.442][self$isDownloaded] Database hmdb.metabolites has already been downloaded.
biodb.DEBUG[2025-10-11 16:02:14.443][self$isDownloaded] Database hmdb.metabolites has already been downloaded.
biodb.INFO [2025-10-11 16:02:14.444][self$download] Extract whole database of hmdb.metabolites.
biodb.INFO [2025-10-11 16:02:14.445][private$doExtractDownload] Extracting content of downloaded',
                    ' HMDB metabolite database...
biodb.INFO [2025-10-11 16:02:14.459][biodb::testThat]
biodb.INFO [2025-10-11 16:02:14.460][biodb::testThat] Running test function  testEntryLoading  (" We can load an entry from the database. ").
biodb.INFO [2025-10-11 16:02:14.461][biodb::testThat] --------------------------------------------------------------------------------
biodb.INFO [2025-10-11 16:02:14.461][biodb::testThat]
biodb.DEBUG[2025-10-11 16:02:14.465][private$loadEntries] Creating entries from ids [1]: "HMDB0000001".
biodb.DEBUG[2025-10-11 16:02:14.466][conn$getEntryContent] Get HMDB Metabolites entry content(s) for 1 id(s)...
biodb.DEBUG[2025-10-11 16:02:14.468][self$isDownloaded] Database hmdb.metabolites has already been downloaded.
biodb.DEBUG[2025-10-11 16:02:14.469][self$isDownloaded] Database hmdb.metabolites has already been downloaded.
biodb.INFO [2025-10-11 16:02:14.470][self$download] Extract whole database of hmdb.metabolites.
biodb.INFO [2025-10-11 16:02:14.471][private$doExtractDownload] Extracting content of downloaded',
                    ' HMDB metabolite database...
biodb.INFO [2025-10-11 16:02:14.484][biodb::testThat]
biodb.INFO [2025-10-11 16:02:14.485][biodb::testThat] Running test function  test.entry.page.url  (" We can get a URL pointing to the entry page. ").
biodb.INFO [2025-10-11 16:02:14.486][biodb::testThat] --------------------------------------------------------------------------------
biodb.INFO [2025-10-11 16:02:14.487][biodb::testThat]
biodb.INFO [2025-10-11 16:02:14.506][biodb::testThat]
biodb.INFO [2025-10-11 16:02:14.507][biodb::testThat] Running test function  test.entry.image.url  (" We can get a URL pointing to the entry image. ").
biodb.INFO [2025-10-11 16:02:14.508][biodb::testThat] --------------------------------------------------------------------------------
biodb.INFO [2025-10-11 16:02:14.509][biodb::testThat]
biodb.INFO [2025-10-11 16:02:14.524][biodb::testThat]
biodb.INFO [2025-10-11 16:02:14.525][biodb::testThat] Running test function  test.entry.page.url.download  (" The entry page URL can be downloaded. ").
biodb.INFO [2025-10-11 16:02:14.526][biodb::testThat] --------------------------------------------------------------------------------
biodb.INFO [2025-10-11 16:02:14.527][biodb::testThat]
biodb.INFO [2025-10-11 16:02:14.541][biodb::testThat]
biodb.INFO [2025-10-11 16:02:14.542][biodb::testThat] Running test function  test.entry.image.url.download  (" The entry image URL can be downloaded. ").
biodb.INFO [2025-10-11 16:02:14.542][biodb::testThat] --------------------------------------------------------------------------------
biodb.INFO [2025-10-11 16:02:14.543][biodb::testThat]
biodb.TRACE[2025-10-11 16:02:14.571][ef$get] Asked field names are: name.
biodb.TRACE[2025-10-11 16:02:14.572][ef$get] Realnames of fields are: name.
biodb.TRACE[2025-10-11 16:02:14.573][ef$get] 1 fields were returned.
biodb.TRACE[2025-10-11 16:02:14.574][ef$get] fields variable is a list.
biodb.TRACE[2025-10-11 16:02:14.575][ef$get] Asked field names are: description.
biodb.TRACE[2025-10-11 16:02:14.576][ef$get] Realnames of fields are: description.
biodb.TRACE[2025-10-11 16:02:14.577][ef$get] 1 fields were returned.
biodb.TRACE[2025-10-11 16:02:14.578][ef$get] fields variable is a list.
biodb.TRACE[2025-10-11 16:02:14.579][ef$get] Asked field names are: secondary.accessions.
biodb.TRACE[2025-10-11 16:02:14.580][ef$get] Realnames of fields are: secondary.accessions.
biodb.TRACE[2025-10-11 16:02:14.581][ef$get] 1 fields were returned.
biodb.TRACE[2025-10-11 16:02:14.582][ef$get] fields variable is a list.
biodb.TRACE[2025-10-11 16:02:14.583][ef$get] Asked field names are: name.
biodb.TRACE[2025-10-11 16:02:14.585][ef$get] Realnames of fields are: name.
biodb.TRACE[2025-10-11 16:02:14.585][ef$get] 1 fields were returned.
biodb.TRACE[2025-10-11 16:02:14.586][ef$get] fields variable is a list.
biodb.TRACE[2025-10-11 16:02:14.587][ef$get] Asked field names are: description.
biodb.TRACE[2025-10-11 16:02:14.589][ef$get] Realnames of fields are: description.
biodb.TRACE[2025-10-11 16:02:14.590][ef$get] 1 fields were returned.
biodb.TRACE[2025-10-11 16:02:14.590][ef$get] fields variable is a list.
biodb.TRACE[2025-10-11 16:02:14.591][ef$get] Asked field names are: secondary.accessions.
biodb.TRACE[2025-10-11 16:02:14.593][ef$get] Realnames of fields are: secondary.accessions.
biodb.TRACE[2025-10-11 16:02:14.594][ef$get] 1 fields were returned.
biodb.TRACE[2025-10-11 16:02:14.595][ef$get] fields variable is a list.
biodb.INFO [2025-10-11 16:02:14.596][biodb$terminate] Closing BiodbMain instance...
biodb.INFO [2025-10-11 16:02:14.597][self$deleteConn] Connector "hmdb.metabolites" deleted.
biodb.DEBUG[2025-10-11 16:02:14.598][notifyObservers] Notify observers for terminate.
biodb.DEBUG[2025-10-11 16:02:14.599][FUN] Trying to call function terminate on observer BiodbTestMsgAck.
biodb.DEBUG[2025-10-11 16:02:14.600][FUN] Functions in observer BiodbTestMsgAck: [4]: ".__enclos_env__, clone, notifyProgress, initialize".
biodb.DEBUG[2025-10-11 16:02:14.600][FUN] Trying to call function terminate on observer BiodbEntryFields.
biodb.DEBUG[2025-10-11 16:02:14.601][FUN] Functions in observer BiodbEntryFields: [15]: ".__enclos_env__, clone, terminate, define, print, getDatabaseIdField, getFieldNames, get, getRealName, checkIsDefined, isDefined, formatName, isAlias, notifyCfgUpdate, initialize".
biodb.DEBUG[2025-10-11 16:02:14.602][FUN] Trying to call function terminate on observer BiodbConfig.
biodb.DEBUG[2025-10-11 16:02:14.603][FUN] Functions in observer BiodbConfig: [21]: ".__enclos_env__, clone, terminate, notifyNewObservers, define, getAssocEnvVar, listKeys, print, disable, enable, reset, set, get, isEnabled, isDefined, hasKey, getDefaultValue, getDescription, getTitle, getKeys, initialize".
[ FAIL 8 | WARN 2 | SKIP 0 | PASS 103 ]

══ Failed tests ════════════════════════════════════════════════════════════════
── Error ('test_long_100_generic.R:42:1'): RT unit is defined when there is an RT value. ──
Error in `private$doExtractDownload()`: attempt to apply non-function
Backtrace:
    ▆
 1. ├─base::do.call(fct, params)
 2. └─biodb (local) `<fn>`(conn = `<HmdbMtbC>`, opt = `<named list>`)
 3.   └─conn$getBiodb()$getFactory()$getEntry(...)
 4.     └─private$loadEntries(conn$getId(), missing.ids, drop = FALSE)
 5.       └─conn$getEntryContent(ids)
 6.         └─self$download()
 7.           └─private$doExtractDownload()
── Error ('test_long_100_generic.R:42:1'): We can search for an entry by searchable field ──
Error in `cch$getTmpFolderPath()`: attempt to apply non-function
Backtrace:
    ▆
 1. ├─base::do.call(fct, params)
 2. └─biodb (local) `<fn>`(conn = `<HmdbMtbC>`, opt = `<named list>`)
 3.   └─conn$getEntry(id, drop = TRUE)
 4.     └─private$bdb$getFactory()$getEntry(self$getId(), id = id, drop = drop)
 5.       └─private$loadEntries(conn$getId(), missing.ids, drop = FALSE)
 6.         └─conn$getEntryContent(ids)
 7.           └─self$download()
 8.             └─private$doExtractDownload()
── Error ('test_long_100_generic.R:42:1'): We can search for an entry by name. ──
Error in `cch$getTmpFolderPath()`: attempt to apply non-function
Backtrace:
    ▆
 1. ├─base::do.call(fct, params)
 2. └─biodb (local) `<fn>`(conn = `<HmdbMtbC>`, opt = `<named list>`)
 3.   └─conn$getEntry(id, drop = TRUE)
 4.     └─private$bdb$getFactory()$getEntry(self$getId(), id = id, drop = drop)
 5.       └─private$loadEntries(conn$getId(), missing.ids, drop = FALSE)
 6.         └─conn$getEntryContent(ids)
 7.           └─self$download()
 8.             └─private$doExtractDownload()
── Error ('test_long_100_generic.R:42:1'): We can load an entry from the database. ──
Error in `cch$getTmpFolderPath()`: attempt to apply non-function
Backtrace:
    ▆
 1. ├─base::do.call(fct, params)
 2. └─biodb (local) `<fn>`(conn = `<HmdbMtbC>`, opt = `<named list>`)
 3.   └─opt$refEntries$getRealEntry(id)
 4.     └─self$getRealEntries(ids = id)
 5.       └─private$bdb$getFactory()$getEntry(...)
 6.         └─private$loadEntries(conn$getId(), missing.ids, drop = FALSE)
 7.           └─conn$getEntryContent(ids)
 8.             └─self$download()
 9.               └─private$doExtractDownload()
── Error ('test_long_100_generic.R:42:1'): We can get a URL pointing to the entry page. ──
Error in `FUN(X[[i]], ...)`: object 'BiodbUrl' not found
Backtrace:
    ▆
 1. ├─base::do.call(fct, params)
 2. └─biodb (local) `<fn>`(conn = `<HmdbMtbC>`, opt = `<named list>`)
 3.   └─conn$getEntryPageUrl(ref.ids)
 4.     └─private$doGetEntryPageUrl(entry.id)
 5.       └─base::vapply(id, fct, FUN.VALUE = "")
 6.         └─biodbHmdb (local) FUN(X[[i]], ...)
── Error ('test_long_100_generic.R:42:1'): We can get a URL pointing to the entry image. ──
Error in `FUN(X[[i]], ...)`: object 'BiodbUrl' not found
Backtrace:
    ▆
 1. ├─base::do.call(fct, params)
 2. └─biodb (local) `<fn>`(conn = `<HmdbMtbC>`, opt = `<named list>`)
 3.   └─conn$getEntryImageUrl(ref.ids)
 4.     └─private$doGetEntryImageUrl(entry.id)
 5.       └─base::vapply(id, fct, FUN.VALUE = "")
 6.         └─biodbHmdb (local) FUN(X[[i]], ...)
── Error ('test_long_100_generic.R:42:1'): The entry page URL can be downloaded. ──
Error in `FUN(X[[i]], ...)`: object 'BiodbUrl' not found
Backtrace:
    ▆
 1. ├─base::do.call(fct, params)
 2. └─biodb (local) `<fn>`(conn = `<HmdbMtbC>`, opt = `<named list>`)
 3.   └─conn$getEntryPageUrl(ref.ids[[1]])
 4.     └─private$doGetEntryPageUrl(entry.id)
 5.       └─base::vapply(id, fct, FUN.VALUE = "")
 6.         └─biodbHmdb (local) FUN(X[[i]], ...)
── Error ('test_long_100_generic.R:42:1'): The entry image URL can be downloaded. ──
Error in `FUN(X[[i]], ...)`: object 'BiodbUrl' not found
Backtrace:
    ▆
 1. ├─base::do.call(fct, params)
 2. └─biodb (local) `<fn>`(conn = `<HmdbMtbC>`, opt = `<named list>`)
 3.   └─conn$getEntryImageUrl(ref.ids[[1]])
 4.     └─private$doGetEntryImageUrl(entry.id)
 5.       └─base::vapply(id, fct, FUN.VALUE = "")
 6.         └─biodbHmdb (local) FUN(X[[i]], ...)

[ FAIL 8 | WARN 2 | SKIP 0 | PASS 103 ]
Error: Test failures
Execution halted

'R CMD check' output

##############################################################################
##############################################################################
###
### Running command:
###
###   /home/biocbuild/bbs-3.22-bioc/R/bin/R CMD check --test-dir=longtests --no-stop-on-test-error --no-codoc --no-examples --no-manual --ignore-vignettes --check-subdirs=no biodbHmdb_1.15.1.tar.gz
###
##############################################################################
##############################################################################


* using log directory ‘/home/biocbuild/bbs-3.22-bioc-longtests/meat/biodbHmdb.Rcheck’
* using R version 4.5.1 Patched (2025-08-23 r88802)
* using platform: x86_64-pc-linux-gnu
* R was compiled by
    gcc (Ubuntu 13.3.0-6ubuntu2~24.04) 13.3.0
    GNU Fortran (Ubuntu 13.3.0-6ubuntu2~24.04) 13.3.0
* running under: Ubuntu 24.04.3 LTS
* using session charset: UTF-8
* using options ‘--no-codoc --no-examples --no-manual --ignore-vignettes --no-stop-on-test-error’
* checking for file ‘biodbHmdb/DESCRIPTION’ ... OK
* this is package ‘biodbHmdb’ version ‘1.15.1’
* package encoding: UTF-8
* checking package namespace information ... OK
* checking package dependencies ... OK
* checking if this is a source package ... OK
* checking if there is a namespace ... OK
* checking for hidden files and directories ... OK
* checking for portable file names ... OK
* checking for sufficient/correct file permissions ... OK
* checking whether package ‘biodbHmdb’ can be installed ... WARNING
Found the following significant warnings:
  EntryMaker.hpp:23:21: warning: ‘EntryMaker::accession_tag’ will be initialized after [-Wreorder]
  EntryMaker.hpp:22:14: warning:   ‘bool EntryMaker::closed’ [-Wreorder]
  EntryMaker.cpp:5:1: warning:   when initialized here [-Wreorder]
See ‘/home/biocbuild/bbs-3.22-bioc-longtests/meat/biodbHmdb.Rcheck/00install.out’ for details.
* used C++ compiler: ‘g++ (Ubuntu 13.3.0-6ubuntu2~24.04) 13.3.0’
* checking installed package size ... INFO
  installed size is  7.2Mb
  sub-directories of 1Mb or more:
    libs   6.7Mb
* checking package directory ... OK
* checking DESCRIPTION meta-information ... OK
* checking top-level files ... OK
* checking for left-over files ... OK
* checking index information ... OK
* checking package subdirectories ... OK
* checking code files for non-ASCII characters ... OK
* checking R files for syntax errors ... OK
* checking whether the package can be loaded ... OK
* checking whether the package can be loaded with stated dependencies ... OK
* checking whether the package can be unloaded cleanly ... OK
* checking whether the namespace can be loaded with stated dependencies ... OK
* checking whether the namespace can be unloaded cleanly ... OK
* checking loading without being on the library search path ... OK
* checking whether startup messages can be suppressed ... OK
* checking dependencies in R code ... NOTE
Namespace in Imports field not imported from: ‘zip’
  All declared Imports should be used.
* checking S3 generic/method consistency ... OK
* checking replacement functions ... OK
* checking foreign function calls ... OK
* checking R code for possible problems ... OK
* checking for missing documentation entries ... WARNING
Undocumented code objects:
  ‘HmdbMetabolitesConn’ ‘HmdbMetabolitesEntry’ ‘hmdbToSqlite’
All user-level objects in a package should have documentation entries.
See chapter ‘Writing R documentation files’ in the ‘Writing R
Extensions’ manual.
* checking line endings in C/C++/Fortran sources/headers ... OK
* checking compiled code ... OK
* checking files in ‘vignettes’ ... SKIPPED
* checking examples ... SKIPPED
* checking for unstated dependencies in ‘longtests’ ... OK
* checking tests in ‘longtests’ ...
  Running ‘testthat.R’
 ERROR
Running the tests in ‘longtests/testthat.R’ failed.
Last 13 lines of output:
   6.         └─biodbHmdb (local) FUN(X[[i]], ...)
  ── Error ('test_long_100_generic.R:42:1'): The entry image URL can be downloaded. ──
  Error in `FUN(X[[i]], ...)`: object 'BiodbUrl' not found
  Backtrace:
      ▆
   1. ├─base::do.call(fct, params)
   2. └─biodb (local) `<fn>`(conn = `<HmdbMtbC>`, opt = `<named list>`)
   3.   └─conn$getEntryImageUrl(ref.ids[[1]])
   4.     └─private$doGetEntryImageUrl(entry.id)
   5.       └─base::vapply(id, fct, FUN.VALUE = "")
   6.         └─biodbHmdb (local) FUN(X[[i]], ...)
  
  [ FAIL 8 | WARN 2 | SKIP 0 | PASS 103 ]
  Error: Test failures
  Execution halted
* DONE

Status: 1 ERROR, 2 WARNINGs, 1 NOTE
See
  ‘/home/biocbuild/bbs-3.22-bioc-longtests/meat/biodbHmdb.Rcheck/00check.log’
for details.


Installation output

biodbHmdb.Rcheck/00install.out

* installing *source* package ‘biodbHmdb’ ...
** this is package ‘biodbHmdb’ version ‘1.15.1’
** using staged installation
** libs
using C++ compiler: ‘g++ (Ubuntu 13.3.0-6ubuntu2~24.04) 13.3.0’
g++ -std=gnu++17 -I"/home/biocbuild/bbs-3.22-bioc/R/include" -DNDEBUG  -I'/home/biocbuild/bbs-3.22-bioc/R/site-library/Rcpp/include' -I'/home/biocbuild/bbs-3.22-bioc/R/site-library/testthat/include' -I/usr/local/include    -fpic  -g -O2  -Wall -Werror=format-security  -c EntryMaker.cpp -o EntryMaker.o
In file included from EntryMaker.cpp:1:
EntryMaker.hpp: In constructor ‘EntryMaker::EntryMaker()’:
EntryMaker.hpp:23:21: warning: ‘EntryMaker::accession_tag’ will be initialized after [-Wreorder]
   23 |         TagDetector accession_tag;
      |                     ^~~~~~~~~~~~~
EntryMaker.hpp:22:14: warning:   ‘bool EntryMaker::closed’ [-Wreorder]
   22 |         bool closed;
      |              ^~~~~~
EntryMaker.cpp:5:1: warning:   when initialized here [-Wreorder]
    5 | EntryMaker::EntryMaker() :
      | ^~~~~~~~~~
g++ -std=gnu++17 -I"/home/biocbuild/bbs-3.22-bioc/R/include" -DNDEBUG  -I'/home/biocbuild/bbs-3.22-bioc/R/site-library/Rcpp/include' -I'/home/biocbuild/bbs-3.22-bioc/R/site-library/testthat/include' -I/usr/local/include    -fpic  -g -O2  -Wall -Werror=format-security  -c FileEntryMaker.cpp -o FileEntryMaker.o
g++ -std=gnu++17 -I"/home/biocbuild/bbs-3.22-bioc/R/include" -DNDEBUG  -I'/home/biocbuild/bbs-3.22-bioc/R/site-library/Rcpp/include' -I'/home/biocbuild/bbs-3.22-bioc/R/site-library/testthat/include' -I/usr/local/include    -fpic  -g -O2  -Wall -Werror=format-security  -c RcppExports.cpp -o RcppExports.o
g++ -std=gnu++17 -I"/home/biocbuild/bbs-3.22-bioc/R/include" -DNDEBUG  -I'/home/biocbuild/bbs-3.22-bioc/R/site-library/Rcpp/include' -I'/home/biocbuild/bbs-3.22-bioc/R/site-library/testthat/include' -I/usr/local/include    -fpic  -g -O2  -Wall -Werror=format-security  -c StringEnrtryMaker.cpp -o StringEnrtryMaker.o
g++ -std=gnu++17 -I"/home/biocbuild/bbs-3.22-bioc/R/include" -DNDEBUG  -I'/home/biocbuild/bbs-3.22-bioc/R/site-library/Rcpp/include' -I'/home/biocbuild/bbs-3.22-bioc/R/site-library/testthat/include' -I/usr/local/include    -fpic  -g -O2  -Wall -Werror=format-security  -c TagDetector.cpp -o TagDetector.o
g++ -std=gnu++17 -I"/home/biocbuild/bbs-3.22-bioc/R/include" -DNDEBUG  -I'/home/biocbuild/bbs-3.22-bioc/R/site-library/Rcpp/include' -I'/home/biocbuild/bbs-3.22-bioc/R/site-library/testthat/include' -I/usr/local/include    -fpic  -g -O2  -Wall -Werror=format-security  -c XmlSplitter.cpp -o XmlSplitter.o
g++ -std=gnu++17 -I"/home/biocbuild/bbs-3.22-bioc/R/include" -DNDEBUG  -I'/home/biocbuild/bbs-3.22-bioc/R/site-library/Rcpp/include' -I'/home/biocbuild/bbs-3.22-bioc/R/site-library/testthat/include' -I/usr/local/include    -fpic  -g -O2  -Wall -Werror=format-security  -c extractXmlEntries.cpp -o extractXmlEntries.o
g++ -std=gnu++17 -I"/home/biocbuild/bbs-3.22-bioc/R/include" -DNDEBUG  -I'/home/biocbuild/bbs-3.22-bioc/R/site-library/Rcpp/include' -I'/home/biocbuild/bbs-3.22-bioc/R/site-library/testthat/include' -I/usr/local/include    -fpic  -g -O2  -Wall -Werror=format-security  -c test-100-TagDetector.cpp -o test-100-TagDetector.o
g++ -std=gnu++17 -I"/home/biocbuild/bbs-3.22-bioc/R/include" -DNDEBUG  -I'/home/biocbuild/bbs-3.22-bioc/R/site-library/Rcpp/include' -I'/home/biocbuild/bbs-3.22-bioc/R/site-library/testthat/include' -I/usr/local/include    -fpic  -g -O2  -Wall -Werror=format-security  -c test-150-StringEntryMaker.cpp -o test-150-StringEntryMaker.o
g++ -std=gnu++17 -I"/home/biocbuild/bbs-3.22-bioc/R/include" -DNDEBUG  -I'/home/biocbuild/bbs-3.22-bioc/R/site-library/Rcpp/include' -I'/home/biocbuild/bbs-3.22-bioc/R/site-library/testthat/include' -I/usr/local/include    -fpic  -g -O2  -Wall -Werror=format-security  -c test-200-XmlSplitter.cpp -o test-200-XmlSplitter.o
g++ -std=gnu++17 -I"/home/biocbuild/bbs-3.22-bioc/R/include" -DNDEBUG  -I'/home/biocbuild/bbs-3.22-bioc/R/site-library/Rcpp/include' -I'/home/biocbuild/bbs-3.22-bioc/R/site-library/testthat/include' -I/usr/local/include    -fpic  -g -O2  -Wall -Werror=format-security  -c test-runner.cpp -o test-runner.o
g++ -std=gnu++17 -shared -L/home/biocbuild/bbs-3.22-bioc/R/lib -L/usr/local/lib -o biodbHmdb.so EntryMaker.o FileEntryMaker.o RcppExports.o StringEnrtryMaker.o TagDetector.o XmlSplitter.o extractXmlEntries.o test-100-TagDetector.o test-150-StringEntryMaker.o test-200-XmlSplitter.o test-runner.o -L/home/biocbuild/bbs-3.22-bioc/R/lib -lR
installing to /home/biocbuild/bbs-3.22-bioc-longtests/meat/biodbHmdb.Rcheck/00LOCK-biodbHmdb/00new/biodbHmdb/libs
** R
** inst
** byte-compile and prepare package for lazy loading
** help
No man pages found in package  ‘biodbHmdb’ 
*** installing help indices
** building package indices
** installing vignettes
** testing if installed package can be loaded from temporary location
Warning in fun(libname, pkgname) :
  Package 'biodbHmdb' is deprecated and will be removed from Bioconductor
  version 3.23
** checking absolute paths in shared objects and dynamic libraries
** testing if installed package can be loaded from final location
Warning in fun(libname, pkgname) :
  Package 'biodbHmdb' is deprecated and will be removed from Bioconductor
  version 3.23
** testing if installed package keeps a record of temporary installation path
* DONE (biodbHmdb)