Back to Build/check report for BioC 3.23 experimental data
ABCD[E]FGHIJKLMNOPQRSTUVWXYZ

This page was generated on 2025-10-30 15:01 -0400 (Thu, 30 Oct 2025).

HostnameOSArch (*)R versionInstalled pkgs
nebbiolo1Linux (Ubuntu 24.04.3 LTS)x86_64R Under development (unstable) (2025-10-20 r88955) -- "Unsuffered Consequences" 4428
Click on any hostname to see more info about the system (e.g. compilers)      (*) as reported by 'uname -p', except on Windows and Mac OS X

Package 111/430HostnameOS / ArchINSTALLBUILDCHECK
EGSEAdata 1.39.0  (landing page)
Monther Alhamdoosh
Snapshot Date: 2025-10-30 07:00 -0400 (Thu, 30 Oct 2025)
git_url: https://git.bioconductor.org/packages/EGSEAdata
git_branch: devel
git_last_commit: 6546cdb
git_last_commit_date: 2025-10-29 09:58:28 -0400 (Wed, 29 Oct 2025)
nebbiolo1Linux (Ubuntu 24.04.3 LTS) / x86_64  OK    OK    ERROR  


CHECK results for EGSEAdata on nebbiolo1

To the developers/maintainers of the EGSEAdata package:
- Use the following Renviron settings to reproduce errors and warnings.
- If 'R CMD check' started to fail recently on the Linux builder(s) over a missing dependency, add the missing dependency to 'Suggests:' in your DESCRIPTION file. See Renviron.bioc for more information.

raw results


Summary

Package: EGSEAdata
Version: 1.39.0
Command: /home/biocbuild/bbs-3.23-bioc/R/bin/R CMD check --install=check:EGSEAdata.install-out.txt --library=/home/biocbuild/bbs-3.23-bioc/R/site-library --timings EGSEAdata_1.39.0.tar.gz
StartedAt: 2025-10-30 12:10:17 -0400 (Thu, 30 Oct 2025)
EndedAt: 2025-10-30 12:10:25 -0400 (Thu, 30 Oct 2025)
EllapsedTime: 8.3 seconds
RetCode: 1
Status:   ERROR  
CheckDir: EGSEAdata.Rcheck
Warnings: NA

Command output

##############################################################################
##############################################################################
###
### Running command:
###
###   /home/biocbuild/bbs-3.23-bioc/R/bin/R CMD check --install=check:EGSEAdata.install-out.txt --library=/home/biocbuild/bbs-3.23-bioc/R/site-library --timings EGSEAdata_1.39.0.tar.gz
###
##############################################################################
##############################################################################


* using log directory ‘/home/biocbuild/bbs-3.23-data-experiment/meat/EGSEAdata.Rcheck’
* using R Under development (unstable) (2025-10-20 r88955)
* using platform: x86_64-pc-linux-gnu
* R was compiled by
    gcc (Ubuntu 13.3.0-6ubuntu2~24.04) 13.3.0
    GNU Fortran (Ubuntu 13.3.0-6ubuntu2~24.04) 13.3.0
* running under: Ubuntu 24.04.3 LTS
* using session charset: UTF-8
* checking for file ‘EGSEAdata/DESCRIPTION’ ... OK
* this is package ‘EGSEAdata’ version ‘1.39.0’
* checking package namespace information ... OK
* checking package dependencies ... ERROR
Package suggested but not available: ‘EGSEA’

The suggested packages are required for a complete check.
Checking can be attempted without them by setting the environment
variable _R_CHECK_FORCE_SUGGESTS_ to a false value.

See section ‘The DESCRIPTION file’ in the ‘Writing R Extensions’
manual.
* DONE

Status: 1 ERROR
See
  ‘/home/biocbuild/bbs-3.23-data-experiment/meat/EGSEAdata.Rcheck/00check.log’
for details.


Installation output


Tests output


Example timings