Back to Workflows build report for BioC 3.22

This page was generated on 2025-07-11 16:30 -0400 (Fri, 11 Jul 2025).

HostnameOSArch (*)R versionInstalled pkgs
nebbiolo2Linux (Ubuntu 24.04.2 LTS)x86_644.5.1 (2025-06-13) -- "Great Square Root" 4782
palomino8Windows Server 2022 Datacenterx644.5.1 (2025-06-13 ucrt) -- "Great Square Root" 4522
lconwaymacOS 12.7.1 Montereyx86_644.5.1 (2025-06-13) -- "Great Square Root" 4565
Click on any hostname to see more info about the system (e.g. compilers)      (*) as reported by 'uname -p', except on Windows and Mac OS X

Package 15/29HostnameOS / ArchINSTALLBUILD
liftOver 1.33.0  (landing page)
Bioconductor Package Maintainer
Snapshot Date: 2025-07-11 12:45 -0400 (Fri, 11 Jul 2025)
git_url: https://git.bioconductor.org/packages/liftOver
git_branch: devel
git_last_commit: b7069ac
git_last_commit_date: 2025-04-15 10:28:48 -0400 (Tue, 15 Apr 2025)
nebbiolo2Linux (Ubuntu 24.04.2 LTS) / x86_64  OK    ERROR  
palomino8Windows Server 2022 Datacenter / x64  OK    ERROR  
lconwaymacOS 12.7.1 Monterey / x86_64  OK    ERROR  


BUILD results for liftOver on nebbiolo2

To the developers/maintainers of the liftOver package:
- Use the following Renviron settings to reproduce errors and warnings.
- If 'R CMD check' started to fail recently on the Linux builder(s) over a missing dependency, add the missing dependency to 'Suggests:' in your DESCRIPTION file. See Renviron.bioc for more information.

raw results


Summary

Package: liftOver
Version: 1.33.0
Command: /home/biocbuild/bbs-3.22-bioc/R/bin/R CMD build --keep-empty-dirs --no-resave-data liftOver
StartedAt: 2025-07-11 13:05:36 -0400 (Fri, 11 Jul 2025)
EndedAt: 2025-07-11 13:06:32 -0400 (Fri, 11 Jul 2025)
EllapsedTime: 56.0 seconds
RetCode: 1
Status:   ERROR  
PackageFile: None
PackageFileSize: NA

Command output

##############################################################################
##############################################################################
###
### Running command:
###
###   /home/biocbuild/bbs-3.22-bioc/R/bin/R CMD build --keep-empty-dirs --no-resave-data liftOver
###
##############################################################################
##############################################################################


* checking for file ‘liftOver/DESCRIPTION’ ... OK
* preparing ‘liftOver’:
* checking DESCRIPTION meta-information ... OK
* installing the package to build vignettes
* creating vignettes ... ERROR
--- re-building ‘liftov.Rmd’ using rmarkdown

Quitting from liftov.Rmd:86-90 [dolift]
~~~~~~~~~~~~~~~~~~~~~~~~~~~~~~~~~~~~~~~~~~~~~~~~~~~~~~~~~~~~~~~~~~~~~~~~~~~~~~~~
<error/rlang_error>
Error in `seqlevelsStyle(cur) = "UCSC"`:
! could not find function "seqlevelsStyle<-"
~~~~~~~~~~~~~~~~~~~~~~~~~~~~~~~~~~~~~~~~~~~~~~~~~~~~~~~~~~~~~~~~~~~~~~~~~~~~~~~~

Error: processing vignette 'liftov.Rmd' failed with diagnostics:
could not find function "seqlevelsStyle<-"
--- failed re-building ‘liftov.Rmd’

SUMMARY: processing the following file failed:
  ‘liftov.Rmd’

Error: Vignette re-building failed.
Execution halted