Back to Multiple platform build/check report for BioC 3.20:   simplified   long
ABCDEFGHIJKL[M]NOPQRSTUVWXYZ

This page was generated on 2025-02-24 12:07 -0500 (Mon, 24 Feb 2025).

HostnameOSArch (*)R versionInstalled pkgs
nebbiolo2Linux (Ubuntu 24.04.1 LTS)x86_644.4.2 (2024-10-31) -- "Pile of Leaves" 4767
palomino8Windows Server 2022 Datacenterx644.4.2 (2024-10-31 ucrt) -- "Pile of Leaves" 4502
merida1macOS 12.7.5 Montereyx86_644.4.2 (2024-10-31) -- "Pile of Leaves" 4525
kjohnson1macOS 13.6.6 Venturaarm644.4.2 (2024-10-31) -- "Pile of Leaves" 4478
taishanLinux (openEuler 24.03 LTS)aarch644.4.2 (2024-10-31) -- "Pile of Leaves" 4414
Click on any hostname to see more info about the system (e.g. compilers)      (*) as reported by 'uname -p', except on Windows and Mac OS X

Package 1300/2289HostnameOS / ArchINSTALLBUILDCHECKBUILD BIN
MOFA2 1.16.0  (landing page)
Ricard Argelaguet
Snapshot Date: 2025-02-20 13:00 -0500 (Thu, 20 Feb 2025)
git_url: https://git.bioconductor.org/packages/MOFA2
git_branch: RELEASE_3_20
git_last_commit: deed7fb
git_last_commit_date: 2024-10-29 10:52:01 -0500 (Tue, 29 Oct 2024)
nebbiolo2Linux (Ubuntu 24.04.1 LTS) / x86_64  OK    OK    WARNINGS  UNNEEDED, same version is already published
palomino8Windows Server 2022 Datacenter / x64  OK    OK    WARNINGS    OK  UNNEEDED, same version is already published
merida1macOS 12.7.5 Monterey / x86_64  OK    OK    WARNINGS    OK  UNNEEDED, same version is already published
kjohnson1macOS 13.6.6 Ventura / arm64  OK    OK    WARNINGS    OK  UNNEEDED, same version is already published
taishanLinux (openEuler 24.03 LTS) / aarch64  OK    OK    WARNINGS  


CHECK results for MOFA2 on palomino8

To the developers/maintainers of the MOFA2 package:
- Allow up to 24 hours (and sometimes 48 hours) for your latest push to git@git.bioconductor.org:packages/MOFA2.git to reflect on this report. See Troubleshooting Build Report for more information.
- Use the following Renviron settings to reproduce errors and warnings.
- If 'R CMD check' started to fail recently on the Linux builder(s) over a missing dependency, add the missing dependency to 'Suggests:' in your DESCRIPTION file. See Renviron.bioc for more information.

raw results


Summary

Package: MOFA2
Version: 1.16.0
Command: F:\biocbuild\bbs-3.20-bioc\R\bin\R.exe CMD check --no-multiarch --install=check:MOFA2.install-out.txt --library=F:\biocbuild\bbs-3.20-bioc\R\library --no-vignettes --timings MOFA2_1.16.0.tar.gz
StartedAt: 2025-02-21 03:37:58 -0500 (Fri, 21 Feb 2025)
EndedAt: 2025-02-21 03:42:07 -0500 (Fri, 21 Feb 2025)
EllapsedTime: 248.9 seconds
RetCode: 0
Status:   WARNINGS  
CheckDir: MOFA2.Rcheck
Warnings: 1

Command output

##############################################################################
##############################################################################
###
### Running command:
###
###   F:\biocbuild\bbs-3.20-bioc\R\bin\R.exe CMD check --no-multiarch --install=check:MOFA2.install-out.txt --library=F:\biocbuild\bbs-3.20-bioc\R\library --no-vignettes --timings MOFA2_1.16.0.tar.gz
###
##############################################################################
##############################################################################


* using log directory 'F:/biocbuild/bbs-3.20-bioc/meat/MOFA2.Rcheck'
* using R version 4.4.2 (2024-10-31 ucrt)
* using platform: x86_64-w64-mingw32
* R was compiled by
    gcc.exe (GCC) 13.3.0
    GNU Fortran (GCC) 13.3.0
* running under: Windows Server 2022 x64 (build 20348)
* using session charset: UTF-8
* using option '--no-vignettes'
* checking for file 'MOFA2/DESCRIPTION' ... OK
* checking extension type ... Package
* this is package 'MOFA2' version '1.16.0'
* package encoding: UTF-8
* checking package namespace information ... OK
* checking package dependencies ... OK
* checking if this is a source package ... OK
* checking if there is a namespace ... OK
* checking for hidden files and directories ... OK
* checking for portable file names ... OK
* checking whether package 'MOFA2' can be installed ... NOTE
Found the following notes/warnings:
  Non-staged installation was used
See 'F:/biocbuild/bbs-3.20-bioc/meat/MOFA2.Rcheck/00install.out' for details.
* checking installed package size ... OK
* checking package directory ... OK
* checking 'build' directory ... OK
* checking DESCRIPTION meta-information ... OK
* checking top-level files ... OK
* checking for left-over files ... OK
* checking index information ... OK
* checking package subdirectories ... OK
* checking code files for non-ASCII characters ... OK
* checking R files for syntax errors ... OK
* checking whether the package can be loaded ... OK
* checking whether the package can be loaded with stated dependencies ... OK
* checking whether the package can be unloaded cleanly ... OK
* checking whether the namespace can be loaded with stated dependencies ... OK
* checking whether the namespace can be unloaded cleanly ... OK
* checking dependencies in R code ... OK
* checking S3 generic/method consistency ... OK
* checking replacement functions ... OK
* checking foreign function calls ... OK
* checking R code for possible problems ... NOTE
.plot_factors_vs_cov_1d: no visible binding for global variable
  'value.factor'
.plot_factors_vs_cov_1d: no visible binding for global variable
  'value_scaled'
.plot_factors_vs_cov_1d: no visible binding for global variable
  'value.covariate'
.plot_factors_vs_cov_1d: no visible binding for global variable 'value'
.plot_factors_vs_cov_2d: no visible binding for global variable
  'value.factor'
.set_xax: no visible binding for global variable 'value'
add_mofa_factors_to_seurat: no visible global function definition for
  'CreateDimReducObject'
create_mofa_from_SingleCellExperiment: no visible global function
  definition for 'colData'
get_interpolated_factors: no visible binding for global variable 'L1'
get_interpolated_factors: no visible binding for global variable 'L2'
get_interpolated_factors: no visible binding for global variable
  'value'
get_interpolated_factors: no visible binding for global variable
  'covariate'
get_interpolated_factors: no visible binding for global variable
  'covariate_value'
get_interpolated_factors: no visible binding for global variable
  'sample_id'
interpolate_factors: no visible binding for global variable '.'
plot_alignment: no visible binding for global variable 'group'
plot_alignment: no visible binding for global variable 'value.warped'
plot_alignment: no visible binding for global variable
  'value.unaligned'
plot_contribution_scores: no visible binding for global variable 'view'
plot_data_overview: no visible binding for global variable 'view'
plot_data_overview: no visible binding for global variable 'ptotal'
plot_data_overview: no visible binding for global variable 'ntotal'
plot_data_overview: no visible binding for global variable 'group'
plot_data_overview: no visible binding for global variable
  'group_label'
plot_dimred: no visible binding for global variable '.'
plot_enrichment_detailed: no visible binding for global variable
  'pathway'
plot_enrichment_detailed: no visible binding for global variable
  'feature.statistic'
plot_factors_vs_cov: no visible binding for global variable 'E2'
plot_factors_vs_cov: no visible binding for global variable 'value'
plot_interpolation_vs_covariate: no visible binding for global variable
  'variance'
plot_interpolation_vs_covariate: no visible binding for global variable
  'group'
plot_interpolation_vs_covariate: no visible binding for global variable
  'value.covariate'
plot_interpolation_vs_covariate: no visible binding for global variable
  'value.factor'
plot_interpolation_vs_covariate: no visible binding for global variable
  'ymin'
plot_interpolation_vs_covariate: no visible binding for global variable
  'ymax'
plot_sharedness: no visible binding for global variable 'sharedness'
plot_sharedness: no visible binding for global variable 'value'
plot_smoothness: no visible binding for global variable 'value'
plot_smoothness: no visible binding for global variable 'smoothness'
plot_top_weights: no visible binding for global variable 'value'
plot_weights: no visible binding for global variable 'value'
plot_weights: no visible binding for global variable '.'
summarise_factors: no visible binding for global variable 'value'
summarise_factors: no visible binding for global variable 'level'
summarise_factors: no visible binding for global variable 'group'
Undefined global functions or variables:
  . CreateDimReducObject E2 L1 L2 colData covariate covariate_value
  feature.statistic group group_label level ntotal pathway ptotal
  sample_id sharedness smoothness value value.covariate value.factor
  value.unaligned value.warped value_scaled variance view ymax ymin
* checking Rd files ... NOTE
checkRd: (-1) calculate_contribution_scores.Rd:36: Lost braces in \itemize; meant \describe ?
checkRd: (-1) calculate_contribution_scores.Rd:37: Lost braces in \itemize; meant \describe ?
checkRd: (-1) calculate_contribution_scores.Rd:38: Lost braces in \itemize; meant \describe ?
checkRd: (-1) correlate_factors_with_covariates.Rd:24-25: Lost braces in \itemize; meant \describe ?
checkRd: (-1) correlate_factors_with_covariates.Rd:26: Lost braces in \itemize; meant \describe ?
checkRd: (-1) create_mofa.Rd:26: Lost braces in \itemize; meant \describe ?
checkRd: (-1) create_mofa.Rd:27: Lost braces in \itemize; meant \describe ?
checkRd: (-1) create_mofa.Rd:28: Lost braces in \itemize; meant \describe ?
checkRd: (-1) create_mofa.Rd:29: Lost braces in \itemize; meant \describe ?
checkRd: (-1) create_mofa.Rd:30: Lost braces in \itemize; meant \describe ?
checkRd: (-1) get_default_data_options.Rd:24-25: Lost braces in \itemize; meant \describe ?
checkRd: (-1) get_default_data_options.Rd:26-27: Lost braces in \itemize; meant \describe ?
checkRd: (-1) get_default_data_options.Rd:28: Lost braces in \itemize; meant \describe ?
checkRd: (-1) get_default_model_options.Rd:24-25: Lost braces in \itemize; meant \describe ?
checkRd: (-1) get_default_model_options.Rd:26: Lost braces in \itemize; meant \describe ?
checkRd: (-1) get_default_model_options.Rd:27: Lost braces in \itemize; meant \describe ?
checkRd: (-1) get_default_model_options.Rd:28: Lost braces in \itemize; meant \describe ?
checkRd: (-1) get_default_model_options.Rd:29: Lost braces in \itemize; meant \describe ?
checkRd: (-1) get_default_model_options.Rd:30: Lost braces in \itemize; meant \describe ?
checkRd: (-1) get_default_stochastic_options.Rd:25: Lost braces in \itemize; meant \describe ?
checkRd: (-1) get_default_stochastic_options.Rd:27: Lost braces in \itemize; meant \describe ?
checkRd: (-1) get_default_stochastic_options.Rd:29: Lost braces in \itemize; meant \describe ?
checkRd: (-1) get_default_stochastic_options.Rd:31: Lost braces in \itemize; meant \describe ?
checkRd: (-1) get_default_training_options.Rd:24-25: Lost braces in \itemize; meant \describe ?
checkRd: (-1) get_default_training_options.Rd:26-27: Lost braces in \itemize; meant \describe ?
checkRd: (-1) get_default_training_options.Rd:28: Lost braces in \itemize; meant \describe ?
checkRd: (-1) get_default_training_options.Rd:29: Lost braces in \itemize; meant \describe ?
checkRd: (-1) get_default_training_options.Rd:30: Lost braces in \itemize; meant \describe ?
checkRd: (-1) get_default_training_options.Rd:31: Lost braces in \itemize; meant \describe ?
checkRd: (-1) get_default_training_options.Rd:32: Lost braces in \itemize; meant \describe ?
checkRd: (-1) get_default_training_options.Rd:33: Lost braces in \itemize; meant \describe ?
checkRd: (-1) get_default_training_options.Rd:34: Lost braces in \itemize; meant \describe ?
checkRd: (-1) get_default_training_options.Rd:35: Lost braces in \itemize; meant \describe ?
checkRd: (-1) get_expectations.Rd:19: Lost braces in \itemize; \value handles \item{}{} directly
checkRd: (-1) get_expectations.Rd:20: Lost braces in \itemize; \value handles \item{}{} directly
checkRd: (-1) impute.Rd:24: Lost braces; missing escapes or markup?
    24 | \item \strong{response}:{gives mean for gaussian and poisson and probabilities for bernoulli.}
       |                         ^
checkRd: (-1) impute.Rd:25: Lost braces; missing escapes or markup?
    25 | \item \strong{link}: {gives the linear predictions.}
       |                      ^
checkRd: (-1) impute.Rd:26: Lost braces; missing escapes or markup?
    26 | \item \strong{inRange}: {rounds the fitted values from "terms" for integer-valued distributions to the next integer (default).}
       |                         ^
* checking Rd metadata ... OK
* checking Rd cross-references ... NOTE
Package unavailable to check Rd xrefs: 'PCGSE'
* checking for missing documentation entries ... OK
* checking for code/documentation mismatches ... WARNING
Codoc mismatches from Rd file 'create_mofa_from_Seurat.Rd':
create_mofa_from_Seurat
  Code: function(seurat, groups = NULL, assays = NULL, layer = "data",
                 features = NULL, extract_metadata = FALSE)
  Docs: function(seurat, groups = NULL, assays = NULL, slot =
                 "scale.data", features = NULL, extract_metadata =
                 FALSE)
  Argument names in code not in docs:
    layer
  Argument names in docs not in code:
    slot
  Mismatches in argument names:
    Position: 4 Code: layer Docs: slot

* checking Rd \usage sections ... OK
* checking Rd contents ... OK
* checking for unstated dependencies in examples ... OK
* checking line endings in shell scripts ... OK
* checking files in 'vignettes' ... OK
* checking examples ... OK
* checking for unstated dependencies in 'tests' ... OK
* checking tests ...
  Running 'testthat.R'
 OK
* checking for unstated dependencies in vignettes ... OK
* checking package vignettes ... OK
* checking running R code from vignettes ... SKIPPED
* checking re-building of vignette outputs ... SKIPPED
* checking PDF version of manual ... OK
* DONE

Status: 1 WARNING, 4 NOTEs
See
  'F:/biocbuild/bbs-3.20-bioc/meat/MOFA2.Rcheck/00check.log'
for details.


Installation output

MOFA2.Rcheck/00install.out

##############################################################################
##############################################################################
###
### Running command:
###
###   F:\biocbuild\bbs-3.20-bioc\R\bin\R.exe CMD INSTALL MOFA2
###
##############################################################################
##############################################################################


* installing to library 'F:/biocbuild/bbs-3.20-bioc/R/library'
* installing *source* package 'MOFA2' ...
** using non-staged installation via StagedInstall field
** R
** inst
** byte-compile and prepare package for lazy loading
Creating a generic function for 'rownames' from package 'base' in package 'MOFA2'
Creating a generic function for 'colnames' from package 'base' in package 'MOFA2'
Creating a generic function for 'nrow' from package 'base' in package 'MOFA2'
Creating a generic function for 'ncol' from package 'base' in package 'MOFA2'
Creating a generic function for 'rownames<-' from package 'base' in package 'MOFA2'
Creating a generic function for 'colnames<-' from package 'base' in package 'MOFA2'
** help
*** installing help indices
** building package indices
** installing vignettes
** testing if installed package can be loaded
* DONE (MOFA2)

Tests output

MOFA2.Rcheck/tests/testthat.Rout


R version 4.4.2 (2024-10-31 ucrt) -- "Pile of Leaves"
Copyright (C) 2024 The R Foundation for Statistical Computing
Platform: x86_64-w64-mingw32/x64

R is free software and comes with ABSOLUTELY NO WARRANTY.
You are welcome to redistribute it under certain conditions.
Type 'license()' or 'licence()' for distribution details.

R is a collaborative project with many contributors.
Type 'contributors()' for more information and
'citation()' on how to cite R or R packages in publications.

Type 'demo()' for some demos, 'help()' for on-line help, or
'help.start()' for an HTML browser interface to help.
Type 'q()' to quit R.

> library(testthat)
> library(MOFA2)

Attaching package: 'MOFA2'

The following object is masked from 'package:stats':

    predict

> 
> test_check("MOFA2")

               single_group 
                    100     
               ____________ 
              |            |
view_0  1000  |    100%    |
              |____________|
               ____________ 
              |            |
view_1  1000  |    100%    |
              |____________|

[ FAIL 0 | WARN 2 | SKIP 0 | PASS 25 ]

[ FAIL 0 | WARN 2 | SKIP 0 | PASS 25 ]
> 
> # setwd("/Users/rargelaguet/mofa/MOFA2/tests/testthat")
> 
> proc.time()
   user  system elapsed 
  13.70    1.18   14.90 

Example timings

MOFA2.Rcheck/MOFA2-Ex.timings

nameusersystemelapsed
add_mofa_factors_to_seurat0.030.000.03
calculate_contribution_scores0.220.050.31
calculate_variance_explained2.650.132.78
calculate_variance_explained_per_sample0.160.000.16
cluster_samples0.140.010.15
compare_elbo0.280.020.30
compare_factors0.360.010.38
covariates_names0.220.020.25
create_mofa1.330.001.32
create_mofa_from_df1.310.031.35
create_mofa_from_matrix0.020.000.01
factors_names0.180.050.24
features_metadata0.240.080.31
features_names0.200.030.23
get_covariates0.280.010.30
get_data0.600.050.64
get_default_data_options1.290.031.33
get_default_mefisto_options0.190.000.18
get_default_model_options0.590.030.63
get_default_stochastic_options0.590.020.61
get_default_training_options0.940.000.94
get_dimensions0.140.000.14
get_elbo0.140.000.14
get_expectations0.140.000.14
get_factors0.110.040.16
get_imputed_data0.140.020.16
get_lengthscales0.190.020.20
get_scales0.170.000.17
get_variance_explained0.140.000.14
get_weights0.220.010.24
groups_names0.170.050.21
impute0.170.000.18
interpolate_factors0.170.050.21
load_model0.180.040.22
make_example_data000
plot_ascii_data0.240.020.25
plot_data_heatmap0.170.010.19
plot_data_overview0.330.020.34
plot_data_scatter1.450.141.59
plot_data_vs_cov0.390.030.43
plot_dimred4.310.054.39
plot_factor1.330.011.34
plot_factor_cor0.190.050.23
plot_factors0.730.050.79
plot_factors_vs_cov0.530.000.53
plot_group_kernel0.50.00.5
plot_interpolation_vs_covariate0.550.090.64
plot_smoothness0.280.020.30
plot_top_weights0.950.010.97
plot_variance_explained1.660.081.73
plot_variance_explained_by_covariates1.450.021.47
plot_variance_explained_per_feature0.370.030.40
plot_weights2.310.012.33
plot_weights_heatmap0.460.020.47
plot_weights_scatter0.400.010.42
predict0.190.040.22
prepare_mofa0.750.000.75
run_mofa0.700.030.74
run_tsne0.160.040.20
run_umap0.140.020.16
samples_metadata0.730.000.73
samples_names0.140.010.16
set_covariates0.030.000.03
subset_factors0.200.040.23
subset_groups0.220.000.22
subset_samples0.200.030.23
subset_views0.240.000.24
views_names0.200.030.23