Back to Multiple platform build/check report for BioC 3.19: simplified long |
|
This page was generated on 2024-06-25 17:39 -0400 (Tue, 25 Jun 2024).
Hostname | OS | Arch (*) | R version | Installed pkgs |
---|---|---|---|---|
nebbiolo1 | Linux (Ubuntu 22.04.3 LTS) | x86_64 | 4.4.0 (2024-04-24) -- "Puppy Cup" | 4760 |
palomino3 | Windows Server 2022 Datacenter | x64 | 4.4.0 (2024-04-24 ucrt) -- "Puppy Cup" | 4494 |
merida1 | macOS 12.7.4 Monterey | x86_64 | 4.4.0 (2024-04-24) -- "Puppy Cup" | 4508 |
kjohnson1 | macOS 13.6.6 Ventura | arm64 | 4.4.0 (2024-04-24) -- "Puppy Cup" | 4466 |
Click on any hostname to see more info about the system (e.g. compilers) (*) as reported by 'uname -p', except on Windows and Mac OS X |
Package 1204/2300 | Hostname | OS / Arch | INSTALL | BUILD | CHECK | BUILD BIN | ||||||||
MesKit 1.14.0 (landing page) Mengni Liu
| nebbiolo1 | Linux (Ubuntu 22.04.3 LTS) / x86_64 | OK | OK | WARNINGS | |||||||||
palomino3 | Windows Server 2022 Datacenter / x64 | OK | OK | WARNINGS | OK | |||||||||
merida1 | macOS 12.7.4 Monterey / x86_64 | OK | OK | WARNINGS | OK | |||||||||
kjohnson1 | macOS 13.6.6 Ventura / arm64 | OK | OK | WARNINGS | OK | |||||||||
To the developers/maintainers of the MesKit package: - Allow up to 24 hours (and sometimes 48 hours) for your latest push to git@git.bioconductor.org:packages/MesKit.git to reflect on this report. See Troubleshooting Build Report for more information. - Use the following Renviron settings to reproduce errors and warnings. - If 'R CMD check' started to fail recently on the Linux builder(s) over a missing dependency, add the missing dependency to 'Suggests:' in your DESCRIPTION file. See Renviron.bioc for more information. |
Package: MesKit |
Version: 1.14.0 |
Command: /home/biocbuild/bbs-3.19-bioc/R/bin/R CMD check --install=check:MesKit.install-out.txt --library=/home/biocbuild/bbs-3.19-bioc/R/site-library --timings MesKit_1.14.0.tar.gz |
StartedAt: 2024-06-24 00:55:00 -0400 (Mon, 24 Jun 2024) |
EndedAt: 2024-06-24 01:04:49 -0400 (Mon, 24 Jun 2024) |
EllapsedTime: 589.3 seconds |
RetCode: 0 |
Status: WARNINGS |
CheckDir: MesKit.Rcheck |
Warnings: 1 |
############################################################################## ############################################################################## ### ### Running command: ### ### /home/biocbuild/bbs-3.19-bioc/R/bin/R CMD check --install=check:MesKit.install-out.txt --library=/home/biocbuild/bbs-3.19-bioc/R/site-library --timings MesKit_1.14.0.tar.gz ### ############################################################################## ############################################################################## * using log directory ‘/home/biocbuild/bbs-3.19-bioc/meat/MesKit.Rcheck’ * using R version 4.4.0 (2024-04-24) * using platform: x86_64-pc-linux-gnu * R was compiled by gcc (Ubuntu 11.4.0-1ubuntu1~22.04) 11.4.0 GNU Fortran (Ubuntu 11.4.0-1ubuntu1~22.04) 11.4.0 * running under: Ubuntu 22.04.4 LTS * using session charset: UTF-8 * checking for file ‘MesKit/DESCRIPTION’ ... OK * checking extension type ... Package * this is package ‘MesKit’ version ‘1.14.0’ * package encoding: UTF-8 * checking package namespace information ... OK * checking package dependencies ... OK * checking if this is a source package ... OK * checking if there is a namespace ... OK * checking for hidden files and directories ... OK * checking for portable file names ... OK * checking for sufficient/correct file permissions ... OK * checking whether package ‘MesKit’ can be installed ... WARNING Found the following significant warnings: Warning: replacing previous import ‘ape::degree’ by ‘circlize::degree’ when loading ‘MesKit’ Warning: replacing previous import ‘ape::where’ by ‘dplyr::where’ when loading ‘MesKit’ See ‘/home/biocbuild/bbs-3.19-bioc/meat/MesKit.Rcheck/00install.out’ for details. * checking installed package size ... OK * checking package directory ... OK * checking ‘build’ directory ... OK * checking DESCRIPTION meta-information ... OK * checking top-level files ... NOTE File LICENSE is not mentioned in the DESCRIPTION file. * checking for left-over files ... OK * checking index information ... OK * checking package subdirectories ... OK * checking code files for non-ASCII characters ... OK * checking R files for syntax errors ... OK * checking whether the package can be loaded ... OK * checking whether the package can be loaded with stated dependencies ... OK * checking whether the package can be unloaded cleanly ... OK * checking whether the namespace can be loaded with stated dependencies ... OK * checking whether the namespace can be unloaded cleanly ... OK * checking loading without being on the library search path ... OK * checking dependencies in R code ... OK * checking S3 generic/method consistency ... OK * checking replacement functions ... OK * checking foreign function calls ... OK * checking R code for possible problems ... NOTE calJSI : processJSI: no visible binding for global variable ‘CCF’ cna2gene: no visible global function definition for ‘genes’ cna2gene: no visible binding for global variable ‘org.Hs.eg.db’ cna2gene: no visible binding for global variable ‘seqnames’ cna2gene: no visible binding for global variable ‘Chromosome’ cna2gene: no visible binding for global variable ‘Hugo_Symbol’ cna2gene: no visible binding for global variable ‘Start_Position’ cna2gene: no visible binding for global variable ‘End_Position’ cna2gene: no visible binding for global variable ‘i.End_Position’ cna2gene: no visible binding for global variable ‘i.Start_Position’ cna2gene: no visible binding for global variable ‘Patient_ID’ cna2gene: no visible binding for global variable ‘Tumor_Sample_Barcode’ cna2gene: no visible binding for global variable ‘seg_id’ cna2gene: no visible binding for global variable ‘overlap_width’ copyNumberFilter: no visible binding for global variable ‘Patient_ID’ drawVAFCombine: no visible binding for global variable ‘V’ drawVAFCombineVline: no visible binding for global variable ‘V’ fitSignatures : processFitSig: no visible binding for global variable ‘Branch’ fitSignatures : processFitSig: no visible binding for global variable ‘Original’ fitSignatures : processFitSig: no visible binding for global variable ‘Reconstructed’ mutCluster : processVafcluster_sample: no visible binding for global variable ‘cluster’ plotCNA: no visible binding for global variable ‘Cytoband’ plotCNA: no visible binding for global variable ‘Cytoband_pos’ plotCNA: no visible binding for global variable ‘gene_id’ plotCNA: no visible binding for global variable ‘gene_pos’ plotCNA: no visible binding for global variable ‘Hugo_Symbol’ plotTree: no visible binding for global variable ‘is.match’ plotTree: no visible binding for global variable ‘x’ plotTree: no visible binding for global variable ‘y’ plotTree: no visible binding for global variable ‘xend’ plotTree: no visible binding for global variable ‘yend’ Undefined global functions or variables: Branch CCF Chromosome Cytoband Cytoband_pos End_Position Hugo_Symbol Original Patient_ID Reconstructed Start_Position Tumor_Sample_Barcode V cluster gene_id gene_pos genes i.End_Position i.Start_Position is.match org.Hs.eg.db overlap_width seg_id seqnames x xend y yend * checking Rd files ... OK * checking Rd metadata ... OK * checking Rd cross-references ... OK * checking for missing documentation entries ... OK * checking for code/documentation mismatches ... OK * checking Rd \usage sections ... OK * checking Rd contents ... OK * checking for unstated dependencies in examples ... OK * checking files in ‘vignettes’ ... OK * checking examples ... OK Examples with CPU (user + system) or elapsed time > 5s user system elapsed cna2gene 20.345 0.736 20.914 calFst 15.368 0.412 15.733 getMutBranches 13.717 0.211 13.877 getCCFMatrix 13.411 0.139 13.494 plotMutSigProfile 13.264 0.188 13.416 getBinaryMatrix 13.187 0.196 13.339 getTreeMethod 13.203 0.040 13.195 getBranchType 13.074 0.084 13.093 getTree 12.967 0.132 13.051 getBootstrapValue 12.964 0.068 12.984 getPhyloTreeTsbLabel 12.715 0.040 12.708 getPhyloTreeRef 12.500 0.036 12.487 getPhyloTreePatient 12.442 0.052 12.447 getPhyloTree 12.347 0.072 12.368 compareCCF 11.020 1.004 11.975 mutHeatmap 11.405 0.029 11.385 calNeiDist 10.531 0.116 10.595 compareTree 10.160 0.148 10.258 calJSI 9.765 0.128 9.844 mutCluster 9.272 0.248 9.481 ccfAUC 9.256 0.152 9.356 fitSignatures 9.081 0.152 9.172 mutTrunkBranch 8.929 0.156 9.047 triMatrix 8.627 0.151 8.745 testNeutral 8.682 0.043 8.673 plotMutProfile 8.347 0.048 8.332 getNonSyn_vc 8.206 0.100 8.273 classifyMut 7.589 0.460 7.988 plotPhyloTree 7.989 0.025 7.978 getMafRef 7.043 0.020 7.027 getMafPatient 6.983 0.020 6.969 getMafData 6.890 0.004 6.859 mathScore 6.823 0.012 6.786 readMaf 6.780 0.016 6.740 subMaf 6.607 0.037 6.609 getSampleInfo 6.466 0.028 6.462 * checking for unstated dependencies in vignettes ... OK * checking package vignettes ... OK * checking re-building of vignette outputs ... OK * checking PDF version of manual ... OK * DONE Status: 1 WARNING, 2 NOTEs See ‘/home/biocbuild/bbs-3.19-bioc/meat/MesKit.Rcheck/00check.log’ for details.
MesKit.Rcheck/00install.out
############################################################################## ############################################################################## ### ### Running command: ### ### /home/biocbuild/bbs-3.19-bioc/R/bin/R CMD INSTALL MesKit ### ############################################################################## ############################################################################## * installing to library ‘/home/biocbuild/bbs-3.19-bioc/R/site-library’ * installing *source* package ‘MesKit’ ... ** using staged installation ** R ** inst ** byte-compile and prepare package for lazy loading Warning: replacing previous import ‘ape::degree’ by ‘circlize::degree’ when loading ‘MesKit’ Warning: replacing previous import ‘ape::where’ by ‘dplyr::where’ when loading ‘MesKit’ ** help *** installing help indices ** building package indices ** installing vignettes ** testing if installed package can be loaded from temporary location Warning: replacing previous import ‘ape::degree’ by ‘circlize::degree’ when loading ‘MesKit’ Warning: replacing previous import ‘ape::where’ by ‘dplyr::where’ when loading ‘MesKit’ ** testing if installed package can be loaded from final location Warning: replacing previous import ‘ape::degree’ by ‘circlize::degree’ when loading ‘MesKit’ Warning: replacing previous import ‘ape::where’ by ‘dplyr::where’ when loading ‘MesKit’ ** testing if installed package keeps a record of temporary installation path * DONE (MesKit)
MesKit.Rcheck/MesKit-Ex.timings
name | user | system | elapsed | |
calFst | 15.368 | 0.412 | 15.733 | |
calJSI | 9.765 | 0.128 | 9.844 | |
calNeiDist | 10.531 | 0.116 | 10.595 | |
ccfAUC | 9.256 | 0.152 | 9.356 | |
classifyMut | 7.589 | 0.460 | 7.988 | |
cna2gene | 20.345 | 0.736 | 20.914 | |
compareCCF | 11.020 | 1.004 | 11.975 | |
compareTree | 10.160 | 0.148 | 10.258 | |
fitSignatures | 9.081 | 0.152 | 9.172 | |
getBinaryMatrix | 13.187 | 0.196 | 13.339 | |
getBootstrapValue | 12.964 | 0.068 | 12.984 | |
getBranchType | 13.074 | 0.084 | 13.093 | |
getCCFMatrix | 13.411 | 0.139 | 13.494 | |
getMafData | 6.890 | 0.004 | 6.859 | |
getMafPatient | 6.983 | 0.020 | 6.969 | |
getMafRef | 7.043 | 0.020 | 7.027 | |
getMutBranches | 13.717 | 0.211 | 13.877 | |
getNonSyn_vc | 8.206 | 0.100 | 8.273 | |
getPhyloTree | 12.347 | 0.072 | 12.368 | |
getPhyloTreePatient | 12.442 | 0.052 | 12.447 | |
getPhyloTreeRef | 12.500 | 0.036 | 12.487 | |
getPhyloTreeTsbLabel | 12.715 | 0.040 | 12.708 | |
getSampleInfo | 6.466 | 0.028 | 6.462 | |
getTree | 12.967 | 0.132 | 13.051 | |
getTreeMethod | 13.203 | 0.040 | 13.195 | |
mathScore | 6.823 | 0.012 | 6.786 | |
mutCluster | 9.272 | 0.248 | 9.481 | |
mutHeatmap | 11.405 | 0.029 | 11.385 | |
mutTrunkBranch | 8.929 | 0.156 | 9.047 | |
plotCNA | 2.784 | 0.039 | 2.687 | |
plotMutProfile | 8.347 | 0.048 | 8.332 | |
plotMutSigProfile | 13.264 | 0.188 | 13.416 | |
plotPhyloTree | 7.989 | 0.025 | 7.978 | |
readMaf | 6.780 | 0.016 | 6.740 | |
readSegment | 0.446 | 0.004 | 0.396 | |
runMesKit | 0 | 0 | 0 | |
subMaf | 6.607 | 0.037 | 6.609 | |
testNeutral | 8.682 | 0.043 | 8.673 | |
triMatrix | 8.627 | 0.151 | 8.745 | |