Back to Multiple platform build/check report for BioC 3.19: simplified long |
|
This page was generated on 2024-06-25 17:40 -0400 (Tue, 25 Jun 2024).
Hostname | OS | Arch (*) | R version | Installed pkgs |
---|---|---|---|---|
nebbiolo1 | Linux (Ubuntu 22.04.3 LTS) | x86_64 | 4.4.0 (2024-04-24) -- "Puppy Cup" | 4760 |
palomino3 | Windows Server 2022 Datacenter | x64 | 4.4.0 (2024-04-24 ucrt) -- "Puppy Cup" | 4494 |
merida1 | macOS 12.7.4 Monterey | x86_64 | 4.4.0 (2024-04-24) -- "Puppy Cup" | 4508 |
kjohnson1 | macOS 13.6.6 Ventura | arm64 | 4.4.0 (2024-04-24) -- "Puppy Cup" | 4466 |
Click on any hostname to see more info about the system (e.g. compilers) (*) as reported by 'uname -p', except on Windows and Mac OS X |
Package 2054/2300 | Hostname | OS / Arch | INSTALL | BUILD | CHECK | BUILD BIN | ||||||||
SpliceWiz 1.6.0 (landing page) Alex Chit Hei Wong
| nebbiolo1 | Linux (Ubuntu 22.04.3 LTS) / x86_64 | OK | ERROR | skipped | |||||||||
palomino3 | Windows Server 2022 Datacenter / x64 | OK | OK | OK | OK | |||||||||
merida1 | macOS 12.7.4 Monterey / x86_64 | OK | ERROR | skipped | skipped | |||||||||
kjohnson1 | macOS 13.6.6 Ventura / arm64 | OK | OK | OK | OK | |||||||||
To the developers/maintainers of the SpliceWiz package: - Allow up to 24 hours (and sometimes 48 hours) for your latest push to git@git.bioconductor.org:packages/SpliceWiz.git to reflect on this report. See Troubleshooting Build Report for more information. - Use the following Renviron settings to reproduce errors and warnings. - If 'R CMD check' started to fail recently on the Linux builder(s) over a missing dependency, add the missing dependency to 'Suggests:' in your DESCRIPTION file. See Renviron.bioc for more information. |
Package: SpliceWiz |
Version: 1.6.0 |
Command: /home/biocbuild/bbs-3.19-bioc/R/bin/R CMD build --keep-empty-dirs --no-resave-data SpliceWiz |
StartedAt: 2024-06-23 19:54:35 -0400 (Sun, 23 Jun 2024) |
EndedAt: 2024-06-23 19:56:58 -0400 (Sun, 23 Jun 2024) |
EllapsedTime: 143.2 seconds |
RetCode: 1 |
Status: ERROR |
PackageFile: None |
PackageFileSize: NA |
############################################################################## ############################################################################## ### ### Running command: ### ### /home/biocbuild/bbs-3.19-bioc/R/bin/R CMD build --keep-empty-dirs --no-resave-data SpliceWiz ### ############################################################################## ############################################################################## * checking for file ‘SpliceWiz/DESCRIPTION’ ... OK * preparing ‘SpliceWiz’: * checking DESCRIPTION meta-information ... OK * cleaning src * running ‘cleanup’ * installing the package to build vignettes * creating vignettes ... ERROR --- re-building ‘SW_Cookbook.Rmd’ using rmarkdown --- finished re-building ‘SW_Cookbook.Rmd’ --- re-building ‘SW_QuickStart.Rmd’ using rmarkdown Quitting from lines 340-347 [unnamed-chunk-16] (SW_QuickStart.Rmd) Error: processing vignette 'SW_QuickStart.Rmd' failed with diagnostics: file is not a database --- failed re-building ‘SW_QuickStart.Rmd’ SUMMARY: processing the following file failed: ‘SW_QuickStart.Rmd’ Error: Vignette re-building failed. Execution halted