Back to Multiple platform build/check report for BioC 3.19: simplified long |
|
This page was generated on 2024-08-06 17:42 -0400 (Tue, 06 Aug 2024).
Hostname | OS | Arch (*) | R version | Installed pkgs |
---|---|---|---|---|
nebbiolo1 | Linux (Ubuntu 22.04.3 LTS) | x86_64 | 4.4.1 (2024-06-14) -- "Race for Your Life" | 4756 |
palomino7 | Windows Server 2022 Datacenter | x64 | 4.4.1 (2024-06-14 ucrt) -- "Race for Your Life" | 4490 |
merida1 | macOS 12.7.5 Monterey | x86_64 | 4.4.1 (2024-06-14) -- "Race for Your Life" | 4519 |
kjohnson1 | macOS 13.6.6 Ventura | arm64 | 4.4.1 (2024-06-14) -- "Race for Your Life" | 4468 |
Click on any hostname to see more info about the system (e.g. compilers) (*) as reported by 'uname -p', except on Windows and Mac OS X |
Package 1120/2300 | Hostname | OS / Arch | INSTALL | BUILD | CHECK | BUILD BIN | ||||||||
lisaClust 1.12.2 (landing page) Ellis Patrick
| nebbiolo1 | Linux (Ubuntu 22.04.3 LTS) / x86_64 | OK | ERROR | skipped | |||||||||
palomino7 | Windows Server 2022 Datacenter / x64 | OK | ERROR | skipped | skipped | |||||||||
merida1 | macOS 12.7.5 Monterey / x86_64 | OK | ERROR | skipped | skipped | |||||||||
kjohnson1 | macOS 13.6.6 Ventura / arm64 | OK | ERROR | skipped | skipped | |||||||||
To the developers/maintainers of the lisaClust package: - Allow up to 24 hours (and sometimes 48 hours) for your latest push to git@git.bioconductor.org:packages/lisaClust.git to reflect on this report. See Troubleshooting Build Report for more information. - Use the following Renviron settings to reproduce errors and warnings. - If 'R CMD check' started to fail recently on the Linux builder(s) over a missing dependency, add the missing dependency to 'Suggests:' in your DESCRIPTION file. See Renviron.bioc for more information. |
Package: lisaClust |
Version: 1.12.2 |
Command: /Library/Frameworks/R.framework/Resources/bin/R CMD build --keep-empty-dirs --no-resave-data lisaClust |
StartedAt: 2024-08-05 02:25:40 -0400 (Mon, 05 Aug 2024) |
EndedAt: 2024-08-05 02:26:15 -0400 (Mon, 05 Aug 2024) |
EllapsedTime: 35.2 seconds |
RetCode: 1 |
Status: ERROR |
PackageFile: None |
PackageFileSize: NA |
############################################################################## ############################################################################## ### ### Running command: ### ### /Library/Frameworks/R.framework/Resources/bin/R CMD build --keep-empty-dirs --no-resave-data lisaClust ### ############################################################################## ############################################################################## * checking for file ‘lisaClust/DESCRIPTION’ ... OK * preparing ‘lisaClust’: * checking DESCRIPTION meta-information ... OK * installing the package to build vignettes * creating vignettes ... ERROR --- re-building ‘lisaClust.Rmd’ using rmarkdown Quitting from lines 48-56 [unnamed-chunk-3] (lisaClust.Rmd) Error: processing vignette 'lisaClust.Rmd' failed with diagnostics: Could not find a root 'DESCRIPTION' file that starts with '^Package' in '/Users/biocbuild/spicyR'. ℹ Are you in your project directory and does your project have a 'DESCRIPTION' file? --- failed re-building ‘lisaClust.Rmd’ SUMMARY: processing the following file failed: ‘lisaClust.Rmd’ Error: Vignette re-building failed. Execution halted