Back to Multiple platform build/check report for BioC 3.19: simplified long |
|
This page was generated on 2024-06-25 17:39 -0400 (Tue, 25 Jun 2024).
Hostname | OS | Arch (*) | R version | Installed pkgs |
---|---|---|---|---|
nebbiolo1 | Linux (Ubuntu 22.04.3 LTS) | x86_64 | 4.4.0 (2024-04-24) -- "Puppy Cup" | 4760 |
palomino3 | Windows Server 2022 Datacenter | x64 | 4.4.0 (2024-04-24 ucrt) -- "Puppy Cup" | 4494 |
merida1 | macOS 12.7.4 Monterey | x86_64 | 4.4.0 (2024-04-24) -- "Puppy Cup" | 4508 |
kjohnson1 | macOS 13.6.6 Ventura | arm64 | 4.4.0 (2024-04-24) -- "Puppy Cup" | 4466 |
Click on any hostname to see more info about the system (e.g. compilers) (*) as reported by 'uname -p', except on Windows and Mac OS X |
Package 1273/2300 | Hostname | OS / Arch | INSTALL | BUILD | CHECK | BUILD BIN | ||||||||
mina 1.12.0 (landing page) Rui Guan
| nebbiolo1 | Linux (Ubuntu 22.04.3 LTS) / x86_64 | OK | OK | WARNINGS | |||||||||
palomino3 | Windows Server 2022 Datacenter / x64 | OK | OK | WARNINGS | OK | |||||||||
merida1 | macOS 12.7.4 Monterey / x86_64 | OK | OK | WARNINGS | OK | |||||||||
kjohnson1 | macOS 13.6.6 Ventura / arm64 | OK | OK | WARNINGS | OK | |||||||||
To the developers/maintainers of the mina package: - Allow up to 24 hours (and sometimes 48 hours) for your latest push to git@git.bioconductor.org:packages/mina.git to reflect on this report. See Troubleshooting Build Report for more information. - Use the following Renviron settings to reproduce errors and warnings. - If 'R CMD check' started to fail recently on the Linux builder(s) over a missing dependency, add the missing dependency to 'Suggests:' in your DESCRIPTION file. See Renviron.bioc for more information. |
Package: mina |
Version: 1.12.0 |
Command: /home/biocbuild/bbs-3.19-bioc/R/bin/R CMD check --install=check:mina.install-out.txt --library=/home/biocbuild/bbs-3.19-bioc/R/site-library --timings mina_1.12.0.tar.gz |
StartedAt: 2024-06-24 01:12:36 -0400 (Mon, 24 Jun 2024) |
EndedAt: 2024-06-24 01:17:08 -0400 (Mon, 24 Jun 2024) |
EllapsedTime: 272.5 seconds |
RetCode: 0 |
Status: WARNINGS |
CheckDir: mina.Rcheck |
Warnings: 1 |
############################################################################## ############################################################################## ### ### Running command: ### ### /home/biocbuild/bbs-3.19-bioc/R/bin/R CMD check --install=check:mina.install-out.txt --library=/home/biocbuild/bbs-3.19-bioc/R/site-library --timings mina_1.12.0.tar.gz ### ############################################################################## ############################################################################## * using log directory ‘/home/biocbuild/bbs-3.19-bioc/meat/mina.Rcheck’ * using R version 4.4.0 (2024-04-24) * using platform: x86_64-pc-linux-gnu * R was compiled by gcc (Ubuntu 11.4.0-1ubuntu1~22.04) 11.4.0 GNU Fortran (Ubuntu 11.4.0-1ubuntu1~22.04) 11.4.0 * running under: Ubuntu 22.04.4 LTS * using session charset: UTF-8 * checking for file ‘mina/DESCRIPTION’ ... OK * this is package ‘mina’ version ‘1.12.0’ * package encoding: UTF-8 * checking package namespace information ... OK * checking package dependencies ... OK * checking if this is a source package ... OK * checking if there is a namespace ... OK * checking for hidden files and directories ... OK * checking for portable file names ... OK * checking for sufficient/correct file permissions ... OK * checking whether package ‘mina’ can be installed ... OK * used C++ compiler: ‘g++ (Ubuntu 11.4.0-1ubuntu1~22.04) 11.4.0’ * checking installed package size ... NOTE installed size is 8.7Mb sub-directories of 1Mb or more: data 7.6Mb * checking package directory ... OK * checking ‘build’ directory ... OK * checking DESCRIPTION meta-information ... OK * checking top-level files ... OK * checking for left-over files ... OK * checking index information ... OK * checking package subdirectories ... OK * checking code files for non-ASCII characters ... OK * checking R files for syntax errors ... OK * checking whether the package can be loaded ... OK * checking whether the package can be loaded with stated dependencies ... OK * checking whether the package can be unloaded cleanly ... OK * checking whether the namespace can be loaded with stated dependencies ... OK * checking whether the namespace can be unloaded cleanly ... OK * checking loading without being on the library search path ... OK * checking dependencies in R code ... OK * checking S3 generic/method consistency ... OK * checking replacement functions ... OK * checking foreign function calls ... OK * checking R code for possible problems ... NOTE sparcc: no visible binding for global variable ‘i’ net_dis_pcoa,character: no visible binding for global variable ‘y’ net_dis_pcoa,character: no visible binding for global variable ‘Group’ net_dis_plot,mina: no visible binding for global variable ‘Group1’ net_dis_plot,mina: no visible binding for global variable ‘Group2’ net_dis_plot,mina: no visible binding for global variable ‘Distance’ net_dis_plot,mina: no visible binding for global variable ‘Sig’ Undefined global functions or variables: Distance Group Group1 Group2 Sig i y * checking Rd files ... NOTE checkRd: (-1) re_format_AP.Rd:10: Lost braces; missing escapes or markup? 10 | \item{x}{an {APResult} object from \pkg{apcluster}.} | ^ * checking Rd metadata ... OK * checking Rd cross-references ... OK * checking for missing documentation entries ... OK * checking for code/documentation mismatches ... OK * checking Rd \usage sections ... OK * checking Rd contents ... OK * checking for unstated dependencies in examples ... OK * checking contents of ‘data’ directory ... OK * checking data for non-ASCII characters ... OK * checking LazyData ... WARNING LazyData DB of 7.6 MB without LazyDataCompression set See §1.1.6 of 'Writing R Extensions' * checking data for ASCII and uncompressed saves ... OK * checking line endings in C/C++/Fortran sources/headers ... OK * checking compiled code ... NOTE Note: information on .o files is not available * checking files in ‘vignettes’ ... OK * checking examples ... OK Examples with CPU (user + system) or elapsed time > 5s user system elapsed net_dis_plot 44.107 3.202 27.877 net_dis-mina 21.615 1.726 14.530 dis_stat_accessor 18.150 2.614 12.153 com_plot-mina 16.378 0.061 1.468 bs_pm-mina 12.768 1.184 6.540 net_cls-mina 9.676 0.063 9.317 net_cls-matrix 6.510 0.056 6.122 net_cls 6.465 0.046 6.099 bs_pm 4.149 0.889 1.824 * checking for unstated dependencies in vignettes ... OK * checking package vignettes ... OK * checking re-building of vignette outputs ... OK * checking PDF version of manual ... OK * DONE Status: 1 WARNING, 4 NOTEs See ‘/home/biocbuild/bbs-3.19-bioc/meat/mina.Rcheck/00check.log’ for details.
mina.Rcheck/00install.out
############################################################################## ############################################################################## ### ### Running command: ### ### /home/biocbuild/bbs-3.19-bioc/R/bin/R CMD INSTALL mina ### ############################################################################## ############################################################################## * installing to library ‘/home/biocbuild/bbs-3.19-bioc/R/site-library’ * installing *source* package ‘mina’ ... ** using staged installation ** libs using C++ compiler: ‘g++ (Ubuntu 11.4.0-1ubuntu1~22.04) 11.4.0’ g++ -std=gnu++17 -I"/home/biocbuild/bbs-3.19-bioc/R/include" -DNDEBUG -I'/home/biocbuild/bbs-3.19-bioc/R/site-library/Rcpp/include' -I'/home/biocbuild/bbs-3.19-bioc/R/site-library/RcppParallel/include' -I'/home/biocbuild/bbs-3.19-bioc/R/site-library/RcppArmadillo/include' -I/usr/local/include -fpic -g -O2 -Wall -c RcppExports.cpp -o RcppExports.o g++ -std=gnu++17 -I"/home/biocbuild/bbs-3.19-bioc/R/include" -DNDEBUG -I'/home/biocbuild/bbs-3.19-bioc/R/site-library/Rcpp/include' -I'/home/biocbuild/bbs-3.19-bioc/R/site-library/RcppParallel/include' -I'/home/biocbuild/bbs-3.19-bioc/R/site-library/RcppArmadillo/include' -I/usr/local/include -fpic -g -O2 -Wall -c cp_cor.cpp -o cp_cor.o g++ -std=gnu++17 -shared -L/home/biocbuild/bbs-3.19-bioc/R/lib -L/usr/local/lib -o mina.so RcppExports.o cp_cor.o -L/home/biocbuild/bbs-3.19-bioc/R/lib -lR installing to /home/biocbuild/bbs-3.19-bioc/R/site-library/00LOCK-mina/00new/mina/libs ** R ** data *** moving datasets to lazyload DB ** byte-compile and prepare package for lazy loading Creating a new generic function for ‘norm’ in package ‘mina’ ** help *** installing help indices ** building package indices ** installing vignettes ** testing if installed package can be loaded from temporary location ** checking absolute paths in shared objects and dynamic libraries ** testing if installed package can be loaded from final location ** testing if installed package keeps a record of temporary installation path * DONE (mina)
mina.Rcheck/mina-Ex.timings
name | user | system | elapsed | |
adj-matrix | 0.657 | 0.132 | 0.334 | |
adj-mina | 1.124 | 0.015 | 0.683 | |
adj | 0.896 | 0.003 | 0.391 | |
adj_method_list | 0.070 | 0.008 | 0.079 | |
bs_pm-mina | 12.768 | 1.184 | 6.540 | |
bs_pm | 4.149 | 0.889 | 1.824 | |
check_mina | 0.065 | 0.013 | 0.078 | |
check_mina_de | 0.055 | 0.016 | 0.072 | |
check_mina_qu | 0.054 | 0.016 | 0.070 | |
cls_tab | 0.064 | 0.008 | 0.071 | |
com_dis-matrix | 0.663 | 0.006 | 0.271 | |
com_dis-mina | 0.418 | 0.002 | 0.058 | |
com_dis | 0.606 | 0.007 | 0.266 | |
com_dis_list | 0.071 | 0.025 | 0.097 | |
com_plot-mina | 16.378 | 0.061 | 1.468 | |
com_plot | 0.146 | 0.020 | 0.140 | |
com_r2-mina | 0.885 | 0.047 | 0.485 | |
com_r2 | 1.263 | 0.015 | 0.846 | |
data-hmp | 0.002 | 0.000 | 0.002 | |
data-maize | 0.001 | 0.000 | 0.001 | |
des_accessor | 0.004 | 0.000 | 0.003 | |
dis_accessor | 0.390 | 0.008 | 0.047 | |
dis_stat_accessor | 18.150 | 2.614 | 12.153 | |
dmr-matrix | 0.714 | 0.007 | 0.344 | |
dmr-mina | 0.681 | 0.006 | 0.333 | |
dmr | 0.627 | 0.054 | 0.332 | |
dmr_accessor | 0.745 | 0.013 | 0.359 | |
fit_tabs-mina | 0.771 | 0.056 | 0.827 | |
fit_tabs | 0.876 | 0.004 | 0.879 | |
get_net_cls_tab-matrix-data.frame-method | 1.489 | 0.071 | 1.083 | |
get_net_cls_tab | 2.095 | 0.167 | 1.255 | |
get_r2-mat | 0.806 | 0.000 | 0.451 | |
get_r2 | 0.813 | 0.009 | 0.455 | |
get_rep-matrix | 0.290 | 0.008 | 0.297 | |
get_rep-mima | 0.730 | 0.008 | 0.738 | |
hmp_des | 0.001 | 0.000 | 0.001 | |
hmp_otu | 0.000 | 0.000 | 0.001 | |
maize_asv | 0.000 | 0.001 | 0.000 | |
maize_asv2 | 0.000 | 0.001 | 0.001 | |
maize_des | 0.000 | 0.001 | 0.001 | |
maize_des2 | 0.001 | 0.000 | 0.000 | |
mina-class | 0.001 | 0.000 | 0.001 | |
net_cls-matrix | 6.510 | 0.056 | 6.122 | |
net_cls-mina | 9.676 | 0.063 | 9.317 | |
net_cls | 6.465 | 0.046 | 6.099 | |
net_cls_tab-mina-method | 1.804 | 0.020 | 1.390 | |
net_cls_tab | 1.611 | 0.011 | 1.083 | |
net_dis-mina | 21.615 | 1.726 | 14.530 | |
net_dis | 3.610 | 0.532 | 1.860 | |
net_dis_indi | 0 | 0 | 0 | |
net_dis_pcoa | 0 | 0 | 0 | |
net_dis_plot | 44.107 | 3.202 | 27.877 | |
net_grp_cmp | 0 | 0 | 0 | |
net_node_cmp | 0 | 0 | 0 | |
norm_accessor | 0.03 | 0.00 | 0.03 | |
norm_tab-matrix | 0.831 | 0.007 | 0.839 | |
norm_tab-mina | 0.762 | 0.000 | 0.762 | |
norm_tab | 0.028 | 0.000 | 0.028 | |
norm_tab_method_list | 0.058 | 0.003 | 0.061 | |
pcoa_plot | 1.477 | 0.002 | 0.761 | |
sim_par | 0.000 | 0.000 | 0.001 | |
sparcc | 0 | 0 | 0 | |
tab_accessor | 0.000 | 0.001 | 0.000 | |
tina-matrix-method | 0 | 0 | 0 | |
tina | 0.000 | 0.000 | 0.001 | |