Back to Multiple platform build/check report for BioC 3.19: simplified long |
|
This page was generated on 2024-07-09 17:43 -0400 (Tue, 09 Jul 2024).
Hostname | OS | Arch (*) | R version | Installed pkgs |
---|---|---|---|---|
nebbiolo1 | Linux (Ubuntu 22.04.3 LTS) | x86_64 | 4.4.1 (2024-06-14) -- "Race for Your Life" | 4709 |
palomino7 | Windows Server 2022 Datacenter | x64 | 4.4.1 (2024-06-14 ucrt) -- "Race for Your Life" | 4483 |
merida1 | macOS 12.7.4 Monterey | x86_64 | 4.4.1 (2024-06-14) -- "Race for Your Life" | 4512 |
kjohnson1 | macOS 13.6.6 Ventura | arm64 | 4.4.1 (2024-06-14) -- "Race for Your Life" | 4461 |
Click on any hostname to see more info about the system (e.g. compilers) (*) as reported by 'uname -p', except on Windows and Mac OS X |
Package 1680/2300 | Hostname | OS / Arch | INSTALL | BUILD | CHECK | BUILD BIN | ||||||||
rawDiag 1.0.0 (landing page) Christian Panse
| nebbiolo1 | Linux (Ubuntu 22.04.3 LTS) / x86_64 | OK | OK | ERROR | |||||||||
palomino7 | Windows Server 2022 Datacenter / x64 | OK | OK | OK | OK | |||||||||
merida1 | macOS 12.7.4 Monterey / x86_64 | OK | OK | OK | OK | |||||||||
kjohnson1 | macOS 13.6.6 Ventura / arm64 | OK | ERROR | skipped | skipped | |||||||||
To the developers/maintainers of the rawDiag package: - Allow up to 24 hours (and sometimes 48 hours) for your latest push to git@git.bioconductor.org:packages/rawDiag.git to reflect on this report. See Troubleshooting Build Report for more information. - Use the following Renviron settings to reproduce errors and warnings. - If 'R CMD check' started to fail recently on the Linux builder(s) over a missing dependency, add the missing dependency to 'Suggests:' in your DESCRIPTION file. See Renviron.bioc for more information. |
Package: rawDiag |
Version: 1.0.0 |
Command: /Library/Frameworks/R.framework/Resources/bin/R CMD build --keep-empty-dirs --no-resave-data rawDiag |
StartedAt: 2024-07-08 06:12:12 -0400 (Mon, 08 Jul 2024) |
EndedAt: 2024-07-08 06:12:46 -0400 (Mon, 08 Jul 2024) |
EllapsedTime: 33.9 seconds |
RetCode: 1 |
Status: ERROR |
PackageFile: None |
PackageFileSize: NA |
############################################################################## ############################################################################## ### ### Running command: ### ### /Library/Frameworks/R.framework/Resources/bin/R CMD build --keep-empty-dirs --no-resave-data rawDiag ### ############################################################################## ############################################################################## * checking for file ‘rawDiag/DESCRIPTION’ ... OK * preparing ‘rawDiag’: * checking DESCRIPTION meta-information ... OK * installing the package to build vignettes * creating vignettes ... ERROR --- re-building ‘rawDiag.Rmd’ using rmarkdown trying URL 'https://github.com/thermofisherlsms/RawFileReader/raw/main/Libs/Net471//ThermoFisher.CommonCore.BackgroundSubtraction.dll' Content type 'application/octet-stream' length 44544 bytes (43 KB) ================================================== downloaded 43 KB trying URL 'https://github.com/thermofisherlsms/RawFileReader/raw/main/Libs/Net471//ThermoFisher.CommonCore.Data.dll' Content type 'application/octet-stream' length 406016 bytes (396 KB) ================================================== downloaded 396 KB trying URL 'https://github.com/thermofisherlsms/RawFileReader/raw/main/Libs/Net471//ThermoFisher.CommonCore.MassPrecisionEstimator.dll' Content type 'application/octet-stream' length 11264 bytes (11 KB) ================================================== downloaded 11 KB trying URL 'https://github.com/thermofisherlsms/RawFileReader/raw/main/Libs/Net471//ThermoFisher.CommonCore.RawFileReader.dll' Content type 'application/octet-stream' length 654336 bytes (639 KB) ================================================== downloaded 639 KB trying URL 'https://github.com/fgcz/rawrr/releases/download/1.9.2/rawrr.1.9.2.exe' Content type 'application/octet-stream' length 28672 bytes (28 KB) ================================================== downloaded 28 KB Cannot open assembly '/Users/biocbuild/Library/Caches/org.R-project.R/R/rawrr/rawrrassembly/rawrr.exe': File does not contain a valid CIL image. Quitting from lines 255-258 [readEH4547OrbitrapTrailerTable] (rawDiag.Rmd) Error: processing vignette 'rawDiag.Rmd' failed with diagnostics: error in evaluating the argument 'x' in selecting a method for function 'Reduce': BiocParallel errors 2 remote errors, element index: 1, 2 0 unevaluated and other errors first remote error: Error in .checkRawFileReaderDLLs(FUN): 'ThermoFisher.CommonCore.*.dll' files are not available on the system. Run 'rawrr::installRawFileReaderDLLs()' or setenv MONO_PATH to the location where the assemblies are located. For more information, type '?ThermoFisher'. --- failed re-building ‘rawDiag.Rmd’ SUMMARY: processing the following file failed: ‘rawDiag.Rmd’ Error: Vignette re-building failed. Execution halted