| Back to Build/check report for BioC 3.13 experimental data |
|
This page was generated on 2021-10-16 15:58:41 -0400 (Sat, 16 Oct 2021).
|
To the developers/maintainers of the methylclockData package: Make sure to use the following settings in order to reproduce any error or warning you see on this page. |
| Package 230/406 | Hostname | OS / Arch | INSTALL | BUILD | CHECK | ||||||||
| methylclockData 1.0.9 (landing page) Dolors Pelegri-Siso
| malbec2 | Linux (Ubuntu 20.04.2 LTS) / x86_64 | OK | OK | WARNINGS | ||||||||
| Package: methylclockData |
| Version: 1.0.9 |
| Command: /home/biocbuild/bbs-3.13-bioc/R/bin/R CMD check --install=check:methylclockData.install-out.txt --library=/home/biocbuild/bbs-3.13-bioc/R/library --no-vignettes --timings methylclockData_1.0.9.tar.gz |
| StartedAt: 2021-10-16 13:31:21 -0400 (Sat, 16 Oct 2021) |
| EndedAt: 2021-10-16 13:35:41 -0400 (Sat, 16 Oct 2021) |
| EllapsedTime: 260.4 seconds |
| RetCode: 0 |
| Status: WARNINGS |
| CheckDir: methylclockData.Rcheck |
| Warnings: 1 |
##############################################################################
##############################################################################
###
### Running command:
###
### /home/biocbuild/bbs-3.13-bioc/R/bin/R CMD check --install=check:methylclockData.install-out.txt --library=/home/biocbuild/bbs-3.13-bioc/R/library --no-vignettes --timings methylclockData_1.0.9.tar.gz
###
##############################################################################
##############################################################################
* using log directory ‘/home/biocbuild/bbs-3.13-data-experiment/meat/methylclockData.Rcheck’
* using R version 4.1.1 (2021-08-10)
* using platform: x86_64-pc-linux-gnu (64-bit)
* using session charset: UTF-8
* using option ‘--no-vignettes’
* checking for file ‘methylclockData/DESCRIPTION’ ... OK
* this is package ‘methylclockData’ version ‘1.0.9’
* package encoding: UTF-8
* checking package namespace information ... OK
* checking package dependencies ... OK
* checking if this is a source package ... OK
* checking if there is a namespace ... OK
* checking for hidden files and directories ... OK
* checking for portable file names ... OK
* checking for sufficient/correct file permissions ... OK
* checking whether package ‘methylclockData’ can be installed ... OK
* checking installed package size ... OK
* checking package directory ... OK
* checking ‘build’ directory ... OK
* checking DESCRIPTION meta-information ... NOTE
Malformed Description field: should contain one or more complete sentences.
* checking top-level files ... OK
* checking for left-over files ... OK
* checking index information ... OK
* checking package subdirectories ... OK
* checking R files for non-ASCII characters ... OK
* checking R files for syntax errors ... OK
* checking whether the package can be loaded ... OK
* checking whether the package can be loaded with stated dependencies ... OK
* checking whether the package can be unloaded cleanly ... OK
* checking whether the namespace can be loaded with stated dependencies ... OK
* checking whether the namespace can be unloaded cleanly ... OK
* checking dependencies in R code ... OK
* checking S3 generic/method consistency ... OK
* checking replacement functions ... OK
* checking foreign function calls ... OK
* checking R code for possible problems ... OK
* checking Rd files ... NOTE
prepare_Rd: references.Rd:40-42: Dropping empty section \details
prepare_Rd: references.Rd:43-45: Dropping empty section \source
prepare_Rd: references.Rd:46-48: Dropping empty section \references
* checking Rd metadata ... OK
* checking Rd cross-references ... OK
* checking for missing documentation entries ... OK
* checking for code/documentation mismatches ... WARNING
Data with usage in documentation object 'references.rda' but not in code:
‘references’
* checking Rd \usage sections ... OK
* checking Rd contents ... OK
* checking for unstated dependencies in examples ... OK
* checking files in ‘vignettes’ ... OK
* checking examples ... OK
Examples with CPU (user + system) or elapsed time > 5s
user system elapsed
get_MethylationDataExample 4.936 0.128 6.305
* checking for unstated dependencies in vignettes ... OK
* checking package vignettes in ‘inst/doc’ ... OK
* checking running R code from vignettes ... SKIPPED
* checking re-building of vignette outputs ... SKIPPED
* checking PDF version of manual ... OK
* DONE
Status: 1 WARNING, 2 NOTEs
See
‘/home/biocbuild/bbs-3.13-data-experiment/meat/methylclockData.Rcheck/00check.log’
for details.
methylclockData.Rcheck/00install.out
############################################################################## ############################################################################## ### ### Running command: ### ### /home/biocbuild/bbs-3.13-bioc/R/bin/R CMD INSTALL methylclockData ### ############################################################################## ############################################################################## * installing to library ‘/home/biocbuild/bbs-3.13-bioc/R/library’ * installing *source* package ‘methylclockData’ ... ** using staged installation ** R ** inst ** byte-compile and prepare package for lazy loading ** help *** installing help indices ** building package indices ** installing vignettes ** testing if installed package can be loaded from temporary location ** testing if installed package can be loaded from final location ** testing if installed package keeps a record of temporary installation path * DONE (methylclockData)
methylclockData.Rcheck/methylclockData-Ex.timings
| name | user | system | elapsed | |
| get_MethylationDataExample | 4.936 | 0.128 | 6.305 | |
| get_TestDataset | 3.965 | 0.028 | 4.697 | |
| get_coefBohlin | 3.323 | 0.016 | 3.896 | |
| get_coefHannum | 3.270 | 0.028 | 3.898 | |
| get_coefHorvath | 3.182 | 0.024 | 3.914 | |
| get_coefKnightGA | 3.098 | 0.028 | 3.687 | |
| get_coefLeeGA | 3.268 | 0.036 | 3.897 | |
| get_coefLevine | 3.350 | 0.060 | 4.061 | |
| get_coefMayneGA | 3.240 | 0.056 | 3.851 | |
| get_coefPedBE | 3.263 | 0.032 | 3.875 | |
| get_coefSkin | 3.175 | 0.024 | 3.796 | |
| get_coefTL | 3.363 | 0.044 | 4.094 | |
| get_coefWu | 3.184 | 0.048 | 3.987 | |
| get_cpgs_bn | 3.179 | 0.028 | 3.902 | |
| get_probeAnnotation21kdatMethUsed | 3.378 | 0.044 | 3.975 | |
| get_references | 3.233 | 0.040 | 3.877 | |
| references | 0.000 | 0.003 | 0.064 | |