Back to Build/check report for BioC 3.23 experimental data
ABCD[E]FGHIJKLMNOPQRSTUVWXYZ

This page was generated on 2025-10-28 15:00 -0400 (Tue, 28 Oct 2025).

HostnameOSArch (*)R versionInstalled pkgs
nebbiolo1Linux (Ubuntu 24.04.3 LTS)x86_64R Under development (unstable) (2025-10-20 r88955) -- "Unsuffered Consequences" 4307
Click on any hostname to see more info about the system (e.g. compilers)      (*) as reported by 'uname -p', except on Windows and Mac OS X

Package 113/430HostnameOS / ArchINSTALLBUILDCHECK
emtdata 1.17.0  (landing page)
Malvika D. Kharbanda
Snapshot Date: 2025-10-28 07:00 -0400 (Tue, 28 Oct 2025)
git_url: https://git.bioconductor.org/packages/emtdata
git_branch: devel
git_last_commit: 6c38e81
git_last_commit_date: 2025-04-15 10:16:44 -0400 (Tue, 15 Apr 2025)
nebbiolo1Linux (Ubuntu 24.04.3 LTS) / x86_64  OK    OK    ERROR  


CHECK results for emtdata on nebbiolo1

To the developers/maintainers of the emtdata package:
- Use the following Renviron settings to reproduce errors and warnings.
- If 'R CMD check' started to fail recently on the Linux builder(s) over a missing dependency, add the missing dependency to 'Suggests:' in your DESCRIPTION file. See Renviron.bioc for more information.

raw results


Summary

Package: emtdata
Version: 1.17.0
Command: /home/biocbuild/bbs-3.23-bioc/R/bin/R CMD check --install=check:emtdata.install-out.txt --library=/home/biocbuild/bbs-3.23-bioc/R/site-library --timings emtdata_1.17.0.tar.gz
StartedAt: 2025-10-28 12:06:27 -0400 (Tue, 28 Oct 2025)
EndedAt: 2025-10-28 12:06:32 -0400 (Tue, 28 Oct 2025)
EllapsedTime: 5.0 seconds
RetCode: 1
Status:   ERROR  
CheckDir: emtdata.Rcheck
Warnings: NA

Command output

##############################################################################
##############################################################################
###
### Running command:
###
###   /home/biocbuild/bbs-3.23-bioc/R/bin/R CMD check --install=check:emtdata.install-out.txt --library=/home/biocbuild/bbs-3.23-bioc/R/site-library --timings emtdata_1.17.0.tar.gz
###
##############################################################################
##############################################################################


* using log directory ‘/home/biocbuild/bbs-3.23-data-experiment/meat/emtdata.Rcheck’
* using R Under development (unstable) (2025-10-20 r88955)
* using platform: x86_64-pc-linux-gnu
* R was compiled by
    gcc (Ubuntu 13.3.0-6ubuntu2~24.04) 13.3.0
    GNU Fortran (Ubuntu 13.3.0-6ubuntu2~24.04) 13.3.0
* running under: Ubuntu 24.04.3 LTS
* using session charset: UTF-8
* checking for file ‘emtdata/DESCRIPTION’ ... OK
* this is package ‘emtdata’ version ‘1.17.0’
* package encoding: UTF-8
* checking package namespace information ... OK
* checking package dependencies ... ERROR
Package suggested but not available: ‘Homo.sapiens’

The suggested packages are required for a complete check.
Checking can be attempted without them by setting the environment
variable _R_CHECK_FORCE_SUGGESTS_ to a false value.

See section ‘The DESCRIPTION file’ in the ‘Writing R Extensions’
manual.
* DONE

Status: 1 ERROR
See
  ‘/home/biocbuild/bbs-3.23-data-experiment/meat/emtdata.Rcheck/00check.log’
for details.


Installation output


Tests output


Example timings